{"id":975,"date":"2013-08-19T01:59:16","date_gmt":"2013-08-18T23:59:16","guid":{"rendered":"http:\/\/www.literaturtelefon-online.de\/?page_id=975"},"modified":"2021-03-15T12:24:17","modified_gmt":"2021-03-15T10:24:17","slug":"hinnerk-koehn","status":"publish","type":"page","link":"http:\/\/www.literaturtelefon-online.de\/?page_id=975","title":{"rendered":"Hinnerk K\u00f6hn"},"content":{"rendered":"<div style=\"text-align: justify;\">\n<p>Am Literaturtelefon unter 0431\/901-1156 und www.literaturtelefon-online.de liest Hinnerk K\u00f6hn seinen Text \u201eJeden Tag eine gute Tat\u201c, mit dem er am 8.8.2013 in der Kieler Pumpe (wo die Aufnahme entstand) die Kieler Poetry-Slam-U20-Stadtmeisterschaft f\u00fcr sich entschied.<\/p>\n<p><!--[if lt IE 9]><script>document.createElement('audio');<\/script><![endif]-->\n<audio class=\"wp-audio-shortcode\" id=\"audio-975-1\" preload=\"none\" style=\"width: 100%;\" controls=\"controls\"><source type=\"audio\/mpeg\" src=\"http:\/\/www.literaturtelefon-online.de\/wp-content\/uploads\/2021\/03\/Jeden_Tag_eine_gute_Tat-Hinnerk_Koehn-02.mp3?_=1\" \/><a href=\"http:\/\/www.literaturtelefon-online.de\/wp-content\/uploads\/2021\/03\/Jeden_Tag_eine_gute_Tat-Hinnerk_Koehn-02.mp3\">http:\/\/www.literaturtelefon-online.de\/wp-content\/uploads\/2021\/03\/Jeden_Tag_eine_gute_Tat-Hinnerk_Koehn-02.mp3<\/a><\/audio><br \/>\n<br \/>\n<img loading=\"lazy\" decoding=\"async\" class=\"alignright size-full wp-image-3983\" style=\"margin-left: 40px;\" src=\"http:\/\/www.literaturtelefon-online.de\/wp-content\/uploads\/2021\/03\/hinnerk_koehn.jpg\" alt=\"\" width=\"200\" height=\"279\" \/>Hinnerk K\u00f6hn wurde am 4.12.1993 geboren. Im Sommer 2013 legte er an der Jungmannschule in Eckernf\u00f6rde sein Abitur ab. Seit zwei Jahren tigert er auf norddeutschen Poetry-Slam-B\u00fchnen herum. Sein Humor wird meist als dreckig beschrieben, er selbst findet ihn allerdings noch annehmbar.<\/p>\n<p>In seiner Freizeit schm\u00f6kt er gern mal eine oder f\u00fchrt tiefsinnige Gespr\u00e4che \u00fcber Filme, Literatur und Musik. Selbst ist er Musiker in der Funk-Hip-Hop Gruppe \u201eFonks\u201c, wo er als Sprechgesangsk\u00fcnstler agiert, da er leider kein Instrument beherrscht. Er bevorzugt Romane von Hunter S. Thompson, laute Festivals und eine leckere Kanne Kaffee.<\/p>\n<p>Foto: Marc Huth<\/p>\n<p>Autor <a href=\"https:\/\/www.facebook.com\/hinnerk.kohn\" target=\"_blank\" rel=\"noopener\">bei Facebook<\/a><br \/>\nAutor <a href=\"http:\/\/www.eckkult.de\/junge-talente-kategorie\/hinnerk-kohn\/\" target=\"_blank\" rel=\"noopener\">bei Kulturmonographie Eckernf\u00f6rde<\/a><\/p>\n<p>literaturtelefon-online.de | Telefon: 0431\/901-1156<\/p>\n<\/div>\n","protected":false},"excerpt":{"rendered":"<p>Am Literaturtelefon unter 0431\/901-1156 und www.literaturtelefon-online.de liest Hinnerk K\u00f6hn seinen Text \u201eJeden Tag eine gute Tat\u201c, mit dem er am 8.8.2013 in der Kieler Pumpe (wo die Aufnahme entstand) die Kieler Poetry-Slam-U20-Stadtmeisterschaft f\u00fcr sich entschied. Hinnerk K\u00f6hn wurde am 4.12.1993 geboren. Im Sommer 2013 legte er an der Jungmannschule in Eckernf\u00f6rde sein Abitur ab. Seit [&hellip;]<\/p>\n","protected":false},"author":6,"featured_media":0,"parent":997,"menu_order":1,"comment_status":"open","ping_status":"open","template":"","meta":{"footnotes":""},"class_list":["post-975","page","type-page","status-publish","hentry"],"_links":{"self":[{"href":"http:\/\/www.literaturtelefon-online.de\/index.php?rest_route=\/wp\/v2\/pages\/975","targetHints":{"allow":["GET"]}}],"collection":[{"href":"http:\/\/www.literaturtelefon-online.de\/index.php?rest_route=\/wp\/v2\/pages"}],"about":[{"href":"http:\/\/www.literaturtelefon-online.de\/index.php?rest_route=\/wp\/v2\/types\/page"}],"author":[{"embeddable":true,"href":"http:\/\/www.literaturtelefon-online.de\/index.php?rest_route=\/wp\/v2\/users\/6"}],"replies":[{"embeddable":true,"href":"http:\/\/www.literaturtelefon-online.de\/index.php?rest_route=%2Fwp%2Fv2%2Fcomments&post=975"}],"version-history":[{"count":8,"href":"http:\/\/www.literaturtelefon-online.de\/index.php?rest_route=\/wp\/v2\/pages\/975\/revisions"}],"predecessor-version":[{"id":3986,"href":"http:\/\/www.literaturtelefon-online.de\/index.php?rest_route=\/wp\/v2\/pages\/975\/revisions\/3986"}],"up":[{"embeddable":true,"href":"http:\/\/www.literaturtelefon-online.de\/index.php?rest_route=\/wp\/v2\/pages\/997"}],"wp:attachment":[{"href":"http:\/\/www.literaturtelefon-online.de\/index.php?rest_route=%2Fwp%2Fv2%2Fmedia&parent=975"}],"curies":[{"name":"wp","href":"https:\/\/api.w.org\/{rel}","templated":true}]}}