{"id":878,"date":"2013-04-23T02:26:10","date_gmt":"2013-04-23T00:26:10","guid":{"rendered":"http:\/\/www.literaturtelefon-online.de\/?page_id=878"},"modified":"2017-12-05T01:35:43","modified_gmt":"2017-12-04T23:35:43","slug":"sylvia-geist","status":"publish","type":"page","link":"http:\/\/www.literaturtelefon-online.de\/?page_id=878","title":{"rendered":"Sylvia Geist"},"content":{"rendered":"<div style=\"text-align: justify;\">\n<p>Am Literaturtelefon unter 0431\/901-1156 und www.literaturtelefon-online.de liest Sylvia Geist unver\u00f6ffentlichte Gedichte. Die Aufnahme entstand im Rahmen der Lesung anl\u00e4sslich des Welttags der Poesie am 21.3.2013 im Literaturhaus S.-H.<\/p>\n<p><iframe loading=\"lazy\" title=\"Sylvia Geist  Gedichte\" width=\"500\" height=\"375\" src=\"https:\/\/www.youtube.com\/embed\/NjPEoatQ2OQ?feature=oembed\" frameborder=\"0\" allow=\"accelerometer; autoplay; clipboard-write; encrypted-media; gyroscope; picture-in-picture; web-share\" referrerpolicy=\"strict-origin-when-cross-origin\" allowfullscreen><\/iframe><\/p>\n<p>Sylvia Geist wurde 1963 in Berlin geboren. Sie studierte Chemie, Germanistik und Kunstgeschichte an der TU Berlin. Von 1992 an war sie als Redakteurin, Verlagsmitarbeiterin und Herausgeberin t\u00e4tig, leitete verschiedene Veranstaltungsreihen an der Fachhochschule Hannover und gestaltete weitere literarische und interdisziplin\u00e4re Projekte.<\/p>\n<p>Sie ver\u00f6ffentlicht Lyrik, erz\u00e4hlende Prosa, Aufs\u00e4tze und Kritiken, hat Anthologien zu mittelosteurop\u00e4ischen Literaturen herausgegeben und \u00fcbersetzt aus dem Englischen. Gedichte und Kurzprosa von ihr wurden ins Englische, Franz\u00f6sische, Polnische, Slowakische, Bulgarische, Wei\u00dfrussische und Arabische \u00fcbertragen.<\/p>\n<p><img loading=\"lazy\" decoding=\"async\" style=\"margin-left:40px;\" src=\"http:\/\/www.literaturtelefon-online.de\/wp-content\/uploads\/2013\/04\/sylvia_geist.jpg\" alt=\"sylvia geist\" width=\"140\" height=\"210\" class=\"alignright size-full wp-image-885\" \/><\/p>\n<p>Sie ist Mitglied des literarischen Internetforums <a href=\"http:\/\/www.der-goldene-fisch.de\" target=\"_blank\">www.der-goldene-fisch.de<\/a>.<\/p>\n<p>F\u00fcr ihre Arbeit erhielt sie verschiedenene Auszeichnungen, darunter den Literaturf\u00f6rderpreis des Landes Niedersachsen (1998), den Lyrikpreis Meran (2002), ein Stipendium des K\u00fcnstlerhauses Edenkoben (2006), das Jahresstipendium des Landes Niedersachsen (2006), die Adolf-Mejstrik-Ehrengabe der Deutschen Schillerstiftung (2008) und ein Aufenthaltsstipendium der Sylt-Quelle (2010).<\/p>\n<p>Foto: Kai Geist<\/p>\n<p>Autorin: <a href=\"http:\/\/www.sylviageist.de\" title=\"Sylvia Geist\" target=\"_blank\">www.sylviageist.de<\/a><\/p>\n<p>literaturtelefon-online.de | Telefon: 0431\/901-1156\n<\/p><\/div>\n","protected":false},"excerpt":{"rendered":"<p>Am Literaturtelefon unter 0431\/901-1156 und www.literaturtelefon-online.de liest Sylvia Geist unver\u00f6ffentlichte Gedichte. Die Aufnahme entstand im Rahmen der Lesung anl\u00e4sslich des Welttags der Poesie am 21.3.2013 im Literaturhaus S.-H. Sylvia Geist wurde 1963 in Berlin geboren. Sie studierte Chemie, Germanistik und Kunstgeschichte an der TU Berlin. Von 1992 an war sie als Redakteurin, Verlagsmitarbeiterin und Herausgeberin [&hellip;]<\/p>\n","protected":false},"author":6,"featured_media":0,"parent":926,"menu_order":2,"comment_status":"open","ping_status":"open","template":"","meta":{"footnotes":""},"class_list":["post-878","page","type-page","status-publish","hentry"],"_links":{"self":[{"href":"http:\/\/www.literaturtelefon-online.de\/index.php?rest_route=\/wp\/v2\/pages\/878","targetHints":{"allow":["GET"]}}],"collection":[{"href":"http:\/\/www.literaturtelefon-online.de\/index.php?rest_route=\/wp\/v2\/pages"}],"about":[{"href":"http:\/\/www.literaturtelefon-online.de\/index.php?rest_route=\/wp\/v2\/types\/page"}],"author":[{"embeddable":true,"href":"http:\/\/www.literaturtelefon-online.de\/index.php?rest_route=\/wp\/v2\/users\/6"}],"replies":[{"embeddable":true,"href":"http:\/\/www.literaturtelefon-online.de\/index.php?rest_route=%2Fwp%2Fv2%2Fcomments&post=878"}],"version-history":[{"count":11,"href":"http:\/\/www.literaturtelefon-online.de\/index.php?rest_route=\/wp\/v2\/pages\/878\/revisions"}],"predecessor-version":[{"id":2649,"href":"http:\/\/www.literaturtelefon-online.de\/index.php?rest_route=\/wp\/v2\/pages\/878\/revisions\/2649"}],"up":[{"embeddable":true,"href":"http:\/\/www.literaturtelefon-online.de\/index.php?rest_route=\/wp\/v2\/pages\/926"}],"wp:attachment":[{"href":"http:\/\/www.literaturtelefon-online.de\/index.php?rest_route=%2Fwp%2Fv2%2Fmedia&parent=878"}],"curies":[{"name":"wp","href":"https:\/\/api.w.org\/{rel}","templated":true}]}}