{"id":676,"date":"2013-01-30T00:46:00","date_gmt":"2013-01-29T22:46:00","guid":{"rendered":"http:\/\/www.literaturtelefon-online.de\/?page_id=676"},"modified":"2017-12-05T01:28:58","modified_gmt":"2017-12-04T23:28:58","slug":"rabea-edel","status":"publish","type":"page","link":"http:\/\/www.literaturtelefon-online.de\/?page_id=676","title":{"rendered":"Rabea Edel"},"content":{"rendered":"<div style=\"text-align: justify;\">\n<p>Am Literaturtelefon unter 0431\/901-1156 und www.literaturtelefon-online.de liest Rabea Edel aus ihrem im Luchterhand Verlag erschienenen Roman \u201eEin dunkler Moment\u201c. Die Aufnahme entstand am 12.12.2012 bei der LeseLounge im Literaturhaus Schleswig-Holstein.<\/p>\n<p><iframe loading=\"lazy\" title=\"Rabea Edel - &quot;Ein dunkler Moment&quot;\" width=\"500\" height=\"375\" src=\"https:\/\/www.youtube.com\/embed\/yTaggTlNt3k?feature=oembed\" frameborder=\"0\" allow=\"accelerometer; autoplay; clipboard-write; encrypted-media; gyroscope; picture-in-picture; web-share\" referrerpolicy=\"strict-origin-when-cross-origin\" allowfullscreen><\/iframe><\/p>\n<p>Rabea Edel, geb. 1982, studierte Italianistik und Literaturwissenschaften in Berlin und Siena. Sie lebt als freie Autorin in Berlin. F\u00fcr ihr Schreiben erhielt sie verschiedene Preise und Stipendien, u.a. war sie Preistr\u00e4gerin des 12. Open Mike (2004) und Stipendiatin der J\u00fcrgen-Ponto-Stiftung (2005). Ihr Roman \u201eDas Wasser, in dem wir schlafen\u201c, mit dem sie im selben Jahr auch beim Europ\u00e4ischen Festival des Deb\u00fctromans im Literaturhaus Schleswig-Holstein zu Gast war, wurde von der Kritik begeistert aufgenommen und vielfach ausgezeichnet, u.a. nach Vorschlag von Hertha M\u00fcller mit dem Kunstpreis Literatur Berlin-Brandenburg (2006), sowie dem Nicolas-Born-F\u00f6rderpreis (2007). 2009 war Rabea Edel Stipendiatin der Bundesregierung\/Deutschen Akademie Rom in der Casa Baldi.<\/p>\n<p><img loading=\"lazy\" decoding=\"async\" style=\"margin-left:40px;\" src=\"http:\/\/www.literaturtelefon-online.de\/wp-content\/uploads\/2013\/01\/rabea_edel.jpg\" alt=\"Rabea Edel\" title=\"Rabea Edel\" width=\"140\" height=\"172\" class=\"alignright size-full wp-image-539\" \/><\/p>\n<p>Ihr aktueller Roman \u201eEin dunkler Moment\u201c beschreibt die spannende Geschichte eines Mordes und seiner grausigen Konsequenzen. Die junge Amerikanerin Amanda muss miterleben, wie ihre Eltern in einer Kleinstadt grausam ermordet werden. Genau 11 Jahre sp\u00e4ter ereignet sich in Rom ein weiterer Mord. Ein anderer Ort, eine andere Zeit \u2013 doch die beiden Morde scheinen auf mysteri\u00f6se Weise miteinander verbunden zu sein.<\/p>\n<p>Autorin: <a href=\"http:\/\/www.rabeaedel.com\/\" title=\"Rabea Edel Literaturtelefon\" target=\"_blank\">www.rabeaedel.com<\/a><br \/>\nVerlag: <a href=\"http:\/\/bit.ly\/WVT2IX\" title=\"Rabea Edel Literaturtelefon\" target=\"_blank\">http:\/\/bit.ly\/WVT2IX<\/a><\/p>\n<p>literaturtelefon-online.de | Telefon: 0431\/901-1156\n<\/p><\/div>\n","protected":false},"excerpt":{"rendered":"<p>Am Literaturtelefon unter 0431\/901-1156 und www.literaturtelefon-online.de liest Rabea Edel aus ihrem im Luchterhand Verlag erschienenen Roman \u201eEin dunkler Moment\u201c. Die Aufnahme entstand am 12.12.2012 bei der LeseLounge im Literaturhaus Schleswig-Holstein. Rabea Edel, geb. 1982, studierte Italianistik und Literaturwissenschaften in Berlin und Siena. Sie lebt als freie Autorin in Berlin. F\u00fcr ihr Schreiben erhielt sie verschiedene [&hellip;]<\/p>\n","protected":false},"author":6,"featured_media":0,"parent":530,"menu_order":2,"comment_status":"open","ping_status":"open","template":"","meta":{"footnotes":""},"class_list":["post-676","page","type-page","status-publish","hentry"],"_links":{"self":[{"href":"http:\/\/www.literaturtelefon-online.de\/index.php?rest_route=\/wp\/v2\/pages\/676","targetHints":{"allow":["GET"]}}],"collection":[{"href":"http:\/\/www.literaturtelefon-online.de\/index.php?rest_route=\/wp\/v2\/pages"}],"about":[{"href":"http:\/\/www.literaturtelefon-online.de\/index.php?rest_route=\/wp\/v2\/types\/page"}],"author":[{"embeddable":true,"href":"http:\/\/www.literaturtelefon-online.de\/index.php?rest_route=\/wp\/v2\/users\/6"}],"replies":[{"embeddable":true,"href":"http:\/\/www.literaturtelefon-online.de\/index.php?rest_route=%2Fwp%2Fv2%2Fcomments&post=676"}],"version-history":[{"count":7,"href":"http:\/\/www.literaturtelefon-online.de\/index.php?rest_route=\/wp\/v2\/pages\/676\/revisions"}],"predecessor-version":[{"id":2643,"href":"http:\/\/www.literaturtelefon-online.de\/index.php?rest_route=\/wp\/v2\/pages\/676\/revisions\/2643"}],"up":[{"embeddable":true,"href":"http:\/\/www.literaturtelefon-online.de\/index.php?rest_route=\/wp\/v2\/pages\/530"}],"wp:attachment":[{"href":"http:\/\/www.literaturtelefon-online.de\/index.php?rest_route=%2Fwp%2Fv2%2Fmedia&parent=676"}],"curies":[{"name":"wp","href":"https:\/\/api.w.org\/{rel}","templated":true}]}}