{"id":535,"date":"2013-01-28T04:09:47","date_gmt":"2013-01-28T02:09:47","guid":{"rendered":"http:\/\/www.literaturtelefon-online.de\/?page_id=535"},"modified":"2017-11-24T22:25:59","modified_gmt":"2017-11-24T20:25:59","slug":"mirko-bonne","status":"publish","type":"page","link":"http:\/\/www.literaturtelefon-online.de\/?page_id=535","title":{"rendered":"Mirko Bonn\u00e9"},"content":{"rendered":"<div style=\"text-align: justify;\">\nAm Literaturtelefon unter Tel. 0431\/901-1156 und im Internet unter www.literaturtelefon-online.de liest Mirko Bonn\u00e9 aus seinem 2012 bei Sch\u00f6ffling &#038; Co., Frankfurt a.M. erschienenen Gedichtband \u201eTraklpark\u201c. Die Aufnahme entstand anl\u00e4sslich der Veranstaltung \u201eLyrik im Gespr\u00e4ch\u201c am 20.11.2012 im Literaturhaus Schleswig-Holstein, wo Arne Rautenberg und Mirko Bonn\u00e9 ihre neuesten Lyrikb\u00e4nde vorstellten.<\/p>\n<p><iframe loading=\"lazy\" title=\"Mirko Bonne\u0301 - &quot;Traklpark&quot;\" width=\"500\" height=\"375\" src=\"https:\/\/www.youtube.com\/embed\/Cd32Jqh4XmE?feature=oembed\" frameborder=\"0\" allow=\"accelerometer; autoplay; clipboard-write; encrypted-media; gyroscope; picture-in-picture; web-share\" referrerpolicy=\"strict-origin-when-cross-origin\" allowfullscreen><\/iframe><\/p>\n<p>Der 1965 geborene und in Hamburg lebende Mirko Bonn\u00e9 kann auf ein bewegtes Leben zur\u00fcckblicken. Er arbeitete vor seiner Karriere als Schriftsteller und literarischer \u00dcbersetzer unter anderem als Buchhandelsgehilfe, Altenpflegehelfer und Taxifahrer. Auslandsreisen u.a. nach Lateinamerika, China, in die USA, den Iran oder auch die Antarktis fanden Eingang in seine Romane (zuletzt \u201eWie wir verschwinden\u201c \u2013 am Literaturtelefon im M\u00e4rz 2010) und Essays (\u201eAusflug mit dem Zerberus\u201c). Er wurde u.a. mit dem Wolfgang Weyrauch-Preis, dem Prix Relay du Roman d\u2019Evasion und dem Ernst Meister-F\u00f6rderpreis ausgezeichnet.<\/p>\n<p><img loading=\"lazy\" decoding=\"async\" style=\"margin-left:40px;\" src=\"http:\/\/www.literaturtelefon-online.de\/wp-content\/uploads\/2012\/12\/mirko_bonne.jpg\" alt=\"Mirko Bonne\" title=\"Mirko Bonne\" width=\"140\" height=\"198\" class=\"alignright size-full wp-image-445\" \/><\/p>\n<p>In seinem neuen, f\u00fcnften Gedichtband \u201eTraklpark\u201c fasst Mirko Bonn\u00e9 die Stationen seiner Biografie auf philosophische Weise in Szenen, Fragen und Bilder und l\u00e4dt den Leser ein zu einem Dialog \u00fcber Liebe, Tod, Einsamkeit und das Bed\u00fcrfnis nach zwischenmenschlicher N\u00e4he.<\/p>\n<p>Autor:  <a href=\"http:\/\/mirko-bonne.de\/\" target=\"_blank\">www.mirko-bonne.de<\/a><br \/>\nVerlag:  <a href=\"https:\/\/www.schoeffling.de\/buecher\/mirko-bonn\u00e9\/traklpark\" target=\"_blank\">http:\/\/bit.ly\/RB3Z55<\/a><\/p>\n<p>Foto: Sabine Bonn\u00e9<\/p>\n<p>literaturtelefon-online.de | Telefon: 0431\/901-1156\n<\/p><\/div>\n","protected":false},"excerpt":{"rendered":"<p>Am Literaturtelefon unter Tel. 0431\/901-1156 und im Internet unter www.literaturtelefon-online.de liest Mirko Bonn\u00e9 aus seinem 2012 bei Sch\u00f6ffling &#038; Co., Frankfurt a.M. erschienenen Gedichtband \u201eTraklpark\u201c. Die Aufnahme entstand anl\u00e4sslich der Veranstaltung \u201eLyrik im Gespr\u00e4ch\u201c am 20.11.2012 im Literaturhaus Schleswig-Holstein, wo Arne Rautenberg und Mirko Bonn\u00e9 ihre neuesten Lyrikb\u00e4nde vorstellten. Der 1965 geborene und in Hamburg [&hellip;]<\/p>\n","protected":false},"author":6,"featured_media":0,"parent":194,"menu_order":3,"comment_status":"open","ping_status":"open","template":"","meta":{"footnotes":""},"class_list":["post-535","page","type-page","status-publish","hentry"],"_links":{"self":[{"href":"http:\/\/www.literaturtelefon-online.de\/index.php?rest_route=\/wp\/v2\/pages\/535","targetHints":{"allow":["GET"]}}],"collection":[{"href":"http:\/\/www.literaturtelefon-online.de\/index.php?rest_route=\/wp\/v2\/pages"}],"about":[{"href":"http:\/\/www.literaturtelefon-online.de\/index.php?rest_route=\/wp\/v2\/types\/page"}],"author":[{"embeddable":true,"href":"http:\/\/www.literaturtelefon-online.de\/index.php?rest_route=\/wp\/v2\/users\/6"}],"replies":[{"embeddable":true,"href":"http:\/\/www.literaturtelefon-online.de\/index.php?rest_route=%2Fwp%2Fv2%2Fcomments&post=535"}],"version-history":[{"count":7,"href":"http:\/\/www.literaturtelefon-online.de\/index.php?rest_route=\/wp\/v2\/pages\/535\/revisions"}],"predecessor-version":[{"id":2598,"href":"http:\/\/www.literaturtelefon-online.de\/index.php?rest_route=\/wp\/v2\/pages\/535\/revisions\/2598"}],"up":[{"embeddable":true,"href":"http:\/\/www.literaturtelefon-online.de\/index.php?rest_route=\/wp\/v2\/pages\/194"}],"wp:attachment":[{"href":"http:\/\/www.literaturtelefon-online.de\/index.php?rest_route=%2Fwp%2Fv2%2Fmedia&parent=535"}],"curies":[{"name":"wp","href":"https:\/\/api.w.org\/{rel}","templated":true}]}}