{"id":526,"date":"2013-01-28T04:05:07","date_gmt":"2013-01-28T02:05:07","guid":{"rendered":"http:\/\/www.literaturtelefon-online.de\/?page_id=526"},"modified":"2017-12-05T01:27:33","modified_gmt":"2017-12-04T23:27:33","slug":"radka-denemarkova","status":"publish","type":"page","link":"http:\/\/www.literaturtelefon-online.de\/?page_id=526","title":{"rendered":"Radka Denemarkova"},"content":{"rendered":"<div style=\"text-align: justify;\">\n<p>Am Literaturtelefon unter Tel. 0431\/901-1156 und im Internet unter www.literaturtelefon-online.de liest Radka Denemarkov\u00e1 den Anfang ihres 2009 in der deutschen \u00dcbersetzung von Eva Profousov\u00e1 bei der DVA erschienenen Romans \u201eEin herrlicher Flecken Erde\u201c. Die Aufnahme entstand anl\u00e4sslich ihrer Lesung am 6.12.2012 im Literaturhaus Schleswig-Holstein.<\/p>\n<p><iframe loading=\"lazy\" title=\"Radka Denemarkova\u0301 - &quot;Ein herrlicher Flecken Erde&quot;\" width=\"500\" height=\"375\" src=\"https:\/\/www.youtube.com\/embed\/O8KaINImN9I?feature=oembed\" frameborder=\"0\" allow=\"accelerometer; autoplay; clipboard-write; encrypted-media; gyroscope; picture-in-picture; web-share\" referrerpolicy=\"strict-origin-when-cross-origin\" allowfullscreen><\/iframe><\/p>\n<p>Gita muss in ihrem Leben durch mehrere H\u00f6llen gehen: von den Nazis als J\u00fcdin gequ\u00e4lt, von den Tschechen als Kollaborateurin vertrieben, schlie\u00dflich von den ehemaligen Nachbarn als habgierige Alte abgestempelt, als sie den Familienbesitz zur\u00fcckfordert. Doch trotz aller k\u00f6rperlicher und emotionaler Wunden f\u00fchrt Gita den Kampf gegen Unrecht und f\u00fcr Verst\u00e4ndigung weiter. Ebenso kompromisslos wie ergreifend schildert dieser mit dem Georg Dehio Buchpreis 2012, dem tschechischen \u201eMagnesia Litera\u201c (2007) und dem Preis der Usedomer Literaturtage (2011) ausgezeichnete Roman die menschliche Seite der unmenschlichen Geschichte. Mutig, mit sehr plastischen, unter die Haut gehenden Bildern und mit enormer Sprachmacht wagt der Roman einen Blick auf die verdr\u00e4ngte deutsch-tschechische Nachkriegsgeschichte und hat damit in Tschechien eine breite politische Diskussion angesto\u00dfen.<\/p>\n<p><img loading=\"lazy\" decoding=\"async\" style=\"margin-left:40px;\" src=\"http:\/\/www.literaturtelefon-online.de\/wp-content\/uploads\/2013\/01\/radka_denemarkova.jpg\" alt=\"Radka Denemarkova\" title=\"Radka Denemarkova\" width=\"140\" height=\"169\" class=\"alignright size-full wp-image-527\" \/><\/p>\n<p>Radka Denemarkov\u00e1, geboren 1968, studierte Germanistik und Bohemistik in Prag, wo sie 1997 promovierte. Sie unterrichtet am Institut f\u00fcr tschechische Literatur in Prag, \u00fcbersetzt aus dem Deutschen (u.a. Bertolt Brecht und Franz Xaver Kroetz) und arbeitet als freie Journalistin. 2005 war sie beim Europ\u00e4ischen Festival des Deb\u00fctromans in Kiel zu Gast.<\/p>\n<p>Foto: Milan Malicek<\/p>\n<p>Autorin: <a href=\"http:\/\/www.denemarkova.cz\/\" target=\"_blank\">www.denemarkova.cz<\/a><br \/>\nVerlag: <a href=\"http:\/\/bit.ly\/WzYdyu\" target=\"_blank\">http:\/\/bit.ly\/WzYdyu<\/a><\/p>\n<p>literaturtelefon-online.de | Telefon: 0431\/901-1156\n<\/p><\/div>\n","protected":false},"excerpt":{"rendered":"<p>Am Literaturtelefon unter Tel. 0431\/901-1156 und im Internet unter www.literaturtelefon-online.de liest Radka Denemarkov\u00e1 den Anfang ihres 2009 in der deutschen \u00dcbersetzung von Eva Profousov\u00e1 bei der DVA erschienenen Romans \u201eEin herrlicher Flecken Erde\u201c. Die Aufnahme entstand anl\u00e4sslich ihrer Lesung am 6.12.2012 im Literaturhaus Schleswig-Holstein. Gita muss in ihrem Leben durch mehrere H\u00f6llen gehen: von den [&hellip;]<\/p>\n","protected":false},"author":6,"featured_media":0,"parent":196,"menu_order":2,"comment_status":"open","ping_status":"open","template":"","meta":{"footnotes":""},"class_list":["post-526","page","type-page","status-publish","hentry"],"_links":{"self":[{"href":"http:\/\/www.literaturtelefon-online.de\/index.php?rest_route=\/wp\/v2\/pages\/526","targetHints":{"allow":["GET"]}}],"collection":[{"href":"http:\/\/www.literaturtelefon-online.de\/index.php?rest_route=\/wp\/v2\/pages"}],"about":[{"href":"http:\/\/www.literaturtelefon-online.de\/index.php?rest_route=\/wp\/v2\/types\/page"}],"author":[{"embeddable":true,"href":"http:\/\/www.literaturtelefon-online.de\/index.php?rest_route=\/wp\/v2\/users\/6"}],"replies":[{"embeddable":true,"href":"http:\/\/www.literaturtelefon-online.de\/index.php?rest_route=%2Fwp%2Fv2%2Fcomments&post=526"}],"version-history":[{"count":6,"href":"http:\/\/www.literaturtelefon-online.de\/index.php?rest_route=\/wp\/v2\/pages\/526\/revisions"}],"predecessor-version":[{"id":2640,"href":"http:\/\/www.literaturtelefon-online.de\/index.php?rest_route=\/wp\/v2\/pages\/526\/revisions\/2640"}],"up":[{"embeddable":true,"href":"http:\/\/www.literaturtelefon-online.de\/index.php?rest_route=\/wp\/v2\/pages\/196"}],"wp:attachment":[{"href":"http:\/\/www.literaturtelefon-online.de\/index.php?rest_route=%2Fwp%2Fv2%2Fmedia&parent=526"}],"curies":[{"name":"wp","href":"https:\/\/api.w.org\/{rel}","templated":true}]}}