{"id":5183,"date":"2024-07-01T19:29:45","date_gmt":"2024-07-01T17:29:45","guid":{"rendered":"http:\/\/www.literaturtelefon-online.de\/?page_id=5183"},"modified":"2024-07-28T20:09:59","modified_gmt":"2024-07-28T18:09:59","slug":"louise-brown","status":"publish","type":"page","link":"http:\/\/www.literaturtelefon-online.de\/?page_id=5183","title":{"rendered":"Louise Brown"},"content":{"rendered":"<div style=\"text-align: justify;\">\n<p>Am Literaturtelefon unter der Rufnummer 0431\/901-8888 und auf www.literaturtelefon-online.de liest die Hamburger Autorin Louise Brown vom 29.7. bis 11.8.2024 aus ihrem 2021 im Diogenes Verlag Z\u00fcrich erschienenen Buch <em>\u201eWas bleibt, wenn wir sterben \u2013 Erfahrungen einer Trauerrednerin\u201c<\/em>.<\/p>\n<p><!--[if lt IE 9]><script>document.createElement('audio');<\/script><![endif]-->\n<audio class=\"wp-audio-shortcode\" id=\"audio-5183-1\" preload=\"none\" style=\"width: 100%;\" controls=\"controls\"><source type=\"audio\/mpeg\" src=\"http:\/\/www.literaturtelefon-online.de\/wp-content\/uploads\/2024\/07\/louise_brown_was_bleibt.mp3?_=1\" \/><a href=\"http:\/\/www.literaturtelefon-online.de\/wp-content\/uploads\/2024\/07\/louise_brown_was_bleibt.mp3\">http:\/\/www.literaturtelefon-online.de\/wp-content\/uploads\/2024\/07\/louise_brown_was_bleibt.mp3<\/a><\/audio><br \/>\n<br \/>\nNach dem Tod ihrer Eltern versucht die Journalistin Louise Brown, der Endlichkeit des Lebens etwas Sinnstiftendes abzugewinnen. Sie wird Trauerrednerin und Zeugin dessen, was von uns bleibt. Dies ver\u00e4ndert nicht nur ihre Einstellung zum Tod, sondern auch ihre Haltung zum Leben. Louise Brown schenkt uns unvergessliche Bilder, die daran erinnern, was uns als Menschen ausmacht. Ein tr\u00f6stendes und befreiendes Buch, das Mut macht, das Leben auf die Dinge auszurichten, die von Bedeutung sind.<\/p>\n<p><img loading=\"lazy\" decoding=\"async\" class=\"alignright size-full wp-image-5186\" style=\"margin-left: 40px;\" src=\"http:\/\/www.literaturtelefon-online.de\/wp-content\/uploads\/2024\/07\/louise_brown.jpg\" alt=\"\" width=\"300\" height=\"442\" srcset=\"http:\/\/www.literaturtelefon-online.de\/wp-content\/uploads\/2024\/07\/louise_brown.jpg 300w, http:\/\/www.literaturtelefon-online.de\/wp-content\/uploads\/2024\/07\/louise_brown-204x300.jpg 204w\" sizes=\"auto, (max-width: 300px) 100vw, 300px\" \/>Als Trauerrednerin hat Louise Brown zwei wichtige Aufgaben: Zuh\u00f6ren und Erz\u00e4hlen. Zuh\u00f6ren darf sie den Hinterbliebenen, die im Trauergespr\u00e4ch vom Leben der Verstorbenen berichten. Bei der Trauerfeier erz\u00e4hlt sie dann deren Geschichte und verleiht damit diesem schwierigen Moment des Abschiednehmens menschliche W\u00e4rme und Trost. Sie erkennt, dass man durch die Besch\u00e4ftigung mit dem Tod viel f\u00fcrs Leben lernen kann und es nicht die gro\u00dfen Errungenschaften sind, sondern Wesensz\u00fcge wie Humor, Mut, Z\u00e4rtlichkeit und Widerstandsf\u00e4higkeit, die bleiben, wenn ein Mensch geht. Ein Buch voller W\u00e4rme und Menschlichkeit, das Raum schafft, \u00fcber die eigene Endlichkeit nachzudenken und mit ihr Frieden zu schlie\u00dfen.<\/p>\n<p>Louise Brown, geboren 1975 in London, zog als Jugendliche mit ihrer Familie ins norddeutsche Ostholstein. Sie studierte Politikwissenschaft in Nordengland, Kiel und Berlin. Sie ist Journalistin und seit einigen Jahren auch als Trauerrednerin in Hamburg t\u00e4tig. In ihrem Podcast <em>\u201eMeine perfekte Beerdigung\u201c<\/em> im Deutschlandfunk spricht sie mit Menschen dar\u00fcber, wie sie einmal verabschiedet werden wollen. Nach ihrem Longseller <em>\u201eWas bleibt, wenn wir sterben\u201c<\/em> (2021, Diogenes Verlag) erschien im Herbst 2023 <a href=\"https:\/\/www.diogenes.ch\/leser\/titel\/louise-brown\/was-bleibt-wenn-wir-schreiben-9783257072440.html\" target=\"_blank\" rel=\"noopener\"><em>\u201eWas bleibt, wenn wir schreiben\u201c<\/em><\/a>, ein begleitetes Trauerjournal. Louise Brown lebt mit ihrer Familie und Hund in Hamburg.<\/p>\n<p>Website der Autorin: <a href=\"https:\/\/louisebrownautorin.de\/\" target=\"_blank\" rel=\"noopener\">louisebrownautorin.de<\/a><\/p>\n<p>Verlag: <a href=\"https:\/\/www.diogenes.ch\/leser\/titel\/louise-brown\/was-bleibt-wenn-wir-sterben-9783257071764.html\" target=\"_blank\" rel=\"noopener\">Diogenes Verlag Z\u00fcrich<\/a><\/p>\n<p>Foto: Gene Glover \/ \u00a9 Diogenes Verlag<\/p>\n<p>literaturtelefon-online.de | Telefon: 0431\/901-8888<\/p>\n<\/div>\n","protected":false},"excerpt":{"rendered":"<p>Am Literaturtelefon unter der Rufnummer 0431\/901-8888 und auf www.literaturtelefon-online.de liest die Hamburger Autorin Louise Brown vom 29.7. bis 11.8.2024 aus ihrem 2021 im Diogenes Verlag Z\u00fcrich erschienenen Buch \u201eWas bleibt, wenn wir sterben \u2013 Erfahrungen einer Trauerrednerin\u201c. Nach dem Tod ihrer Eltern versucht die Journalistin Louise Brown, der Endlichkeit des Lebens etwas Sinnstiftendes abzugewinnen. Sie [&hellip;]<\/p>\n","protected":false},"author":6,"featured_media":0,"parent":5168,"menu_order":1,"comment_status":"closed","ping_status":"closed","template":"","meta":{"footnotes":""},"class_list":["post-5183","page","type-page","status-publish","hentry"],"_links":{"self":[{"href":"http:\/\/www.literaturtelefon-online.de\/index.php?rest_route=\/wp\/v2\/pages\/5183","targetHints":{"allow":["GET"]}}],"collection":[{"href":"http:\/\/www.literaturtelefon-online.de\/index.php?rest_route=\/wp\/v2\/pages"}],"about":[{"href":"http:\/\/www.literaturtelefon-online.de\/index.php?rest_route=\/wp\/v2\/types\/page"}],"author":[{"embeddable":true,"href":"http:\/\/www.literaturtelefon-online.de\/index.php?rest_route=\/wp\/v2\/users\/6"}],"replies":[{"embeddable":true,"href":"http:\/\/www.literaturtelefon-online.de\/index.php?rest_route=%2Fwp%2Fv2%2Fcomments&post=5183"}],"version-history":[{"count":5,"href":"http:\/\/www.literaturtelefon-online.de\/index.php?rest_route=\/wp\/v2\/pages\/5183\/revisions"}],"predecessor-version":[{"id":5190,"href":"http:\/\/www.literaturtelefon-online.de\/index.php?rest_route=\/wp\/v2\/pages\/5183\/revisions\/5190"}],"up":[{"embeddable":true,"href":"http:\/\/www.literaturtelefon-online.de\/index.php?rest_route=\/wp\/v2\/pages\/5168"}],"wp:attachment":[{"href":"http:\/\/www.literaturtelefon-online.de\/index.php?rest_route=%2Fwp%2Fv2%2Fmedia&parent=5183"}],"curies":[{"name":"wp","href":"https:\/\/api.w.org\/{rel}","templated":true}]}}