{"id":5162,"date":"2024-05-15T01:30:09","date_gmt":"2024-05-14T23:30:09","guid":{"rendered":"http:\/\/www.literaturtelefon-online.de\/?page_id=5162"},"modified":"2024-07-14T20:11:56","modified_gmt":"2024-07-14T18:11:56","slug":"jens-steiner","status":"publish","type":"page","link":"http:\/\/www.literaturtelefon-online.de\/?page_id=5162","title":{"rendered":"Jens Steiner"},"content":{"rendered":"<div style=\"text-align: justify;\">\n<p>Am Literaturtelefon unter der Rufnummer 0431\/901-8888 und auf www.literaturtelefon-online.de liest der Schweizer Autor und Tr\u00e4ger des Schweizer Buchpreises Jens Steiner vom 15. bis 28.7.2024 aus seinem 2024 bei Hoffmann &amp; Campe erschienenen sechsten Roman <em>\u201eDie R\u00e4nder der Welt\u201c<\/em>. Die Aufnahme entstand anl\u00e4sslich einer Lesung im Literaturhaus S.-H. am 13. Mai 2024.<\/p>\n<p><!--[if lt IE 9]><script>document.createElement('audio');<\/script><![endif]-->\n<audio class=\"wp-audio-shortcode\" id=\"audio-5162-1\" preload=\"none\" style=\"width: 100%;\" controls=\"controls\"><source type=\"audio\/mpeg\" src=\"http:\/\/www.literaturtelefon-online.de\/wp-content\/uploads\/2024\/05\/jens_steiner_die_raender_der_welt.mp3?_=1\" \/><a href=\"http:\/\/www.literaturtelefon-online.de\/wp-content\/uploads\/2024\/05\/jens_steiner_die_raender_der_welt.mp3\">http:\/\/www.literaturtelefon-online.de\/wp-content\/uploads\/2024\/05\/jens_steiner_die_raender_der_welt.mp3<\/a><\/audio><br \/>\n<br \/>\n<img loading=\"lazy\" decoding=\"async\" style=\"margin-left: 40px;\" src=\"http:\/\/www.literaturtelefon-online.de\/wp-content\/uploads\/2024\/05\/jens_steiner.jpg\" alt=\"\" width=\"300\" height=\"448\" class=\"alignright size-full wp-image-5165\" srcset=\"http:\/\/www.literaturtelefon-online.de\/wp-content\/uploads\/2024\/05\/jens_steiner.jpg 300w, http:\/\/www.literaturtelefon-online.de\/wp-content\/uploads\/2024\/05\/jens_steiner-201x300.jpg 201w\" sizes=\"auto, (max-width: 300px) 100vw, 300px\" \/>Eine d\u00e4nische Insel in der Ostsee und die lebenslange Suche nach dem Gl\u00fcck: Jens Steiner, hat mit <em>\u201eDie R\u00e4nder der Welt\u201c<\/em> einen gro\u00dfen Roman \u00fcber Liebe, Freundschaft und Rache geschrieben, der einen interessanten Einblick in die Rolle des Meeres f\u00fcr den Menschen bietet. Eine kleine F\u00e4hre setzt \u00fcber nach Christians\u00f8, eine kleine Insel in der Ostsee. An Bord ist Kristian Aaavik, ein jahrzehntelanger Weltenbummler, der hier endlich anzukommen hofft. Ein mysteri\u00f6ser Brief verhei\u00dft, dass es hier eine Antwort g\u00e4be auf eine brennende Frage, die er sich seit Jahrzehnten stellt. <em>\u201eDie R\u00e4nder der Welt\u201c<\/em> ist ein intensiver Roman \u00fcber eine lange Reise ohne R\u00fcckweg und die gro\u00dfe Frage nach der Rolle der Kunst in der Welt.<\/p>\n<p>Jens Steiner, Sohn eines Schweizer Vaters und einer d\u00e4nischen Mutter, wurde 1975 in Z\u00fcrich geboren. Er studierte Germanistik und Philosophie in Z\u00fcrich und Genf. Sein Deb\u00fctroman <em>\u201eHasenleben\u201c<\/em> (2011) stand auf der Longlist f\u00fcr den Deutschen Buchpreis. Mit <em>\u201eCarambole\u201c<\/em> gewann er 2013 den Schweizer Buchpreis und stand erneut auf der Longlist des Deutschen Buchpreises. Seitdem hat Steiner Romane wie <em>\u201eJunger Mann mit unauff\u00e4lliger Vergangenheit\u201c<\/em>, <em>\u201eMein Leben als Hoffnungstr\u00e4ger\u201c<\/em> und <em>\u201eAmeisen unterm Brennglas\u201c<\/em> ver\u00f6ffentlicht, zus\u00e4tzlich wurde er bekannt als Autor von Kinderb\u00fcchern. Heute lebt er als freier Schriftsteller und Journalist in der franz\u00f6sischen Region Burgund.<\/p>\n<p>Website des Autors: <a href=\"http:\/\/www.jenssteiner.ch\" target=\"_blank\" rel=\"noopener\">www.jenssteiner.ch<\/a><\/p>\n<p><a href=\"https:\/\/de.wikipedia.org\/wiki\/Jens_Steiner\" target=\"_blank\" rel=\"noopener\">Wikipedia \u00fcber den Autor<\/a><\/p>\n<p>Verlag: <a href=\"https:\/\/hoffmann-und-campe.de\/products\/65868-die-raender-der-welt?variant=44685479575820\" target=\"_blank\" rel=\"noopener\">Hoffmann &amp; Campe<\/a><\/p>\n<p>Foto: privat<\/p>\n<p>literaturtelefon-online.de | Telefon: 0431\/901-8888<\/p>\n<\/div>\n","protected":false},"excerpt":{"rendered":"<p>Am Literaturtelefon unter der Rufnummer 0431\/901-8888 und auf www.literaturtelefon-online.de liest der Schweizer Autor und Tr\u00e4ger des Schweizer Buchpreises Jens Steiner vom 15. bis 28.7.2024 aus seinem 2024 bei Hoffmann &amp; Campe erschienenen sechsten Roman \u201eDie R\u00e4nder der Welt\u201c. Die Aufnahme entstand anl\u00e4sslich einer Lesung im Literaturhaus S.-H. am 13. Mai 2024. Eine d\u00e4nische Insel in [&hellip;]<\/p>\n","protected":false},"author":6,"featured_media":0,"parent":5129,"menu_order":2,"comment_status":"closed","ping_status":"closed","template":"","meta":{"footnotes":""},"class_list":["post-5162","page","type-page","status-publish","hentry"],"_links":{"self":[{"href":"http:\/\/www.literaturtelefon-online.de\/index.php?rest_route=\/wp\/v2\/pages\/5162","targetHints":{"allow":["GET"]}}],"collection":[{"href":"http:\/\/www.literaturtelefon-online.de\/index.php?rest_route=\/wp\/v2\/pages"}],"about":[{"href":"http:\/\/www.literaturtelefon-online.de\/index.php?rest_route=\/wp\/v2\/types\/page"}],"author":[{"embeddable":true,"href":"http:\/\/www.literaturtelefon-online.de\/index.php?rest_route=\/wp\/v2\/users\/6"}],"replies":[{"embeddable":true,"href":"http:\/\/www.literaturtelefon-online.de\/index.php?rest_route=%2Fwp%2Fv2%2Fcomments&post=5162"}],"version-history":[{"count":3,"href":"http:\/\/www.literaturtelefon-online.de\/index.php?rest_route=\/wp\/v2\/pages\/5162\/revisions"}],"predecessor-version":[{"id":5167,"href":"http:\/\/www.literaturtelefon-online.de\/index.php?rest_route=\/wp\/v2\/pages\/5162\/revisions\/5167"}],"up":[{"embeddable":true,"href":"http:\/\/www.literaturtelefon-online.de\/index.php?rest_route=\/wp\/v2\/pages\/5129"}],"wp:attachment":[{"href":"http:\/\/www.literaturtelefon-online.de\/index.php?rest_route=%2Fwp%2Fv2%2Fmedia&parent=5162"}],"curies":[{"name":"wp","href":"https:\/\/api.w.org\/{rel}","templated":true}]}}

<div style="text-align: justify;">
<p>Am Literaturtelefon unter der Rufnummer 0431/901-8888 und auf www.literaturtelefon-online.de liest der Schweizer Autor und Träger des Schweizer Buchpreises Jens Steiner vom 15. bis 28.7.2024 aus seinem 2024 bei Hoffmann &amp; Campe erschienenen sechsten Roman <em>„Die Ränder der Welt“</em>. Die Aufnahme entstand anlässlich einer Lesung im Literaturhaus S.-H. am 13. Mai 2024.</p>
<p><!--[if lt IE 9]><script>document.createElement('audio');</script><![endif]-->
<audio class="wp-audio-shortcode" id="audio-5162-1" preload="none" style="width: 100%;" controls="controls"><source type="audio/mpeg" src="http://www.literaturtelefon-online.de/wp-content/uploads/2024/05/jens_steiner_die_raender_der_welt.mp3?_=1" /><a href="http://www.literaturtelefon-online.de/wp-content/uploads/2024/05/jens_steiner_die_raender_der_welt.mp3">http://www.literaturtelefon-online.de/wp-content/uploads/2024/05/jens_steiner_die_raender_der_welt.mp3</a></audio><br />
<br />
<img loading="lazy" decoding="async" style="margin-left: 40px;" src="http://www.literaturtelefon-online.de/wp-content/uploads/2024/05/jens_steiner.jpg" alt="" width="300" height="448" class="alignright size-full wp-image-5165" srcset="http://www.literaturtelefon-online.de/wp-content/uploads/2024/05/jens_steiner.jpg 300w, http://www.literaturtelefon-online.de/wp-content/uploads/2024/05/jens_steiner-201x300.jpg 201w" sizes="auto, (max-width: 300px) 100vw, 300px" />Eine dänische Insel in der Ostsee und die lebenslange Suche nach dem Glück: Jens Steiner, hat mit <em>„Die Ränder der Welt“</em> einen großen Roman über Liebe, Freundschaft und Rache geschrieben, der einen interessanten Einblick in die Rolle des Meeres für den Menschen bietet. Eine kleine Fähre setzt über nach Christiansø, eine kleine Insel in der Ostsee. An Bord ist Kristian Aaavik, ein jahrzehntelanger Weltenbummler, der hier endlich anzukommen hofft. Ein mysteriöser Brief verheißt, dass es hier eine Antwort gäbe auf eine brennende Frage, die er sich seit Jahrzehnten stellt. <em>„Die Ränder der Welt“</em> ist ein intensiver Roman über eine lange Reise ohne Rückweg und die große Frage nach der Rolle der Kunst in der Welt.</p>
<p>Jens Steiner, Sohn eines Schweizer Vaters und einer dänischen Mutter, wurde 1975 in Zürich geboren. Er studierte Germanistik und Philosophie in Zürich und Genf. Sein Debütroman <em>„Hasenleben“</em> (2011) stand auf der Longlist für den Deutschen Buchpreis. Mit <em>„Carambole“</em> gewann er 2013 den Schweizer Buchpreis und stand erneut auf der Longlist des Deutschen Buchpreises. Seitdem hat Steiner Romane wie <em>„Junger Mann mit unauffälliger Vergangenheit“</em>, <em>„Mein Leben als Hoffnungsträger“</em> und <em>„Ameisen unterm Brennglas“</em> veröffentlicht, zusätzlich wurde er bekannt als Autor von Kinderbüchern. Heute lebt er als freier Schriftsteller und Journalist in der französischen Region Burgund.</p>
<p>Website des Autors: <a href="http://www.jenssteiner.ch" target="_blank" rel="noopener">www.jenssteiner.ch</a></p>
<p><a href="https://de.wikipedia.org/wiki/Jens_Steiner" target="_blank" rel="noopener">Wikipedia über den Autor</a></p>
<p>Verlag: <a href="https://hoffmann-und-campe.de/products/65868-die-raender-der-welt?variant=44685479575820" target="_blank" rel="noopener">Hoffmann &amp; Campe</a></p>
<p>Foto: privat</p>
<p>literaturtelefon-online.de | Telefon: 0431/901-8888</p>
</div>

<p>Am Literaturtelefon unter der Rufnummer 0431/901-8888 und auf www.literaturtelefon-online.de liest der Schweizer Autor und Träger des Schweizer Buchpreises Jens Steiner vom 15. bis 28.7.2024 aus seinem 2024 bei Hoffmann &amp; Campe erschienenen sechsten Roman „Die Ränder der Welt“. Die Aufnahme entstand anlässlich einer Lesung im Literaturhaus S.-H. am 13. Mai 2024. Eine dänische Insel in [&hellip;]</p>
