{"id":5152,"date":"2024-05-15T01:22:19","date_gmt":"2024-05-14T23:22:19","guid":{"rendered":"http:\/\/www.literaturtelefon-online.de\/?page_id=5152"},"modified":"2024-06-02T23:12:05","modified_gmt":"2024-06-02T21:12:05","slug":"ingo-scheel","status":"publish","type":"page","link":"http:\/\/www.literaturtelefon-online.de\/?page_id=5152","title":{"rendered":"Ingo Scheel"},"content":{"rendered":"<div style=\"text-align: justify;\">\n<p>Am Literaturtelefon unter der Rufnummer 0431\/901-8888 und auf www.literaturtelefon-online.de liest der Hamburger Autor Ingo Scheel vom 3. bis 16.6.2024 aus seinem soeben im Mainzer Ventil Verlag erschienenen Buch <em>\u201eSchlussakkord \u2013 Wie Musiklegenden f\u00fcr immer verstummten\u201c<\/em>. Die Aufnahme hat er eigens f\u00fcr das Literaturtelefon eingelesen.<\/p>\n<p><!--[if lt IE 9]><script>document.createElement('audio');<\/script><![endif]-->\n<audio class=\"wp-audio-shortcode\" id=\"audio-5152-1\" preload=\"none\" style=\"width: 100%;\" controls=\"controls\"><source type=\"audio\/mpeg\" src=\"http:\/\/www.literaturtelefon-online.de\/wp-content\/uploads\/2024\/05\/ingo_scheel_schlussakkord.mp3?_=1\" \/><a href=\"http:\/\/www.literaturtelefon-online.de\/wp-content\/uploads\/2024\/05\/ingo_scheel_schlussakkord.mp3\">http:\/\/www.literaturtelefon-online.de\/wp-content\/uploads\/2024\/05\/ingo_scheel_schlussakkord.mp3<\/a><\/audio><br \/>\n<br \/>\nWas haben so unterschiedliche K\u00fcnstler wie Alexandra, GG Allin und Michael Hutchence gemeinsam? Sie sind alle tot. Und niemand von ihnen starb an Altersschw\u00e4che. Was die Menschheit bei einem selbst \u2013 in hoffentlich erst vielen Jahren \u2013 achselzuckend zur Kenntnis nehmen wird, ersch\u00fcttert im Falle der Popstars Millionen: Der Tod. Ehrliche Trauer mischt sich mit Sensationslust, der Kontrast zwischen der (mehr oder weniger) fr\u00f6hlichen, lebensbejahenden, glamour\u00f6sen Welt der Popmusik und dem unwiderruflichen Ende k\u00f6nnte gr\u00f6\u00dfer nicht sein. Ersch\u00fcttert und fasziniert lesen wir die Nachrufe und h\u00f6ren die Musik des oder der Verblichenen ab sofort mit anderen Ohren. Unsterblich sein und trotzdem tot: Diesen Spagat bekommen nur ganz wenige hin.<\/p>\n<p><img loading=\"lazy\" decoding=\"async\" class=\"alignright size-full wp-image-5156\" style=\"margin-left: 40px;\" src=\"http:\/\/www.literaturtelefon-online.de\/wp-content\/uploads\/2024\/05\/ingo_scheel.jpg\" alt=\"\" width=\"300\" height=\"423\" srcset=\"http:\/\/www.literaturtelefon-online.de\/wp-content\/uploads\/2024\/05\/ingo_scheel.jpg 300w, http:\/\/www.literaturtelefon-online.de\/wp-content\/uploads\/2024\/05\/ingo_scheel-213x300.jpg 213w\" sizes=\"auto, (max-width: 300px) 100vw, 300px\" \/>Vor ein paar Jahren ver\u00f6ffentlichte eine medizinische Fachzeitschrift eine Studie, dernach Popstars fr\u00fcher sterben als Krethi und Plethi. Wir haben es geahnt. Aber warum? Weshalb traten Menschen, die unseren Traum lebten, vor ihrer Zeit ab? Wie verzweifelt waren sie in ihren Villen, zwischen den goldenen Schallplatten und den Champagnerflaschen? Haben sie einmal zu oft am Tisch gerochen oder war ein Neider mit Schusswaffe todesurs\u00e4chlich? Welche D\u00e4monen, Manager und\/oder Ex-Partner*innen trieben unsere Idole ins ewige Nichts? Und starb Keith Moon tats\u00e4chlich an einem Schnitzel und 35 Schlaftabletten? Diesen und weiteren Fragen geht Ingo Scheel in seinem Buch auf ebenso sachkundige wie am\u00fcsante \u2013 soweit der Tod das zul\u00e4sst \u2013 Weise nach.<\/p>\n<p>Den ersten Gig mit seiner Punkband spielte Ingo Scheel einst dort, wo Regisseur Lars Jessen auch Rocko Schamonis <em>\u201eDorfpunks\u201c<\/em> auftreten lie\u00df: auf der Aula-Bu\u0308hne des Hans-Geiger-Gymnasiums in Kiel. Sp\u00e4ter spielte er in Kieler Bands wie New Eminence, The Empire Freak Shop und Armstrong. Bei der Musik ist es fu\u0308r Ingo Scheel, 1964 in der F\u00f6rdestadt geboren, geblieben \u2013 als S\u00e4nger, als Drummer und als freischaffender Journalist und Autor. Seine ersten Artikel schrieb er f\u00fcr das \u201eStadtmagazin KIEL\u201c und f\u00fcr die \u201eKieler Nachrichten\u201c. Heute ist er fu\u0308r das \u201eMINT-Magazin\u201c in Sachen Vinyl unterwegs. Fu\u0308r \u201eVisions\u201c, \u201eGalore\u201c, \u201eMusikexpress\u201c ist er ebenso am Start wie fu\u0308r den \u201eStern\u201c und ntv.de. Ingo Scheels umf\u00e4ngliche Plattensammlung, das Drumkit, das er sich mit Tochter Anni teilt, und sein Lieblingssessel stehen in Hamburg.<\/p>\n<p>Verlag: <a href=\"https:\/\/www.ventil-verlag.de\/titel\/1955\/schlussakkord\" target=\"_blank\" rel=\"noopener\">Ventil Verlag, Mainz<\/a><\/p>\n<p>Foto: ByteFM<\/p>\n<p>literaturtelefon-online.de | Telefon: 0431\/901-8888<\/p>\n<\/div>\n","protected":false},"excerpt":{"rendered":"<p>Am Literaturtelefon unter der Rufnummer 0431\/901-8888 und auf www.literaturtelefon-online.de liest der Hamburger Autor Ingo Scheel vom 3. bis 16.6.2024 aus seinem soeben im Mainzer Ventil Verlag erschienenen Buch \u201eSchlussakkord \u2013 Wie Musiklegenden f\u00fcr immer verstummten\u201c. Die Aufnahme hat er eigens f\u00fcr das Literaturtelefon eingelesen. Was haben so unterschiedliche K\u00fcnstler wie Alexandra, GG Allin und Michael [&hellip;]<\/p>\n","protected":false},"author":6,"featured_media":0,"parent":5127,"menu_order":1,"comment_status":"closed","ping_status":"closed","template":"","meta":{"footnotes":""},"class_list":["post-5152","page","type-page","status-publish","hentry"],"_links":{"self":[{"href":"http:\/\/www.literaturtelefon-online.de\/index.php?rest_route=\/wp\/v2\/pages\/5152","targetHints":{"allow":["GET"]}}],"collection":[{"href":"http:\/\/www.literaturtelefon-online.de\/index.php?rest_route=\/wp\/v2\/pages"}],"about":[{"href":"http:\/\/www.literaturtelefon-online.de\/index.php?rest_route=\/wp\/v2\/types\/page"}],"author":[{"embeddable":true,"href":"http:\/\/www.literaturtelefon-online.de\/index.php?rest_route=\/wp\/v2\/users\/6"}],"replies":[{"embeddable":true,"href":"http:\/\/www.literaturtelefon-online.de\/index.php?rest_route=%2Fwp%2Fv2%2Fcomments&post=5152"}],"version-history":[{"count":5,"href":"http:\/\/www.literaturtelefon-online.de\/index.php?rest_route=\/wp\/v2\/pages\/5152\/revisions"}],"predecessor-version":[{"id":5161,"href":"http:\/\/www.literaturtelefon-online.de\/index.php?rest_route=\/wp\/v2\/pages\/5152\/revisions\/5161"}],"up":[{"embeddable":true,"href":"http:\/\/www.literaturtelefon-online.de\/index.php?rest_route=\/wp\/v2\/pages\/5127"}],"wp:attachment":[{"href":"http:\/\/www.literaturtelefon-online.de\/index.php?rest_route=%2Fwp%2Fv2%2Fmedia&parent=5152"}],"curies":[{"name":"wp","href":"https:\/\/api.w.org\/{rel}","templated":true}]}}