{"id":5004,"date":"2024-01-14T19:53:15","date_gmt":"2024-01-14T17:53:15","guid":{"rendered":"http:\/\/www.literaturtelefon-online.de\/?page_id=5004"},"modified":"2024-01-28T19:16:45","modified_gmt":"2024-01-28T17:16:45","slug":"gerda-broemel","status":"publish","type":"page","link":"http:\/\/www.literaturtelefon-online.de\/?page_id=5004","title":{"rendered":"Gerda Br\u00f6mel"},"content":{"rendered":"<div style=\"text-align: justify;\">\n<p>Am Literaturtelefon unter Tel.: 0431\/901-8888 und im Internet unter www.literaturtelefon-online.de liest Gerda Br\u00f6mel vom 29. Januar bis 11. Februar 2024 aus ihrem autobiographischen Roman <em>\u201eKieler Deern 1945 &#8211; 1948\u201c<\/em>, der im Oktober 2023 bei Books on Demand (BoD) erschienen ist.<\/p>\n<p><!--[if lt IE 9]><script>document.createElement('audio');<\/script><![endif]-->\n<audio class=\"wp-audio-shortcode\" id=\"audio-5004-1\" preload=\"none\" style=\"width: 100%;\" controls=\"controls\"><source type=\"audio\/mpeg\" src=\"http:\/\/www.literaturtelefon-online.de\/wp-content\/uploads\/2024\/01\/gerda_broemel_kieler_deern.mp3?_=1\" \/><a href=\"http:\/\/www.literaturtelefon-online.de\/wp-content\/uploads\/2024\/01\/gerda_broemel_kieler_deern.mp3\">http:\/\/www.literaturtelefon-online.de\/wp-content\/uploads\/2024\/01\/gerda_broemel_kieler_deern.mp3<\/a><\/audio><br \/>\n<br \/>\nDie Autorin war dreizehn Jahre alt, als 1945 der Krieg zu Ende ging. Mit dem unverstellten Blick eines wachen jungen M\u00e4dchens beobachtete sie, was um sie herum geschah. In <em>\u201eKieler Deern\u201c<\/em> berichtet sie von den ersten Nachkriegsjahren: vom m\u00fchseligen Leben im bombenzerst\u00f6rten Kiel, als die Menschen unter primitivsten Bedingungen ihren Alltag mit Mut und Fantasie zu bew\u00e4ltigen hatten.<\/p>\n<p>Aber sie erz\u00e4hlt auch von hellen Tagen. Von einer ersten Liebe, von Klassenfesten, vom Jahrmarkt, Kino und Theater, von Begegnungen mit K\u00fcnstlern, von einer beherzten Initiative ihrer Schulklasse und von anderem mehr. Dabei st\u00fctzt sie sich \u2013 neben m\u00fcndlichen und schriftlichen Quellen \u2013 auch auf ein damals von ihr stichwortartig gef\u00fchrtes Tagebuch. <em>\u201eKieler Deern 1945 &#8211; 1948\u201c<\/em> ist eine Fortsetzung von <em>\u201eAuf der Schaukel \u2013 Kindheitsbilder 1936 &#8211; 1945\u201c<\/em> von Gerda Br\u00f6mel.<\/p>\n<p><img loading=\"lazy\" decoding=\"async\" class=\"alignright size-full wp-image-2588\" style=\"margin-left: 40px;\" src=\"http:\/\/www.literaturtelefon-online.de\/wp-content\/uploads\/2017\/11\/gerda_bro\u0308mel.jpg\" alt=\"\" width=\"300\" height=\"394\" srcset=\"http:\/\/www.literaturtelefon-online.de\/wp-content\/uploads\/2017\/11\/gerda_bro\u0308mel.jpg 300w, http:\/\/www.literaturtelefon-online.de\/wp-content\/uploads\/2017\/11\/gerda_bro\u0308mel-228x300.jpg 228w\" sizes=\"auto, (max-width: 300px) 100vw, 300px\" \/>Gerda Br\u00f6mel, geb. 1932, verbrachte Kindheit und Jugend in Kiel. Nach Stationen in Aarau (Schweiz), Gl\u00fccksburg (Ostsee), Eutin und Leck (Nordfriesland) lebt sie seit 1968 in M\u00f6nkeberg an der Kieler F\u00f6rde. Im Anschluss an ihre Berufst\u00e4tigkeit in der Verwaltung verschiedener Institutionen begann sie mit ihrer schriftstellerischen Arbeit.<\/p>\n<p>Seit 2002 hat sie nicht weniger als 18 B\u00fccher ver\u00f6ffentlicht, neben Kurzgeschichten und Erz\u00e4hlungen (z.T. auch auf Plattdeutsch) ebenso Reiseberichte wie zuletzt <em>\u201eMeine sch\u00f6nsten Reisen (5) \u2013 Stippvisiten\u201c<\/em> (2022). Au\u00dferdem hat sie fremde, nachgelassene Texte bearbeitet bzw. herausgegeben, z.B. <em>\u201eJohann Ohrtmann: \u201aSind Kriege notwendig?\u2019 Lebenserinnerungen eines Pazifisten und Schulmannes\u201c<\/em> (Hrsg.: Beirat f\u00fcr Geschichte der Arbeiterbewegung und Demokratie in Schleswig-Holstein, Neuer Malik Verlag, Kiel 1995). \u00dcberdies sind zahlreiche ihrer Texte in Literaturzeitschriften, Jahrb\u00fcchern und Anthologien erschienen.<\/p>\n<p>Gerda Br\u00f6mel nahm erfolgreich an diversen Literaturwettbewerben teil, u.a.: \u201eVertell doch mal!\u201c (NDR) 2000 und 2001. Beim \u201eKurzgeschichtenwettbewerb 42er Autoren e.V. \u2013 Putlitzer Preis\u201c errang sie 2006 den 4. und 2011 den 6. Platz. 2003 und 2008 gewann sie bei der \u201eLeseb\u00fchne des Literaturhaus Schleswig-Holstein e.V.\u201c den 1. Preis.<\/p>\n<p>Zuletzt war Gerda Br\u00f6mel im <a href=\"http:\/\/www.literaturtelefon-online.de\/?page_id=2582\">Dezember 2017 mit der Kurzgeschichte <em>\u201eDanach\u201c<\/em><\/a> am Literaturtelefon zu h\u00f6ren.<\/p>\n<p>\u00dcber die Autorin auf der <a href=\"https:\/\/schriftstellerinsh.wixsite.com\/schriftsteller-sh\/mitglieder-a-c\" target=\"_blank\" rel=\"noopener\">Website des Verbands der Schriftsteller in SH<\/a><\/p>\n<p>\u00dcber die Autorin bei <a href=\"http:\/\/literaturhaus-sh.de\/autoren\/162.html\" target=\"_blank\" rel=\"noopener\">literaturhaus-sh.de<\/a><\/p>\n<p>Verlag: <a href=\"https:\/\/buchshop.bod.de\/kieler-deern-1945-1948-gerda-broemel-9783757881658\" target=\"_blank\" rel=\"noopener\">BoD<\/a><\/p>\n<p>Foto: privat<\/p>\n<p>literaturtelefon-online.de | Telefon: 0431\/901-8888<\/p>\n<\/div>\n","protected":false},"excerpt":{"rendered":"<p>Am Literaturtelefon unter Tel.: 0431\/901-8888 und im Internet unter www.literaturtelefon-online.de liest Gerda Br\u00f6mel vom 29. Januar bis 11. Februar 2024 aus ihrem autobiographischen Roman \u201eKieler Deern 1945 &#8211; 1948\u201c, der im Oktober 2023 bei Books on Demand (BoD) erschienen ist. Die Autorin war dreizehn Jahre alt, als 1945 der Krieg zu Ende ging. Mit dem [&hellip;]<\/p>\n","protected":false},"author":6,"featured_media":0,"parent":5002,"menu_order":1,"comment_status":"closed","ping_status":"closed","template":"","meta":{"footnotes":""},"class_list":["post-5004","page","type-page","status-publish","hentry"],"_links":{"self":[{"href":"http:\/\/www.literaturtelefon-online.de\/index.php?rest_route=\/wp\/v2\/pages\/5004","targetHints":{"allow":["GET"]}}],"collection":[{"href":"http:\/\/www.literaturtelefon-online.de\/index.php?rest_route=\/wp\/v2\/pages"}],"about":[{"href":"http:\/\/www.literaturtelefon-online.de\/index.php?rest_route=\/wp\/v2\/types\/page"}],"author":[{"embeddable":true,"href":"http:\/\/www.literaturtelefon-online.de\/index.php?rest_route=\/wp\/v2\/users\/6"}],"replies":[{"embeddable":true,"href":"http:\/\/www.literaturtelefon-online.de\/index.php?rest_route=%2Fwp%2Fv2%2Fcomments&post=5004"}],"version-history":[{"count":5,"href":"http:\/\/www.literaturtelefon-online.de\/index.php?rest_route=\/wp\/v2\/pages\/5004\/revisions"}],"predecessor-version":[{"id":5018,"href":"http:\/\/www.literaturtelefon-online.de\/index.php?rest_route=\/wp\/v2\/pages\/5004\/revisions\/5018"}],"up":[{"embeddable":true,"href":"http:\/\/www.literaturtelefon-online.de\/index.php?rest_route=\/wp\/v2\/pages\/5002"}],"wp:attachment":[{"href":"http:\/\/www.literaturtelefon-online.de\/index.php?rest_route=%2Fwp%2Fv2%2Fmedia&parent=5004"}],"curies":[{"name":"wp","href":"https:\/\/api.w.org\/{rel}","templated":true}]}}

Gerda Brömel

<div style="text-align: justify;">
<p>Am Literaturtelefon unter Tel.: 0431/901-8888 und im Internet unter www.literaturtelefon-online.de liest Gerda Brömel vom 29. Januar bis 11. Februar 2024 aus ihrem autobiographischen Roman <em>„Kieler Deern 1945 &#8211; 1948“</em>, der im Oktober 2023 bei Books on Demand (BoD) erschienen ist.</p>
<p><!--[if lt IE 9]><script>document.createElement('audio');</script><![endif]-->
<audio class="wp-audio-shortcode" id="audio-5004-1" preload="none" style="width: 100%;" controls="controls"><source type="audio/mpeg" src="http://www.literaturtelefon-online.de/wp-content/uploads/2024/01/gerda_broemel_kieler_deern.mp3?_=1" /><a href="http://www.literaturtelefon-online.de/wp-content/uploads/2024/01/gerda_broemel_kieler_deern.mp3">http://www.literaturtelefon-online.de/wp-content/uploads/2024/01/gerda_broemel_kieler_deern.mp3</a></audio><br />
<br />
Die Autorin war dreizehn Jahre alt, als 1945 der Krieg zu Ende ging. Mit dem unverstellten Blick eines wachen jungen Mädchens beobachtete sie, was um sie herum geschah. In <em>„Kieler Deern“</em> berichtet sie von den ersten Nachkriegsjahren: vom mühseligen Leben im bombenzerstörten Kiel, als die Menschen unter primitivsten Bedingungen ihren Alltag mit Mut und Fantasie zu bewältigen hatten.</p>
<p>Aber sie erzählt auch von hellen Tagen. Von einer ersten Liebe, von Klassenfesten, vom Jahrmarkt, Kino und Theater, von Begegnungen mit Künstlern, von einer beherzten Initiative ihrer Schulklasse und von anderem mehr. Dabei stützt sie sich – neben mündlichen und schriftlichen Quellen – auch auf ein damals von ihr stichwortartig geführtes Tagebuch. <em>„Kieler Deern 1945 &#8211; 1948“</em> ist eine Fortsetzung von <em>„Auf der Schaukel – Kindheitsbilder 1936 &#8211; 1945“</em> von Gerda Brömel.</p>
<p><img loading="lazy" decoding="async" class="alignright size-full wp-image-2588" style="margin-left: 40px;" src="http://www.literaturtelefon-online.de/wp-content/uploads/2017/11/gerda_brömel.jpg" alt="" width="300" height="394" srcset="http://www.literaturtelefon-online.de/wp-content/uploads/2017/11/gerda_brömel.jpg 300w, http://www.literaturtelefon-online.de/wp-content/uploads/2017/11/gerda_brömel-228x300.jpg 228w" sizes="auto, (max-width: 300px) 100vw, 300px" />Gerda Brömel, geb. 1932, verbrachte Kindheit und Jugend in Kiel. Nach Stationen in Aarau (Schweiz), Glücksburg (Ostsee), Eutin und Leck (Nordfriesland) lebt sie seit 1968 in Mönkeberg an der Kieler Förde. Im Anschluss an ihre Berufstätigkeit in der Verwaltung verschiedener Institutionen begann sie mit ihrer schriftstellerischen Arbeit.</p>
<p>Seit 2002 hat sie nicht weniger als 18 Bücher veröffentlicht, neben Kurzgeschichten und Erzählungen (z.T. auch auf Plattdeutsch) ebenso Reiseberichte wie zuletzt <em>„Meine schönsten Reisen (5) – Stippvisiten“</em> (2022). Außerdem hat sie fremde, nachgelassene Texte bearbeitet bzw. herausgegeben, z.B. <em>„Johann Ohrtmann: ‚Sind Kriege notwendig?’ Lebenserinnerungen eines Pazifisten und Schulmannes“</em> (Hrsg.: Beirat für Geschichte der Arbeiterbewegung und Demokratie in Schleswig-Holstein, Neuer Malik Verlag, Kiel 1995). Überdies sind zahlreiche ihrer Texte in Literaturzeitschriften, Jahrbüchern und Anthologien erschienen.</p>
<p>Gerda Brömel nahm erfolgreich an diversen Literaturwettbewerben teil, u.a.: „Vertell doch mal!“ (NDR) 2000 und 2001. Beim „Kurzgeschichtenwettbewerb 42er Autoren e.V. – Putlitzer Preis“ errang sie 2006 den 4. und 2011 den 6. Platz. 2003 und 2008 gewann sie bei der „Lesebühne des Literaturhaus Schleswig-Holstein e.V.“ den 1. Preis.</p>
<p>Zuletzt war Gerda Brömel im <a href="http://www.literaturtelefon-online.de/?page_id=2582">Dezember 2017 mit der Kurzgeschichte <em>„Danach“</em></a> am Literaturtelefon zu hören.</p>
<p>Über die Autorin auf der <a href="https://schriftstellerinsh.wixsite.com/schriftsteller-sh/mitglieder-a-c" target="_blank" rel="noopener">Website des Verbands der Schriftsteller in SH</a></p>
<p>Über die Autorin bei <a href="http://literaturhaus-sh.de/autoren/162.html" target="_blank" rel="noopener">literaturhaus-sh.de</a></p>
<p>Verlag: <a href="https://buchshop.bod.de/kieler-deern-1945-1948-gerda-broemel-9783757881658" target="_blank" rel="noopener">BoD</a></p>
<p>Foto: privat</p>
<p>literaturtelefon-online.de | Telefon: 0431/901-8888</p>
</div>

<p>Am Literaturtelefon unter Tel.: 0431/901-8888 und im Internet unter www.literaturtelefon-online.de liest Gerda Brömel vom 29. Januar bis 11. Februar 2024 aus ihrem autobiographischen Roman „Kieler Deern 1945 &#8211; 1948“, der im Oktober 2023 bei Books on Demand (BoD) erschienen ist. Die Autorin war dreizehn Jahre alt, als 1945 der Krieg zu Ende ging. Mit dem [&hellip;]</p>
