{"id":4965,"date":"2023-12-03T23:37:14","date_gmt":"2023-12-03T21:37:14","guid":{"rendered":"http:\/\/www.literaturtelefon-online.de\/?page_id=4965"},"modified":"2023-12-17T18:56:22","modified_gmt":"2023-12-17T16:56:22","slug":"mina-hava","status":"publish","type":"page","link":"http:\/\/www.literaturtelefon-online.de\/?page_id=4965","title":{"rendered":"Mina Hava"},"content":{"rendered":"<div style=\"text-align: justify;\">\n<p>Am Literaturtelefon unter der Rufnummer 0431\/901-8888 und auf www.literaturtelefon-online.de liest die Schweizer Autorin Mina Hava aus ihrem Deb\u00fctroman <em>\u201eF\u00fcr Seka\u201c<\/em>, eine Geschichte vom Verlassen und Verlassenwerden. Die Live-Aufnahme entstand bei einer Lesung am 11. Juli 2023 in der Reihe \u201eSprachkunst\u201c an der Muthesius Kunsthochschule Kiel.<\/p>\n<p><!--[if lt IE 9]><script>document.createElement('audio');<\/script><![endif]-->\n<audio class=\"wp-audio-shortcode\" id=\"audio-4965-1\" preload=\"none\" style=\"width: 100%;\" controls=\"controls\"><source type=\"audio\/mpeg\" src=\"http:\/\/www.literaturtelefon-online.de\/wp-content\/uploads\/2023\/12\/mina_hava_fuer_seka.mp3?_=1\" \/><a href=\"http:\/\/www.literaturtelefon-online.de\/wp-content\/uploads\/2023\/12\/mina_hava_fuer_seka.mp3\">http:\/\/www.literaturtelefon-online.de\/wp-content\/uploads\/2023\/12\/mina_hava_fuer_seka.mp3<\/a><\/audio><br \/>\n<br \/>\n<img loading=\"lazy\" decoding=\"async\" style=\"margin-left: 40px;\" src=\"http:\/\/www.literaturtelefon-online.de\/wp-content\/uploads\/2023\/12\/mina_hava.jpg\" alt=\"\" width=\"300\" height=\"326\" class=\"alignright size-full wp-image-4969\" srcset=\"http:\/\/www.literaturtelefon-online.de\/wp-content\/uploads\/2023\/12\/mina_hava.jpg 300w, http:\/\/www.literaturtelefon-online.de\/wp-content\/uploads\/2023\/12\/mina_hava-276x300.jpg 276w\" sizes=\"auto, (max-width: 300px) 100vw, 300px\" \/>Der Roman erz\u00e4hlt von Seka, die mit Anfang 20 nach den Spuren ihrer zerbrochenen Familie und ihres bisherigen Lebens sucht. Sie rekonstruiert den Weg ihrer Eltern aus Bosnien in die Schweiz und fragt nach den Verbindungen, den F\u00e4den zu ihr. Dabei st\u00f6\u00dft sie auf das Gefangenenlager in Omarska in den 1990er Jahren und auf einen Brief, der sie weiter nach Den Haag und Genf f\u00fchrt, sp\u00e4ter ins Berner Oberland. Und sie stellt fest, dass in Omarska heute Erz in den Minen abgebaut wird, als h\u00e4tte es die Geschichte eines fast schon vergessenen Krieges in Europa nicht gegeben. Dabei wirken die Versehrungen der Vergangenheit bis in die Gegenwart fort.<\/p>\n<p>Die Autorin verkn\u00fcpft in ihrem Roman historisches Material, Recherche- und Rekonstruktionsarbeit mit pers\u00f6nlichen Erfahrungen, Verlusten und \u00c4ngsten \u2013 und beleuchtet, was Geschichte bedeutet f\u00fcr Landschaften und K\u00f6rper.<\/p>\n<p>Mina Hava, geboren 1998, studierte Globalgeschichte und Wissenschaftsforschung an der Eidgen\u00f6ssischen Technischen Hochschule in Z\u00fcrich sowie Literarisches Schreiben am Deutschen Literaturinstitut in Leipzig.<\/p>\n<p>Verlag: <a href=\"https:\/\/www.suhrkamp.de\/buch\/mina-hava-fuer-seka-t-9783518431115\" target=\"_blank\" rel=\"noopener\">Suhrkamp<\/a><\/p>\n<p>Foto: Heike Steinweg<\/p>\n<p>literaturtelefon-online.de | Telefon: 0431\/901-8888<\/p>\n<\/div>\n","protected":false},"excerpt":{"rendered":"<p>Am Literaturtelefon unter der Rufnummer 0431\/901-8888 und auf www.literaturtelefon-online.de liest die Schweizer Autorin Mina Hava aus ihrem Deb\u00fctroman \u201eF\u00fcr Seka\u201c, eine Geschichte vom Verlassen und Verlassenwerden. Die Live-Aufnahme entstand bei einer Lesung am 11. Juli 2023 in der Reihe \u201eSprachkunst\u201c an der Muthesius Kunsthochschule Kiel. Der Roman erz\u00e4hlt von Seka, die mit Anfang 20 nach [&hellip;]<\/p>\n","protected":false},"author":6,"featured_media":0,"parent":4857,"menu_order":2,"comment_status":"closed","ping_status":"closed","template":"","meta":{"footnotes":""},"class_list":["post-4965","page","type-page","status-publish","hentry"],"_links":{"self":[{"href":"http:\/\/www.literaturtelefon-online.de\/index.php?rest_route=\/wp\/v2\/pages\/4965","targetHints":{"allow":["GET"]}}],"collection":[{"href":"http:\/\/www.literaturtelefon-online.de\/index.php?rest_route=\/wp\/v2\/pages"}],"about":[{"href":"http:\/\/www.literaturtelefon-online.de\/index.php?rest_route=\/wp\/v2\/types\/page"}],"author":[{"embeddable":true,"href":"http:\/\/www.literaturtelefon-online.de\/index.php?rest_route=\/wp\/v2\/users\/6"}],"replies":[{"embeddable":true,"href":"http:\/\/www.literaturtelefon-online.de\/index.php?rest_route=%2Fwp%2Fv2%2Fcomments&post=4965"}],"version-history":[{"count":5,"href":"http:\/\/www.literaturtelefon-online.de\/index.php?rest_route=\/wp\/v2\/pages\/4965\/revisions"}],"predecessor-version":[{"id":4972,"href":"http:\/\/www.literaturtelefon-online.de\/index.php?rest_route=\/wp\/v2\/pages\/4965\/revisions\/4972"}],"up":[{"embeddable":true,"href":"http:\/\/www.literaturtelefon-online.de\/index.php?rest_route=\/wp\/v2\/pages\/4857"}],"wp:attachment":[{"href":"http:\/\/www.literaturtelefon-online.de\/index.php?rest_route=%2Fwp%2Fv2%2Fmedia&parent=4965"}],"curies":[{"name":"wp","href":"https:\/\/api.w.org\/{rel}","templated":true}]}}

<div style="text-align: justify;">
<p>Am Literaturtelefon unter der Rufnummer 0431/901-8888 und auf www.literaturtelefon-online.de liest die Schweizer Autorin Mina Hava aus ihrem Debütroman <em>„Für Seka“</em>, eine Geschichte vom Verlassen und Verlassenwerden. Die Live-Aufnahme entstand bei einer Lesung am 11. Juli 2023 in der Reihe „Sprachkunst“ an der Muthesius Kunsthochschule Kiel.</p>
<p><!--[if lt IE 9]><script>document.createElement('audio');</script><![endif]-->
<audio class="wp-audio-shortcode" id="audio-4965-1" preload="none" style="width: 100%;" controls="controls"><source type="audio/mpeg" src="http://www.literaturtelefon-online.de/wp-content/uploads/2023/12/mina_hava_fuer_seka.mp3?_=1" /><a href="http://www.literaturtelefon-online.de/wp-content/uploads/2023/12/mina_hava_fuer_seka.mp3">http://www.literaturtelefon-online.de/wp-content/uploads/2023/12/mina_hava_fuer_seka.mp3</a></audio><br />
<br />
<img loading="lazy" decoding="async" style="margin-left: 40px;" src="http://www.literaturtelefon-online.de/wp-content/uploads/2023/12/mina_hava.jpg" alt="" width="300" height="326" class="alignright size-full wp-image-4969" srcset="http://www.literaturtelefon-online.de/wp-content/uploads/2023/12/mina_hava.jpg 300w, http://www.literaturtelefon-online.de/wp-content/uploads/2023/12/mina_hava-276x300.jpg 276w" sizes="auto, (max-width: 300px) 100vw, 300px" />Der Roman erzählt von Seka, die mit Anfang 20 nach den Spuren ihrer zerbrochenen Familie und ihres bisherigen Lebens sucht. Sie rekonstruiert den Weg ihrer Eltern aus Bosnien in die Schweiz und fragt nach den Verbindungen, den Fäden zu ihr. Dabei stößt sie auf das Gefangenenlager in Omarska in den 1990er Jahren und auf einen Brief, der sie weiter nach Den Haag und Genf führt, später ins Berner Oberland. Und sie stellt fest, dass in Omarska heute Erz in den Minen abgebaut wird, als hätte es die Geschichte eines fast schon vergessenen Krieges in Europa nicht gegeben. Dabei wirken die Versehrungen der Vergangenheit bis in die Gegenwart fort.</p>
<p>Die Autorin verknüpft in ihrem Roman historisches Material, Recherche- und Rekonstruktionsarbeit mit persönlichen Erfahrungen, Verlusten und Ängsten – und beleuchtet, was Geschichte bedeutet für Landschaften und Körper.</p>
<p>Mina Hava, geboren 1998, studierte Globalgeschichte und Wissenschaftsforschung an der Eidgenössischen Technischen Hochschule in Zürich sowie Literarisches Schreiben am Deutschen Literaturinstitut in Leipzig.</p>
<p>Verlag: <a href="https://www.suhrkamp.de/buch/mina-hava-fuer-seka-t-9783518431115" target="_blank" rel="noopener">Suhrkamp</a></p>
<p>Foto: Heike Steinweg</p>
<p>literaturtelefon-online.de | Telefon: 0431/901-8888</p>
</div>

<p>Am Literaturtelefon unter der Rufnummer 0431/901-8888 und auf www.literaturtelefon-online.de liest die Schweizer Autorin Mina Hava aus ihrem Debütroman „Für Seka“, eine Geschichte vom Verlassen und Verlassenwerden. Die Live-Aufnahme entstand bei einer Lesung am 11. Juli 2023 in der Reihe „Sprachkunst“ an der Muthesius Kunsthochschule Kiel. Der Roman erzählt von Seka, die mit Anfang 20 nach [&hellip;]</p>
