{"id":4798,"date":"2023-07-02T14:25:57","date_gmt":"2023-07-02T12:25:57","guid":{"rendered":"http:\/\/www.literaturtelefon-online.de\/?page_id=4798"},"modified":"2023-08-14T12:14:20","modified_gmt":"2023-08-14T10:14:20","slug":"dara-brexendorf","status":"publish","type":"page","link":"http:\/\/www.literaturtelefon-online.de\/?page_id=4798","title":{"rendered":"Dara Brexendorf"},"content":{"rendered":"<div style=\"text-align: justify;\">\n<p>Am Literaturtelefon unter der Rufnummer 0431\/901-8888 und auf www.literaturtelefon-online.de liest die Kieler Autorin Dara Brexendorf aus ihrer im April 2023 in der \u201egr\u00fcnen Reihe\u201c des SuKuLTuR Verlags Berlin\/Hamburg erschienenen Erz\u00e4hlung <em>\u201eRestw\u00e4rme\u201c<\/em>.<\/p>\n<p><!--[if lt IE 9]><script>document.createElement('audio');<\/script><![endif]-->\n<audio class=\"wp-audio-shortcode\" id=\"audio-4798-1\" preload=\"none\" style=\"width: 100%;\" controls=\"controls\"><source type=\"audio\/mpeg\" src=\"http:\/\/www.literaturtelefon-online.de\/wp-content\/uploads\/2023\/06\/dara_brexendorf_restwaerme.mp3?_=1\" \/><a href=\"http:\/\/www.literaturtelefon-online.de\/wp-content\/uploads\/2023\/06\/dara_brexendorf_restwaerme.mp3\">http:\/\/www.literaturtelefon-online.de\/wp-content\/uploads\/2023\/06\/dara_brexendorf_restwaerme.mp3<\/a><\/audio><br \/>\n<br \/>\n<em>\u201eRestw\u00e4rme\u201c <\/em>erz\u00e4hlt die Geschichte zweier Brachen: Da ist die gro\u00dfe, von wilder Natur erf\u00fcllte Brache, die f\u00fcr ein Gewerbegebiet versiegelt wird (der Pr\u00fcner Schlag in Kiel ist deutlich erkennbar), und da ist die kleine, seit Jahren ungenutzte Schrebergartenparzelle, die wieder als Garten in Gebrauch genommen wird. Eine Gruppe junger Menschen verbindet diese beiden Gebiete, indem sie von dem einen Abschied nehmen muss und langsam in dem anderen ankommt.<\/p>\n<p><img loading=\"lazy\" decoding=\"async\" class=\"alignright size-full wp-image-4772\" style=\"margin-left: 40px;\" src=\"http:\/\/www.literaturtelefon-online.de\/wp-content\/uploads\/2023\/06\/dara_brexendorf.jpg\" alt=\"\" width=\"300\" height=\"453\" srcset=\"http:\/\/www.literaturtelefon-online.de\/wp-content\/uploads\/2023\/06\/dara_brexendorf.jpg 300w, http:\/\/www.literaturtelefon-online.de\/wp-content\/uploads\/2023\/06\/dara_brexendorf-199x300.jpg 199w\" sizes=\"auto, (max-width: 300px) 100vw, 300px\" \/>Mit Konzentration und Behutsamkeit erz\u00e4hlt Dara Brexendorf von einem gro\u00dfen Verlust und einer kleinen R\u00fcckgewinnung, die doch im Inneren der Protagonist*innen nicht einfach zu verrechnen sind. Die Neulinge im Garten nehmen F\u00fchlung auf mit Pflanzen, die in ihrer Obhut stehen, sch\u00e4rfen ihren Blick f\u00fcr das Detail der Natur und finden sich nicht nur im Biotop, sondern auch im Soziotop des Schrebergartens ein.<\/p>\n<p>In aller Stille stellt <em>\u201e<\/em><em>Restw\u00e4rme\u201c <\/em>deutlich vor Augen, welches Ungleichgewicht zwischen Privatinitiative und wirtschaftlich motivierter Zerst\u00f6rung besteht, und welche Auswirkungen es, einerseits und andererseits, hat, wenn sich Menschen eines Terrains annehmen. (Tobias Roth)<\/p>\n<p>Dara Brexendorf wurde 1991 in Kiel geboren und wuchs an der Ostsee auf. Sie studierte u.a. Literarisches Schreiben und Lektorieren am Literaturinstitut in Hildesheim. Seit 2015 ist sie Mitherausgeberin des Literaturmagazins <a href=\"https:\/\/derschnipsel.org\/\" target=\"_blank\" rel=\"noopener\">\u201eDer Schnipsel\u201c<\/a>, veranstaltet Lesungen und gibt Schreibworkshops. Aktuelle Ver\u00f6ffentlichungen sind in Anthologien und Literaturzeitschriften wie der \u201eBELLA triste\u201c, \u201eDas Narr\u201c, \u201eLandpartie\u201c, \u201eDer Blaue Salon\u201c oder im <a href=\"https:\/\/open.spotify.com\/intl-de\/artist\/24KuZfsavDeX84YMkBehqF\" target=\"_blank\" rel=\"noopener\">Audiowalk \u201eMarzipanflexen\u201c<\/a> zu finden.\u00a0Momentan arbeitet sie an ihrem Deb\u00fctroman.<\/p>\n<p>Die <a href=\"https:\/\/sukultur.de\/produkt-kategorie\/die-gruene-reihe\/\" target=\"_blank\" rel=\"noopener\">\u201egr\u00fcne Reihe\u201c im SuKuLTuR Verlag<\/a> Berlin\/Hamburg, herausgegeben von Tobias Roth und illustriert von Petrus Akkordeon, erscheint seit 2021 und versammelt Texte des Gartens. Texte \u00fcber den, aus dem, durch den und f\u00fcr den Garten. Es geht um praktische Tipps, theoretische \u00dcberlegung, betrachtende Begeisterung, w\u00fctende Analyse, peinliche Erkenntnis, betr\u00fcbten Befund und das Erlebnis der Sch\u00f6nheit.<\/p>\n<p>Autorin: <a href=\"http:\/\/www.darabrexendorf.de\" target=\"_blank\" rel=\"noopener\">www.darabrexendorf.de<\/a><\/p>\n<p>Verlag: <a href=\"https:\/\/sukultur.de\/produkt\/dara-brexendorf-restwaerme-dgr-8\/\" target=\"_blank\" rel=\"noopener\">SuKuLTuR Verlag<\/a><\/p>\n<p>Foto: Corinna Haug<\/p>\n<p>literaturtelefon-online.de | Telefon: 0431\/901-8888<\/p>\n<\/div>\n","protected":false},"excerpt":{"rendered":"<p>Am Literaturtelefon unter der Rufnummer 0431\/901-8888 und auf www.literaturtelefon-online.de liest die Kieler Autorin Dara Brexendorf aus ihrer im April 2023 in der \u201egr\u00fcnen Reihe\u201c des SuKuLTuR Verlags Berlin\/Hamburg erschienenen Erz\u00e4hlung \u201eRestw\u00e4rme\u201c. \u201eRestw\u00e4rme\u201c erz\u00e4hlt die Geschichte zweier Brachen: Da ist die gro\u00dfe, von wilder Natur erf\u00fcllte Brache, die f\u00fcr ein Gewerbegebiet versiegelt wird (der Pr\u00fcner Schlag [&hellip;]<\/p>\n","protected":false},"author":6,"featured_media":0,"parent":4760,"menu_order":2,"comment_status":"closed","ping_status":"closed","template":"","meta":{"footnotes":""},"class_list":["post-4798","page","type-page","status-publish","hentry"],"_links":{"self":[{"href":"http:\/\/www.literaturtelefon-online.de\/index.php?rest_route=\/wp\/v2\/pages\/4798","targetHints":{"allow":["GET"]}}],"collection":[{"href":"http:\/\/www.literaturtelefon-online.de\/index.php?rest_route=\/wp\/v2\/pages"}],"about":[{"href":"http:\/\/www.literaturtelefon-online.de\/index.php?rest_route=\/wp\/v2\/types\/page"}],"author":[{"embeddable":true,"href":"http:\/\/www.literaturtelefon-online.de\/index.php?rest_route=\/wp\/v2\/users\/6"}],"replies":[{"embeddable":true,"href":"http:\/\/www.literaturtelefon-online.de\/index.php?rest_route=%2Fwp%2Fv2%2Fcomments&post=4798"}],"version-history":[{"count":1,"href":"http:\/\/www.literaturtelefon-online.de\/index.php?rest_route=\/wp\/v2\/pages\/4798\/revisions"}],"predecessor-version":[{"id":4799,"href":"http:\/\/www.literaturtelefon-online.de\/index.php?rest_route=\/wp\/v2\/pages\/4798\/revisions\/4799"}],"up":[{"embeddable":true,"href":"http:\/\/www.literaturtelefon-online.de\/index.php?rest_route=\/wp\/v2\/pages\/4760"}],"wp:attachment":[{"href":"http:\/\/www.literaturtelefon-online.de\/index.php?rest_route=%2Fwp%2Fv2%2Fmedia&parent=4798"}],"curies":[{"name":"wp","href":"https:\/\/api.w.org\/{rel}","templated":true}]}}

<div style="text-align: justify;">
<p>Am Literaturtelefon unter der Rufnummer 0431/901-8888 und auf www.literaturtelefon-online.de liest die Kieler Autorin Dara Brexendorf aus ihrer im April 2023 in der „grünen Reihe“ des SuKuLTuR Verlags Berlin/Hamburg erschienenen Erzählung <em>„Restwärme“</em>.</p>
<p><!--[if lt IE 9]><script>document.createElement('audio');</script><![endif]-->
<audio class="wp-audio-shortcode" id="audio-4798-1" preload="none" style="width: 100%;" controls="controls"><source type="audio/mpeg" src="http://www.literaturtelefon-online.de/wp-content/uploads/2023/06/dara_brexendorf_restwaerme.mp3?_=1" /><a href="http://www.literaturtelefon-online.de/wp-content/uploads/2023/06/dara_brexendorf_restwaerme.mp3">http://www.literaturtelefon-online.de/wp-content/uploads/2023/06/dara_brexendorf_restwaerme.mp3</a></audio><br />
<br />
<em>„Restwärme“ </em>erzählt die Geschichte zweier Brachen: Da ist die große, von wilder Natur erfüllte Brache, die für ein Gewerbegebiet versiegelt wird (der Prüner Schlag in Kiel ist deutlich erkennbar), und da ist die kleine, seit Jahren ungenutzte Schrebergartenparzelle, die wieder als Garten in Gebrauch genommen wird. Eine Gruppe junger Menschen verbindet diese beiden Gebiete, indem sie von dem einen Abschied nehmen muss und langsam in dem anderen ankommt.</p>
<p><img loading="lazy" decoding="async" class="alignright size-full wp-image-4772" style="margin-left: 40px;" src="http://www.literaturtelefon-online.de/wp-content/uploads/2023/06/dara_brexendorf.jpg" alt="" width="300" height="453" srcset="http://www.literaturtelefon-online.de/wp-content/uploads/2023/06/dara_brexendorf.jpg 300w, http://www.literaturtelefon-online.de/wp-content/uploads/2023/06/dara_brexendorf-199x300.jpg 199w" sizes="auto, (max-width: 300px) 100vw, 300px" />Mit Konzentration und Behutsamkeit erzählt Dara Brexendorf von einem großen Verlust und einer kleinen Rückgewinnung, die doch im Inneren der Protagonist*innen nicht einfach zu verrechnen sind. Die Neulinge im Garten nehmen Fühlung auf mit Pflanzen, die in ihrer Obhut stehen, schärfen ihren Blick für das Detail der Natur und finden sich nicht nur im Biotop, sondern auch im Soziotop des Schrebergartens ein.</p>
<p>In aller Stille stellt <em>„</em><em>Restwärme“ </em>deutlich vor Augen, welches Ungleichgewicht zwischen Privatinitiative und wirtschaftlich motivierter Zerstörung besteht, und welche Auswirkungen es, einerseits und andererseits, hat, wenn sich Menschen eines Terrains annehmen. (Tobias Roth)</p>
<p>Dara Brexendorf wurde 1991 in Kiel geboren und wuchs an der Ostsee auf. Sie studierte u.a. Literarisches Schreiben und Lektorieren am Literaturinstitut in Hildesheim. Seit 2015 ist sie Mitherausgeberin des Literaturmagazins <a href="https://derschnipsel.org/" target="_blank" rel="noopener">„Der Schnipsel“</a>, veranstaltet Lesungen und gibt Schreibworkshops. Aktuelle Veröffentlichungen sind in Anthologien und Literaturzeitschriften wie der „BELLA triste“, „Das Narr“, „Landpartie“, „Der Blaue Salon“ oder im <a href="https://open.spotify.com/intl-de/artist/24KuZfsavDeX84YMkBehqF" target="_blank" rel="noopener">Audiowalk „Marzipanflexen“</a> zu finden. Momentan arbeitet sie an ihrem Debütroman.</p>
<p>Die <a href="https://sukultur.de/produkt-kategorie/die-gruene-reihe/" target="_blank" rel="noopener">„grüne Reihe“ im SuKuLTuR Verlag</a> Berlin/Hamburg, herausgegeben von Tobias Roth und illustriert von Petrus Akkordeon, erscheint seit 2021 und versammelt Texte des Gartens. Texte über den, aus dem, durch den und für den Garten. Es geht um praktische Tipps, theoretische Überlegung, betrachtende Begeisterung, wütende Analyse, peinliche Erkenntnis, betrübten Befund und das Erlebnis der Schönheit.</p>
<p>Autorin: <a href="http://www.darabrexendorf.de" target="_blank" rel="noopener">www.darabrexendorf.de</a></p>
<p>Verlag: <a href="https://sukultur.de/produkt/dara-brexendorf-restwaerme-dgr-8/" target="_blank" rel="noopener">SuKuLTuR Verlag</a></p>
<p>Foto: Corinna Haug</p>
<p>literaturtelefon-online.de | Telefon: 0431/901-8888</p>
</div>

<p>Am Literaturtelefon unter der Rufnummer 0431/901-8888 und auf www.literaturtelefon-online.de liest die Kieler Autorin Dara Brexendorf aus ihrer im April 2023 in der „grünen Reihe“ des SuKuLTuR Verlags Berlin/Hamburg erschienenen Erzählung „Restwärme“. „Restwärme“ erzählt die Geschichte zweier Brachen: Da ist die große, von wilder Natur erfüllte Brache, die für ein Gewerbegebiet versiegelt wird (der Prüner Schlag [&hellip;]</p>
