{"id":4785,"date":"2023-07-01T21:43:59","date_gmt":"2023-07-01T19:43:59","guid":{"rendered":"http:\/\/www.literaturtelefon-online.de\/?page_id=4785"},"modified":"2023-07-16T20:51:17","modified_gmt":"2023-07-16T18:51:17","slug":"anja-ross","status":"publish","type":"page","link":"http:\/\/www.literaturtelefon-online.de\/?page_id=4785","title":{"rendered":"Anja Ross"},"content":{"rendered":"<div style=\"text-align: justify;\">\n<p>Am Literaturtelefon unter der Rufnummer 0431\/901-8888 und auf www.literaturtelefon-online.de liest die Kieler Lyrikerin Anja Ross aus ihrem Gedichtband: <em>\u201efischkind\u201c<\/em>, der im Februar 2023 in der von Anton G. Leitner herausgegebenen Reihe Poesie 21 im Verlag Steinmeier (Deiningen bei M\u00fcnchen) erschien.<\/p>\n<p><!--[if lt IE 9]><script>document.createElement('audio');<\/script><![endif]-->\n<audio class=\"wp-audio-shortcode\" id=\"audio-4785-1\" preload=\"none\" style=\"width: 100%;\" controls=\"controls\"><source type=\"audio\/mpeg\" src=\"http:\/\/www.literaturtelefon-online.de\/wp-content\/uploads\/2023\/06\/anja_ross_fischkind.mp3?_=1\" \/><a href=\"http:\/\/www.literaturtelefon-online.de\/wp-content\/uploads\/2023\/06\/anja_ross_fischkind.mp3\">http:\/\/www.literaturtelefon-online.de\/wp-content\/uploads\/2023\/06\/anja_ross_fischkind.mp3<\/a><\/audio><br \/>\n<br \/>\nDer Band <em>\u201efischkind\u201c<\/em>, gef\u00f6rdert von der Sparkassenstiftung SH in Kooperation mit dem Nordkolleg Rendsburg, versammelt Gedichte aus drei Jahrzehnten und gibt einen umfassenden Einblick in das Werk von Anja Ross. Der genaue Blick dieser Lyrikerin richtet sich sowohl auf die Gegenwart als auch auf literaturgeschichtliche Kontexte und verdichtet das Beobachtete zu poetischen Momenten von nachhaltiger Sinnesf\u00fclle.<\/p>\n<p><img loading=\"lazy\" decoding=\"async\" style=\"margin-left: 40px;\" src=\"http:\/\/www.literaturtelefon-online.de\/wp-content\/uploads\/2023\/06\/anja_ross.jpg\" alt=\"\" width=\"300\" height=\"426\" class=\"alignright size-full wp-image-4770\" srcset=\"http:\/\/www.literaturtelefon-online.de\/wp-content\/uploads\/2023\/06\/anja_ross.jpg 300w, http:\/\/www.literaturtelefon-online.de\/wp-content\/uploads\/2023\/06\/anja_ross-211x300.jpg 211w\" sizes=\"auto, (max-width: 300px) 100vw, 300px\" \/>Kerstin Hensel schreibt in ihrem Nachwort: \u201eAnja Ross besitzt den \u00e4sthetischen Blick, der Sinn\u00fcbergreifendes m\u00f6glich macht. [&#8230;] Er basiert auf genauer Wahrnehmung und changiert zwischen Sch\u00e4rfe und Zur\u00fcckhaltung, Sch\u00f6nheit und Gef\u00e4hrdung.\u201c<\/p>\n<p>Da ist der \u201ekran am kai\u201c und \u201ezieht den mond hoch\u201c, w\u00e4hrend \u201eleere eisenwaggons\u201c still stehen und \u201eam abend untergehende sonne geladen\u201c haben. Da sind \u201eschnelle kleine klopfzeichen\u201c zu vernehmen, und gleichzeitig \u201everhallt\u201c die eigene Stimme \u201evor verschlossener t\u00fcr\u201c. In konzentrierter, meist reduzierter Sprache bezieht Anja Ross Stellung zum Zustand der Welt.<\/p>\n<p>Anja Ross wurde 1963 in Kiel geboren, wo sie heute wieder lebt. Ihr Studium der Literaturwissenschaft und Kunstgeschichte in Hamburg schloss sie mit einer Promotion \u00fcber den Lyriker Rudolf Stibill ab.<\/p>\n<p>Seit 1993 ver\u00f6ffentlicht sie Lyrik, Prosa und journalistische Texte in Zeitschriften wie \u201endl\u201c (Aufbau-Verlag Berlin), \u201eLichtungen\u201c (Graz), \u201eDas Gedicht\u201c (We\u00dfling bei M\u00fcnchen) und Anthologien, zuletzt in: <em>\u201eDie Bienen halten die Uhren auf \u2013 Naturgedichte\u201c<\/em>, Hrsg. Anton G. Leitner, 2020 (Reclam Verlag Stuttgart).<\/p>\n<p>Anja Ross gab zusammen mit Henning Ahrens und Verena Weisbecker die Literaturzeitschrift \u201eWORT.\u201c heraus. Ihr Dokumentarfilm <em>\u201eWege am Wasser\u201c<\/em> (2017) \u00fcber Leben und Werk ihrer Eltern, der Maler Dagmar Schulze-Ro\u00df und Alfred Ro\u00df, wurde gef\u00f6rdert durch die Filmf\u00f6rderung Hamburg Schleswig-Holstein und die Sparkassenstiftung SH.<\/p>\n<p>Anja Ross war bereits mit ihrer Kurzgeschichte <a href=\"http:\/\/www.literaturtelefon-online.de\/?page_id=1650\"><em>\u201eDie beiden Portr\u00e4ts\u201c<\/em> im August 2015 am Literaturtelefon zu h\u00f6ren<\/a>.<\/p>\n<p>Autorin: <a href=\"http:\/\/www.anjaross.de\" target=\"_blank\" rel=\"noopener\">www.anjaross.de<\/a><\/p>\n<p>Reihe Poesie 21 im Verlag Steinmeier: <a href=\"http:\/\/www.poesie21.de\" target=\"_blank\" rel=\"noopener\">www.poesie21.de<\/a><\/p>\n<p><a href=\"https:\/\/aglv.com\/p\/anja-ross-fischkind\" target=\"_blank\" rel=\"noopener\">Verlagsseite zu <em>\u201efischkind\u201c<\/em><\/a><\/p>\n<p><a href=\"https:\/\/dasgedichtblog.de\/romantikerin-der-jetztzeit-umfassend-zu-erleben-fischkind-von-anja-ross-zeigt-30-jahre-dichterischen-schaffens\/2023\/04\/23\/\" target=\"_blank\" rel=\"noopener\">Besprechung im Blog DAS GEDICHT<\/a><\/p>\n<p>Foto: Stephan Knauer<\/p>\n<p>literaturtelefon-online.de | Telefon: 0431\/901-8888<\/p>\n<\/div>\n","protected":false},"excerpt":{"rendered":"<p>Am Literaturtelefon unter der Rufnummer 0431\/901-8888 und auf www.literaturtelefon-online.de liest die Kieler Lyrikerin Anja Ross aus ihrem Gedichtband: \u201efischkind\u201c, der im Februar 2023 in der von Anton G. Leitner herausgegebenen Reihe Poesie 21 im Verlag Steinmeier (Deiningen bei M\u00fcnchen) erschien. Der Band \u201efischkind\u201c, gef\u00f6rdert von der Sparkassenstiftung SH in Kooperation mit dem Nordkolleg Rendsburg, versammelt [&hellip;]<\/p>\n","protected":false},"author":6,"featured_media":0,"parent":4747,"menu_order":2,"comment_status":"closed","ping_status":"closed","template":"","meta":{"footnotes":""},"class_list":["post-4785","page","type-page","status-publish","hentry"],"_links":{"self":[{"href":"http:\/\/www.literaturtelefon-online.de\/index.php?rest_route=\/wp\/v2\/pages\/4785","targetHints":{"allow":["GET"]}}],"collection":[{"href":"http:\/\/www.literaturtelefon-online.de\/index.php?rest_route=\/wp\/v2\/pages"}],"about":[{"href":"http:\/\/www.literaturtelefon-online.de\/index.php?rest_route=\/wp\/v2\/types\/page"}],"author":[{"embeddable":true,"href":"http:\/\/www.literaturtelefon-online.de\/index.php?rest_route=\/wp\/v2\/users\/6"}],"replies":[{"embeddable":true,"href":"http:\/\/www.literaturtelefon-online.de\/index.php?rest_route=%2Fwp%2Fv2%2Fcomments&post=4785"}],"version-history":[{"count":6,"href":"http:\/\/www.literaturtelefon-online.de\/index.php?rest_route=\/wp\/v2\/pages\/4785\/revisions"}],"predecessor-version":[{"id":4791,"href":"http:\/\/www.literaturtelefon-online.de\/index.php?rest_route=\/wp\/v2\/pages\/4785\/revisions\/4791"}],"up":[{"embeddable":true,"href":"http:\/\/www.literaturtelefon-online.de\/index.php?rest_route=\/wp\/v2\/pages\/4747"}],"wp:attachment":[{"href":"http:\/\/www.literaturtelefon-online.de\/index.php?rest_route=%2Fwp%2Fv2%2Fmedia&parent=4785"}],"curies":[{"name":"wp","href":"https:\/\/api.w.org\/{rel}","templated":true}]}}