{"id":4713,"date":"2023-04-25T21:09:06","date_gmt":"2023-04-25T19:09:06","guid":{"rendered":"http:\/\/www.literaturtelefon-online.de\/?page_id=4713"},"modified":"2023-05-07T22:29:09","modified_gmt":"2023-05-07T20:29:09","slug":"ilse-behl","status":"publish","type":"page","link":"http:\/\/www.literaturtelefon-online.de\/?page_id=4713","title":{"rendered":"Ilse Behl"},"content":{"rendered":"<div style=\"text-align: justify;\">\n<p>Am Literaturtelefon unter 0431\/901-8888 und www.literaturtelefon-online.de liest Ilse Behl ihren Lyrikzyklus<em> \u201eMein Zeitgeh\u00f6ft \u2013 Eine Anleihe bei Paul Celan\u201c<\/em>, der Mitte April 2023 im Selbstverlag erschienen und bei der Autorin per E-Mail an <a href=\"mailto:ilse.behl@web.de\" target=\"_blank\" rel=\"noopener\">ilse.behl@web.de<\/a> bestellbar ist.<\/p>\n<p><!--[if lt IE 9]><script>document.createElement('audio');<\/script><![endif]-->\n<audio class=\"wp-audio-shortcode\" id=\"audio-4713-1\" preload=\"none\" style=\"width: 100%;\" controls=\"controls\"><source type=\"audio\/mpeg\" src=\"http:\/\/www.literaturtelefon-online.de\/wp-content\/uploads\/2023\/04\/ilse_behl_mein_zeitgehoeft.mp3?_=1\" \/><a href=\"http:\/\/www.literaturtelefon-online.de\/wp-content\/uploads\/2023\/04\/ilse_behl_mein_zeitgehoeft.mp3\">http:\/\/www.literaturtelefon-online.de\/wp-content\/uploads\/2023\/04\/ilse_behl_mein_zeitgehoeft.mp3<\/a><\/audio><br \/>\n<br \/>\n<img loading=\"lazy\" decoding=\"async\" class=\"alignright size-full wp-image-4210\" style=\"margin-left: 40px;\" src=\"http:\/\/www.literaturtelefon-online.de\/wp-content\/uploads\/2021\/12\/ilse_behl.jpg\" alt=\"\" width=\"300\" height=\"420\" srcset=\"http:\/\/www.literaturtelefon-online.de\/wp-content\/uploads\/2021\/12\/ilse_behl.jpg 300w, http:\/\/www.literaturtelefon-online.de\/wp-content\/uploads\/2021\/12\/ilse_behl-214x300.jpg 214w\" sizes=\"auto, (max-width: 300px) 100vw, 300px\" \/>Sie schreibe, um \u201eins Herz der Sprache vorzudringen und Sprachsch\u00e4tzen auf den Grund zu kommen\u201c, sagt Ilse Behl. So auch in ihrem neuesten Lyrikzyklus <em>\u201eMein Zeitgeh\u00f6ft\u201c<\/em>, dessen Titel der Dichtung Paul Celans entlehnt ist. Ihr \u201eZeitgeh\u00f6ft\u201c aus einem Prolog und 18 Gedichten, die Orte, Heimaten, Augenblicke oder auch kleine Ewigkeiten beschreiben, \u201eerhellt ein zeitlich begrenztes Umfeld des t\u00e4glichen Lebens und macht es durch eigene Findungen aktuell und daher wirkungsvoll\u201c.<\/p>\n<p>Mit diesem poetischen Procedere, das real (Vor-)Gefundenes und Erlebtes mit der Erfahrung von Transzendenz verbindet, verschmilzt und ineinander verwebt \u2013 \u201eMomentaufnahme im Hier und Jetzt, um etwas Transzendentes zu erfassen\u201c \u2013, kn\u00fcpft die Autorin an fr\u00fchere ihrer Lyrikzyklen an, namentlich <em>\u201eEngel \u2013 auf der Spur\u201c<\/em> (2003) und <em>\u201eDer Sekundenengel\u201c<\/em> (2021), welcher letztere aus einer Auseinandersetzung mit Paul Klees Strichzeichnungen und Gem\u00e4lden von Engeln hervorging.<\/p>\n<p>Ilse Behl lebt und arbeitet in Kiel. In regelm\u00e4\u00dfigen Abst\u00e4nden erschienen ab 1980 B\u00fccher vor allem f\u00fcr junge Leser*innen, Texte zur modernen Kunst und f\u00fcr Zeitungen. Sie veranstaltet Workshops und Schreibwerkst\u00e4tten auf der Grundlage eines kreativen Selbstverst\u00e4ndnisses. Damit m\u00f6chte sie die Beteiligten zum Selberschreiben anregen. Ilse Behl gewann den \u201eHans im Gl\u00fcck-Preis\u201c \u2013 Jugend- und Kinderbuchpreis der Stadt Limburg\/Lahn \u2013 und den Hebbel-Preis und ist im B\u00f6decker-Kreis aktiv.<\/p>\n<p>Am Literaturtelefon las Ilse Behl zuletzt <a href=\"http:\/\/www.literaturtelefon-online.de\/?page_id=4212\" target=\"_blank\" rel=\"noopener\">im Dezember 2021 ihren Lyrikzyklus <em>\u201e<\/em><em>Der Sekundenengel\u201c<\/em><\/a>.<\/p>\n<p><a href=\"https:\/\/de.wikipedia.org\/wiki\/Ilse_Behl\" target=\"_blank\" rel=\"noopener\">Wikipedia \u00fcber die Autorin<\/a><\/p>\n<p>Foto: J\u00f6rg Meyer<\/p>\n<p>literaturtelefon-online.de | Telefon: 0431\/901-8888<\/p>\n<\/div>\n","protected":false},"excerpt":{"rendered":"<p>Am Literaturtelefon unter 0431\/901-8888 und www.literaturtelefon-online.de liest Ilse Behl ihren Lyrikzyklus \u201eMein Zeitgeh\u00f6ft \u2013 Eine Anleihe bei Paul Celan\u201c, der Mitte April 2023 im Selbstverlag erschienen und bei der Autorin per E-Mail an ilse.behl@web.de bestellbar ist. Sie schreibe, um \u201eins Herz der Sprache vorzudringen und Sprachsch\u00e4tzen auf den Grund zu kommen\u201c, sagt Ilse Behl. So [&hellip;]<\/p>\n","protected":false},"author":6,"featured_media":0,"parent":4694,"menu_order":2,"comment_status":"closed","ping_status":"closed","template":"","meta":{"footnotes":""},"class_list":["post-4713","page","type-page","status-publish","hentry"],"_links":{"self":[{"href":"http:\/\/www.literaturtelefon-online.de\/index.php?rest_route=\/wp\/v2\/pages\/4713","targetHints":{"allow":["GET"]}}],"collection":[{"href":"http:\/\/www.literaturtelefon-online.de\/index.php?rest_route=\/wp\/v2\/pages"}],"about":[{"href":"http:\/\/www.literaturtelefon-online.de\/index.php?rest_route=\/wp\/v2\/types\/page"}],"author":[{"embeddable":true,"href":"http:\/\/www.literaturtelefon-online.de\/index.php?rest_route=\/wp\/v2\/users\/6"}],"replies":[{"embeddable":true,"href":"http:\/\/www.literaturtelefon-online.de\/index.php?rest_route=%2Fwp%2Fv2%2Fcomments&post=4713"}],"version-history":[{"count":6,"href":"http:\/\/www.literaturtelefon-online.de\/index.php?rest_route=\/wp\/v2\/pages\/4713\/revisions"}],"predecessor-version":[{"id":4720,"href":"http:\/\/www.literaturtelefon-online.de\/index.php?rest_route=\/wp\/v2\/pages\/4713\/revisions\/4720"}],"up":[{"embeddable":true,"href":"http:\/\/www.literaturtelefon-online.de\/index.php?rest_route=\/wp\/v2\/pages\/4694"}],"wp:attachment":[{"href":"http:\/\/www.literaturtelefon-online.de\/index.php?rest_route=%2Fwp%2Fv2%2Fmedia&parent=4713"}],"curies":[{"name":"wp","href":"https:\/\/api.w.org\/{rel}","templated":true}]}}