{"id":4696,"date":"2023-03-23T21:36:21","date_gmt":"2023-03-23T19:36:21","guid":{"rendered":"http:\/\/www.literaturtelefon-online.de\/?page_id=4696"},"modified":"2023-04-23T22:14:44","modified_gmt":"2023-04-23T20:14:44","slug":"peter-stamm","status":"publish","type":"page","link":"http:\/\/www.literaturtelefon-online.de\/?page_id=4696","title":{"rendered":"Peter Stamm"},"content":{"rendered":"<div style=\"text-align: justify;\">\n<p>Am Literaturtelefon unter der Rufnummer 0431\/901-8888 und auf www.literaturtelefon-online.de liest Peter Stamm den Anfang seines im Januar 2023 im S. Fischer Verlag, Frankfurt a.M. erschienenen Romans <em>\u201e<\/em><em>In einer dunkelblauen Stunde\u201c<\/em>. Die Aufnahme entstand im Rahmen einer Lesung im Literaturhaus Schleswig-Holstein am 23.3.2023.<\/p>\n<p><!--[if lt IE 9]><script>document.createElement('audio');<\/script><![endif]-->\n<audio class=\"wp-audio-shortcode\" id=\"audio-4696-1\" preload=\"none\" style=\"width: 100%;\" controls=\"controls\"><source type=\"audio\/mpeg\" src=\"http:\/\/www.literaturtelefon-online.de\/wp-content\/uploads\/2023\/03\/peter_stamm_dunkelblaue_stunde.mp3?_=1\" \/><a href=\"http:\/\/www.literaturtelefon-online.de\/wp-content\/uploads\/2023\/03\/peter_stamm_dunkelblaue_stunde.mp3\">http:\/\/www.literaturtelefon-online.de\/wp-content\/uploads\/2023\/03\/peter_stamm_dunkelblaue_stunde.mp3<\/a><\/audio><br \/>\n<br \/>\nEine Dokumentarfilmerin, die einen Film \u00fcber einen Autor drehen m\u00f6chte. Ein Autor, der im Laufe des Romans auf sich warten l\u00e4sst. Viel mehr ben\u00f6tigt Peter Stamm nicht, um ein ausgekl\u00fcgeltes Wechselspiel zwischen Fiktion und Wirklichkeit zu inszenieren. Bei ersten Aufnahmen in Paris hatte der bekannte Schriftsteller Richard Wechsler wenig von sich preisgeben wollen und nun droht der ganze Film zu scheitern. In den kleinen Stra\u00dfen und Gassen des Ortes sucht die Regisseurin Andrea entgegen der Absprache nach Spuren von Wechslers Leben \u2013 doch so recht will dabei nichts herauskommen. Wechsler verweigert sich dem Spiel, die Regisseurin ist auf Mutma\u00dfungen und ihre Fantasie angewiesen, um die L\u00fccken zu f\u00fcllen, die seine Abwesenheit hinterlassen, bis sie schlie\u00dflich in seinen B\u00fcchern einen Hinweis auf eine Jugendliebe des Autors findet. Eine Jugendliebe, die sein ganzes Leben beeinflusst hat und von der nie jemand wusste.<\/p>\n<p><img loading=\"lazy\" decoding=\"async\" class=\"alignright size-full wp-image-4693\" style=\"margin-left: 40px;\" src=\"http:\/\/www.literaturtelefon-online.de\/wp-content\/uploads\/2023\/03\/peter_stamm.jpg\" alt=\"\" width=\"300\" height=\"450\" srcset=\"http:\/\/www.literaturtelefon-online.de\/wp-content\/uploads\/2023\/03\/peter_stamm.jpg 300w, http:\/\/www.literaturtelefon-online.de\/wp-content\/uploads\/2023\/03\/peter_stamm-200x300.jpg 200w\" sizes=\"auto, (max-width: 300px) 100vw, 300px\" \/>Souver\u00e4n und mit gro\u00dfer Leichtigkeit reizt Peter Stamm in seinem neunten Roman die M\u00f6glichkeiten des Erz\u00e4hlens aus.<\/p>\n<p>Peter Stamm, geboren 1963, studierte einige Semester Anglistik, Psychologie und Psychopathologie und \u00fcbte verschiedene Berufe aus, u.a. in Paris und New York. Er lebt in der Schweiz. Seit 1990 arbeitet er als freier Autor. Er schrieb mehr als ein Dutzend H\u00f6rspiele. Seit seinem Romandeb\u00fct <em>\u201eAgnes\u201c<\/em> (1998) erschienen sieben weitere Romane, f\u00fcnf Erz\u00e4hlungssammlungen und ein Band mit Theaterst\u00fccken, zuletzt die Romane <em>\u201eWeit \u00fcber das Land\u201c<\/em>, <em>\u201eDie sanfte Gleichg\u00fcltigkeit der Welt\u201c<\/em> und <em>\u201eDas Archiv der Gef\u00fchle\u201c<\/em> sowie die Erz\u00e4hlung <em>\u201eMarcia aus Vermont\u201c<\/em>. Unter dem Titel <em>\u201eDie Vertreibung aus dem Paradies\u201c<\/em> erschienen seine Bamberger Poetikvorlesungen. <em>\u201eDie sanfte Gleichg\u00fcltigkeit der Welt\u201c<\/em> wurde mit dem Schweizer Buchpreis 2018 ausgezeichnet.<\/p>\n<p>Mit einer Lesung aus seinem Roman <a href=\"http:\/\/www.literaturtelefon-online.de\/?page_id=1132\"><em>\u201eNacht ist der Tag\u201c<\/em><\/a> war Peter Stamm <a href=\"http:\/\/www.literaturtelefon-online.de\/?page_id=1132\">im Februar 2014 am Literaturtelefon Kiel zu h\u00f6ren<\/a>.<\/p>\n<p><a href=\"https:\/\/de.wikipedia.org\/wiki\/Peter_Stamm\" rel=\"noopener\" target=\"_blank\">Wikipedia \u00fcber den Autor<\/a><\/p>\n<p>Autor: <a href=\"http:\/\/www.peterstamm.ch\" rel=\"noopener\" target=\"_blank\">www.peterstamm.ch<\/a><\/p>\n<p>Verlag: <a href=\"https:\/\/www.fischerverlage.de\/buch\/peter-stamm-in-einer-dunkelblauen-stunde-9783103971286\" rel=\"noopener\" target=\"_blank\">S. Fischer Verlag, Frankfurt a.M.<\/a><\/p>\n<p>Foto: Anita Affentranger<\/p>\n<p>literaturtelefon-online.de | Telefon: 0431\/901-8888<\/p>\n<\/div>\n","protected":false},"excerpt":{"rendered":"<p>Am Literaturtelefon unter der Rufnummer 0431\/901-8888 und auf www.literaturtelefon-online.de liest Peter Stamm den Anfang seines im Januar 2023 im S. Fischer Verlag, Frankfurt a.M. erschienenen Romans \u201eIn einer dunkelblauen Stunde\u201c. Die Aufnahme entstand im Rahmen einer Lesung im Literaturhaus Schleswig-Holstein am 23.3.2023. Eine Dokumentarfilmerin, die einen Film \u00fcber einen Autor drehen m\u00f6chte. Ein Autor, der [&hellip;]<\/p>\n","protected":false},"author":6,"featured_media":0,"parent":4694,"menu_order":1,"comment_status":"closed","ping_status":"closed","template":"","meta":{"footnotes":""},"class_list":["post-4696","page","type-page","status-publish","hentry"],"_links":{"self":[{"href":"http:\/\/www.literaturtelefon-online.de\/index.php?rest_route=\/wp\/v2\/pages\/4696","targetHints":{"allow":["GET"]}}],"collection":[{"href":"http:\/\/www.literaturtelefon-online.de\/index.php?rest_route=\/wp\/v2\/pages"}],"about":[{"href":"http:\/\/www.literaturtelefon-online.de\/index.php?rest_route=\/wp\/v2\/types\/page"}],"author":[{"embeddable":true,"href":"http:\/\/www.literaturtelefon-online.de\/index.php?rest_route=\/wp\/v2\/users\/6"}],"replies":[{"embeddable":true,"href":"http:\/\/www.literaturtelefon-online.de\/index.php?rest_route=%2Fwp%2Fv2%2Fcomments&post=4696"}],"version-history":[{"count":7,"href":"http:\/\/www.literaturtelefon-online.de\/index.php?rest_route=\/wp\/v2\/pages\/4696\/revisions"}],"predecessor-version":[{"id":4704,"href":"http:\/\/www.literaturtelefon-online.de\/index.php?rest_route=\/wp\/v2\/pages\/4696\/revisions\/4704"}],"up":[{"embeddable":true,"href":"http:\/\/www.literaturtelefon-online.de\/index.php?rest_route=\/wp\/v2\/pages\/4694"}],"wp:attachment":[{"href":"http:\/\/www.literaturtelefon-online.de\/index.php?rest_route=%2Fwp%2Fv2%2Fmedia&parent=4696"}],"curies":[{"name":"wp","href":"https:\/\/api.w.org\/{rel}","templated":true}]}}

<div style="text-align: justify;">
<p>Am Literaturtelefon unter der Rufnummer 0431/901-8888 und auf www.literaturtelefon-online.de liest Peter Stamm den Anfang seines im Januar 2023 im S. Fischer Verlag, Frankfurt a.M. erschienenen Romans <em>„</em><em>In einer dunkelblauen Stunde“</em>. Die Aufnahme entstand im Rahmen einer Lesung im Literaturhaus Schleswig-Holstein am 23.3.2023.</p>
<p><!--[if lt IE 9]><script>document.createElement('audio');</script><![endif]-->
<audio class="wp-audio-shortcode" id="audio-4696-1" preload="none" style="width: 100%;" controls="controls"><source type="audio/mpeg" src="http://www.literaturtelefon-online.de/wp-content/uploads/2023/03/peter_stamm_dunkelblaue_stunde.mp3?_=1" /><a href="http://www.literaturtelefon-online.de/wp-content/uploads/2023/03/peter_stamm_dunkelblaue_stunde.mp3">http://www.literaturtelefon-online.de/wp-content/uploads/2023/03/peter_stamm_dunkelblaue_stunde.mp3</a></audio><br />
<br />
Eine Dokumentarfilmerin, die einen Film über einen Autor drehen möchte. Ein Autor, der im Laufe des Romans auf sich warten lässt. Viel mehr benötigt Peter Stamm nicht, um ein ausgeklügeltes Wechselspiel zwischen Fiktion und Wirklichkeit zu inszenieren. Bei ersten Aufnahmen in Paris hatte der bekannte Schriftsteller Richard Wechsler wenig von sich preisgeben wollen und nun droht der ganze Film zu scheitern. In den kleinen Straßen und Gassen des Ortes sucht die Regisseurin Andrea entgegen der Absprache nach Spuren von Wechslers Leben – doch so recht will dabei nichts herauskommen. Wechsler verweigert sich dem Spiel, die Regisseurin ist auf Mutmaßungen und ihre Fantasie angewiesen, um die Lücken zu füllen, die seine Abwesenheit hinterlassen, bis sie schließlich in seinen Büchern einen Hinweis auf eine Jugendliebe des Autors findet. Eine Jugendliebe, die sein ganzes Leben beeinflusst hat und von der nie jemand wusste.</p>
<p><img loading="lazy" decoding="async" class="alignright size-full wp-image-4693" style="margin-left: 40px;" src="http://www.literaturtelefon-online.de/wp-content/uploads/2023/03/peter_stamm.jpg" alt="" width="300" height="450" srcset="http://www.literaturtelefon-online.de/wp-content/uploads/2023/03/peter_stamm.jpg 300w, http://www.literaturtelefon-online.de/wp-content/uploads/2023/03/peter_stamm-200x300.jpg 200w" sizes="auto, (max-width: 300px) 100vw, 300px" />Souverän und mit großer Leichtigkeit reizt Peter Stamm in seinem neunten Roman die Möglichkeiten des Erzählens aus.</p>
<p>Peter Stamm, geboren 1963, studierte einige Semester Anglistik, Psychologie und Psychopathologie und übte verschiedene Berufe aus, u.a. in Paris und New York. Er lebt in der Schweiz. Seit 1990 arbeitet er als freier Autor. Er schrieb mehr als ein Dutzend Hörspiele. Seit seinem Romandebüt <em>„Agnes“</em> (1998) erschienen sieben weitere Romane, fünf Erzählungssammlungen und ein Band mit Theaterstücken, zuletzt die Romane <em>„Weit über das Land“</em>, <em>„Die sanfte Gleichgültigkeit der Welt“</em> und <em>„Das Archiv der Gefühle“</em> sowie die Erzählung <em>„Marcia aus Vermont“</em>. Unter dem Titel <em>„Die Vertreibung aus dem Paradies“</em> erschienen seine Bamberger Poetikvorlesungen. <em>„Die sanfte Gleichgültigkeit der Welt“</em> wurde mit dem Schweizer Buchpreis 2018 ausgezeichnet.</p>
<p>Mit einer Lesung aus seinem Roman <a href="http://www.literaturtelefon-online.de/?page_id=1132"><em>„Nacht ist der Tag“</em></a> war Peter Stamm <a href="http://www.literaturtelefon-online.de/?page_id=1132">im Februar 2014 am Literaturtelefon Kiel zu hören</a>.</p>
<p><a href="https://de.wikipedia.org/wiki/Peter_Stamm" rel="noopener" target="_blank">Wikipedia über den Autor</a></p>
<p>Autor: <a href="http://www.peterstamm.ch" rel="noopener" target="_blank">www.peterstamm.ch</a></p>
<p>Verlag: <a href="https://www.fischerverlage.de/buch/peter-stamm-in-einer-dunkelblauen-stunde-9783103971286" rel="noopener" target="_blank">S. Fischer Verlag, Frankfurt a.M.</a></p>
<p>Foto: Anita Affentranger</p>
<p>literaturtelefon-online.de | Telefon: 0431/901-8888</p>
</div>

<p>Am Literaturtelefon unter der Rufnummer 0431/901-8888 und auf www.literaturtelefon-online.de liest Peter Stamm den Anfang seines im Januar 2023 im S. Fischer Verlag, Frankfurt a.M. erschienenen Romans „In einer dunkelblauen Stunde“. Die Aufnahme entstand im Rahmen einer Lesung im Literaturhaus Schleswig-Holstein am 23.3.2023. Eine Dokumentarfilmerin, die einen Film über einen Autor drehen möchte. Ein Autor, der [&hellip;]</p>
