{"id":4570,"date":"2022-11-13T16:23:04","date_gmt":"2022-11-13T14:23:04","guid":{"rendered":"http:\/\/www.literaturtelefon-online.de\/?page_id=4570"},"modified":"2022-12-18T22:08:27","modified_gmt":"2022-12-18T20:08:27","slug":"mirjam-wittig","status":"publish","type":"page","link":"http:\/\/www.literaturtelefon-online.de\/?page_id=4570","title":{"rendered":"Mirjam Wittig"},"content":{"rendered":"<div style=\"text-align: justify;\">\n<p>Am Literaturtelefon unter der Rufnummer 0431\/901-8888 und auf www.literaturtelefon-online.de liest Mirjam Wittig aus ihrem im Suhrkamp Verlag erschienenen Deb\u00fctroman <em>\u201eAn der Grasnarbe\u201c<\/em>. Die Aufnahme entstand im Rahmen der LeseLounge am 9.11.2022 im Literaturhaus Schleswig-Holstein.<\/p>\n<p><!--[if lt IE 9]><script>document.createElement('audio');<\/script><![endif]-->\n<audio class=\"wp-audio-shortcode\" id=\"audio-4570-1\" preload=\"none\" style=\"width: 100%;\" controls=\"controls\"><source type=\"audio\/mpeg\" src=\"http:\/\/www.literaturtelefon-online.de\/wp-content\/uploads\/2022\/11\/mirjam_wittig_an_der_grasnarbe_lang.mp3?_=1\" \/><a href=\"http:\/\/www.literaturtelefon-online.de\/wp-content\/uploads\/2022\/11\/mirjam_wittig_an_der_grasnarbe_lang.mp3\">http:\/\/www.literaturtelefon-online.de\/wp-content\/uploads\/2022\/11\/mirjam_wittig_an_der_grasnarbe_lang.mp3<\/a><\/audio><br \/>\n<br \/>\n<img loading=\"lazy\" decoding=\"async\" class=\"alignright size-full wp-image-4574\" style=\"margin-left: 40px;\" src=\"http:\/\/www.literaturtelefon-online.de\/wp-content\/uploads\/2022\/11\/mirjam_wittig.jpg\" alt=\"\" width=\"300\" height=\"413\" srcset=\"http:\/\/www.literaturtelefon-online.de\/wp-content\/uploads\/2022\/11\/mirjam_wittig.jpg 300w, http:\/\/www.literaturtelefon-online.de\/wp-content\/uploads\/2022\/11\/mirjam_wittig-218x300.jpg 218w\" sizes=\"auto, (max-width: 300px) 100vw, 300px\" \/>Jetzt h\u00fctet Noa also Schafe. Um ihren Angstattacken in der Gro\u00dfstadt zu entfliehen und aus Sehnsucht nach dem einfachen Leben ist sie als freiwillige Helferin auf einen Hof nach S\u00fcdfrankreich gekommen. Hier leben Ella, Gregor und ihre elfj\u00e4hrige Tochter Jade von ihrer Herde und dem, was sie auf den \u00c4ckern anbauen. Doch das wird immer beschwerlicher, die Sommer werden hei\u00dfer. Auch Noa bemerkt die Risse im Boden und wie wenig Wasser der Fluss f\u00fchrt. Das Landleben zeigt sich nicht weniger aufreibend als Noas fr\u00fcheres Leben. Und in der Abgeschiedenheit der Berge holen sie auch die \u00c4ngste und inneren Widerspr\u00fcche ein, mit denen sie bereits zuhause zu k\u00e4mpfen hatte.<\/p>\n<p>In <em>\u201eAn der Grasnarbe\u201c<\/em> treffen innere und \u00e4u\u00dfere Landschaften aufeinander, die nicht nur durch die Klimakrise ins Wanken geraten. Mirjam Wittig erz\u00e4hlt davon mit gro\u00dfem Einf\u00fchlungsverm\u00f6gen und starker atmosph\u00e4rischer Kraft \u2013 als ob man die Berge und T\u00e4ler vor sich sieht, die Schafsglocken h\u00f6rt, Trockenheit und Hitze auf der Haut sp\u00fcrt.<\/p>\n<p>Mirjam Wittig, geboren 1996, hat u.a. Literarisches Schreiben und Lektorieren in Hildesheim studiert. Sie war Mitherausgeberin der Literaturzeitschrift \u201eBELLA triste\u201c und Teil der K\u00fcnstlerischen Leitung des PROSANOVA-Festivals 2020. F\u00fcr Ausz\u00fcge aus ihrem Deb\u00fctroman <em>\u201eAn der Grasnarbe\u201c<\/em> erhielt sie 2019 den F\u00f6rderpreis der Gesellschaft f\u00fcr Westf\u00e4lische Kulturarbeit NRW und 2021 das Stipendium des Literarischen Zentrums G\u00f6ttingen.<\/p>\n<p>Verlag: <a href=\"https:\/\/www.suhrkamp.de\/buch\/mirjam-wittig-an-der-grasnarbe-t-9783518430620\" target=\"_blank\" rel=\"noopener\">Suhrkamp Verlag<\/a><\/p>\n<p>Foto: Stefan Kl\u00fcter \/ Suhrkamp Verlag<\/p>\n<p>literaturtelefon-online.de | Telefon: 0431\/901-8888<\/p>\n<\/div>\n","protected":false},"excerpt":{"rendered":"<p>Am Literaturtelefon unter der Rufnummer 0431\/901-8888 und auf www.literaturtelefon-online.de liest Mirjam Wittig aus ihrem im Suhrkamp Verlag erschienenen Deb\u00fctroman \u201eAn der Grasnarbe\u201c. Die Aufnahme entstand im Rahmen der LeseLounge am 9.11.2022 im Literaturhaus Schleswig-Holstein. Jetzt h\u00fctet Noa also Schafe. Um ihren Angstattacken in der Gro\u00dfstadt zu entfliehen und aus Sehnsucht nach dem einfachen Leben ist [&hellip;]<\/p>\n","protected":false},"author":6,"featured_media":0,"parent":4554,"menu_order":2,"comment_status":"closed","ping_status":"closed","template":"","meta":{"footnotes":""},"class_list":["post-4570","page","type-page","status-publish","hentry"],"_links":{"self":[{"href":"http:\/\/www.literaturtelefon-online.de\/index.php?rest_route=\/wp\/v2\/pages\/4570","targetHints":{"allow":["GET"]}}],"collection":[{"href":"http:\/\/www.literaturtelefon-online.de\/index.php?rest_route=\/wp\/v2\/pages"}],"about":[{"href":"http:\/\/www.literaturtelefon-online.de\/index.php?rest_route=\/wp\/v2\/types\/page"}],"author":[{"embeddable":true,"href":"http:\/\/www.literaturtelefon-online.de\/index.php?rest_route=\/wp\/v2\/users\/6"}],"replies":[{"embeddable":true,"href":"http:\/\/www.literaturtelefon-online.de\/index.php?rest_route=%2Fwp%2Fv2%2Fcomments&post=4570"}],"version-history":[{"count":5,"href":"http:\/\/www.literaturtelefon-online.de\/index.php?rest_route=\/wp\/v2\/pages\/4570\/revisions"}],"predecessor-version":[{"id":4577,"href":"http:\/\/www.literaturtelefon-online.de\/index.php?rest_route=\/wp\/v2\/pages\/4570\/revisions\/4577"}],"up":[{"embeddable":true,"href":"http:\/\/www.literaturtelefon-online.de\/index.php?rest_route=\/wp\/v2\/pages\/4554"}],"wp:attachment":[{"href":"http:\/\/www.literaturtelefon-online.de\/index.php?rest_route=%2Fwp%2Fv2%2Fmedia&parent=4570"}],"curies":[{"name":"wp","href":"https:\/\/api.w.org\/{rel}","templated":true}]}}

<div style="text-align: justify;">
<p>Am Literaturtelefon unter der Rufnummer 0431/901-8888 und auf www.literaturtelefon-online.de liest Mirjam Wittig aus ihrem im Suhrkamp Verlag erschienenen Debütroman <em>„An der Grasnarbe“</em>. Die Aufnahme entstand im Rahmen der LeseLounge am 9.11.2022 im Literaturhaus Schleswig-Holstein.</p>
<p><!--[if lt IE 9]><script>document.createElement('audio');</script><![endif]-->
<audio class="wp-audio-shortcode" id="audio-4570-1" preload="none" style="width: 100%;" controls="controls"><source type="audio/mpeg" src="http://www.literaturtelefon-online.de/wp-content/uploads/2022/11/mirjam_wittig_an_der_grasnarbe_lang.mp3?_=1" /><a href="http://www.literaturtelefon-online.de/wp-content/uploads/2022/11/mirjam_wittig_an_der_grasnarbe_lang.mp3">http://www.literaturtelefon-online.de/wp-content/uploads/2022/11/mirjam_wittig_an_der_grasnarbe_lang.mp3</a></audio><br />
<br />
<img loading="lazy" decoding="async" class="alignright size-full wp-image-4574" style="margin-left: 40px;" src="http://www.literaturtelefon-online.de/wp-content/uploads/2022/11/mirjam_wittig.jpg" alt="" width="300" height="413" srcset="http://www.literaturtelefon-online.de/wp-content/uploads/2022/11/mirjam_wittig.jpg 300w, http://www.literaturtelefon-online.de/wp-content/uploads/2022/11/mirjam_wittig-218x300.jpg 218w" sizes="auto, (max-width: 300px) 100vw, 300px" />Jetzt hütet Noa also Schafe. Um ihren Angstattacken in der Großstadt zu entfliehen und aus Sehnsucht nach dem einfachen Leben ist sie als freiwillige Helferin auf einen Hof nach Südfrankreich gekommen. Hier leben Ella, Gregor und ihre elfjährige Tochter Jade von ihrer Herde und dem, was sie auf den Äckern anbauen. Doch das wird immer beschwerlicher, die Sommer werden heißer. Auch Noa bemerkt die Risse im Boden und wie wenig Wasser der Fluss führt. Das Landleben zeigt sich nicht weniger aufreibend als Noas früheres Leben. Und in der Abgeschiedenheit der Berge holen sie auch die Ängste und inneren Widersprüche ein, mit denen sie bereits zuhause zu kämpfen hatte.</p>
<p>In <em>„An der Grasnarbe“</em> treffen innere und äußere Landschaften aufeinander, die nicht nur durch die Klimakrise ins Wanken geraten. Mirjam Wittig erzählt davon mit großem Einfühlungsvermögen und starker atmosphärischer Kraft – als ob man die Berge und Täler vor sich sieht, die Schafsglocken hört, Trockenheit und Hitze auf der Haut spürt.</p>
<p>Mirjam Wittig, geboren 1996, hat u.a. Literarisches Schreiben und Lektorieren in Hildesheim studiert. Sie war Mitherausgeberin der Literaturzeitschrift „BELLA triste“ und Teil der Künstlerischen Leitung des PROSANOVA-Festivals 2020. Für Auszüge aus ihrem Debütroman <em>„An der Grasnarbe“</em> erhielt sie 2019 den Förderpreis der Gesellschaft für Westfälische Kulturarbeit NRW und 2021 das Stipendium des Literarischen Zentrums Göttingen.</p>
<p>Verlag: <a href="https://www.suhrkamp.de/buch/mirjam-wittig-an-der-grasnarbe-t-9783518430620" target="_blank" rel="noopener">Suhrkamp Verlag</a></p>
<p>Foto: Stefan Klüter / Suhrkamp Verlag</p>
<p>literaturtelefon-online.de | Telefon: 0431/901-8888</p>
</div>

<p>Am Literaturtelefon unter der Rufnummer 0431/901-8888 und auf www.literaturtelefon-online.de liest Mirjam Wittig aus ihrem im Suhrkamp Verlag erschienenen Debütroman „An der Grasnarbe“. Die Aufnahme entstand im Rahmen der LeseLounge am 9.11.2022 im Literaturhaus Schleswig-Holstein. Jetzt hütet Noa also Schafe. Um ihren Angstattacken in der Großstadt zu entfliehen und aus Sehnsucht nach dem einfachen Leben ist [&hellip;]</p>
