{"id":4531,"date":"2022-10-21T18:00:45","date_gmt":"2022-10-21T16:00:45","guid":{"rendered":"http:\/\/www.literaturtelefon-online.de\/?page_id=4531"},"modified":"2022-10-23T21:42:23","modified_gmt":"2022-10-23T19:42:23","slug":"feridun-zaimoglu","status":"publish","type":"page","link":"http:\/\/www.literaturtelefon-online.de\/?page_id=4531","title":{"rendered":"Feridun Zaimoglu"},"content":{"rendered":"<div style=\"text-align: justify;\">\n<p>Am Literaturtelefon unter der Rufnummer 0431\/901-8888 und auf www.literaturtelefon-online.de liest der Kieler Autor Feridun Zaimoglu aus seinem 2022 bei Kiepenheuer &amp; Witsch erschienenen Roman <em>\u201eBew\u00e4ltigung\u201c<\/em>. Die Aufnahme entstand am 28.09.2022 im Rahmen einer Lesung im Literaturhaus S.-H.<\/p>\n<p><!--[if lt IE 9]><script>document.createElement('audio');<\/script><![endif]-->\n<audio class=\"wp-audio-shortcode\" id=\"audio-4531-1\" preload=\"none\" style=\"width: 100%;\" controls=\"controls\"><source type=\"audio\/mpeg\" src=\"http:\/\/www.literaturtelefon-online.de\/wp-content\/uploads\/2022\/10\/feridun_zaimoglu_bewa\u0308ltigung.mp3?_=1\" \/><a href=\"http:\/\/www.literaturtelefon-online.de\/wp-content\/uploads\/2022\/10\/feridun_zaimoglu_bewa\u0308ltigung.mp3\">http:\/\/www.literaturtelefon-online.de\/wp-content\/uploads\/2022\/10\/feridun_zaimoglu_bewa\u0308ltigung.mp3<\/a><\/audio><br \/>\n<br \/>\nWo kippt Recherche in Obsession? Wann beginnt Kunst toxisch zu werden f\u00fcr ihren \u201eSch\u00f6pfer\u201c? Und gibt es Stoffe oder Themen, die sich der literarischen Bew\u00e4ltigung entziehen, weil sie zu giftig sind? Feridun Zaimoglu hat einen virtuosen K\u00fcnstlerroman geschrieben \u2013 \u00fcber jemanden, der sich vornimmt, Adolf Hitler zum Protagonisten seines neuen Buches zu machen.<\/p>\n<p><img loading=\"lazy\" decoding=\"async\" class=\"size-full wp-image-3142 alignright\" style=\"margin-left: 40px;\" src=\"http:\/\/www.literaturtelefon-online.de\/wp-content\/uploads\/2018\/12\/feridun_zaimoglu.jpg\" alt=\"\" width=\"300\" height=\"441\" srcset=\"http:\/\/www.literaturtelefon-online.de\/wp-content\/uploads\/2018\/12\/feridun_zaimoglu.jpg 300w, http:\/\/www.literaturtelefon-online.de\/wp-content\/uploads\/2018\/12\/feridun_zaimoglu-204x300.jpg 204w\" sizes=\"auto, (max-width: 300px) 100vw, 300px\" \/>Zu Beginn scheint es eine normale Vorarbeit zu sein, eine schwierige zwar, aber keine unvertraute. Denn Schreiben bedeutet immer Anverwandlung, eine N\u00e4he zum Material ist absolut notwendig. Was aber, wenn das Material sich nicht bew\u00e4ltigen l\u00e4sst und beginnt, ein zerst\u00f6rerisches Eigenleben zu f\u00fchren? Die Recherchereise des Autors an \u201eSchaupl\u00e4tze\u201c Hitlers, f\u00fchrt ihn immer tiefer hinein in die Gedankenwelt seines Protagonisten. Die Bayreuther Festspiele, M\u00fcnchen, Obersalzberg: ein surrealer Fiebertraum.<\/p>\n<p>Doch es ist auch eine Reise zur\u00fcck in der Zeit, in seine Jugend in die Stadt Dachau Mitte der 1980er, wo er zur Schule ging \u2013 nicht weit von der Stelle, wo die Nationalsozialisten 1933 das erste KZ errichteten. In Kiel, an seiner Schreibmaschine, versucht er, seine Figur literarisch zu entfesseln und zugleich zu bannen. Und verliert Schritt f\u00fcr Schritt die Kontrolle \u00fcber sein Projekt und mehr und mehr auch sich selbst.<\/p>\n<p>Feridun Zaimoglu, geboren 1964 im anatolischen Bolu, lebt seit seinem sechsten Lebensmonat in Deutschland. Er studierte zeitweilig Kunst und Humanmedizin in Kiel und schreibt f\u00fcr <em>Die Welt<\/em>, die <em>Frankfurter Rundschau<\/em>, <em>Die Zeit<\/em> und die <em>FAZ<\/em>. 2002 erhielt er den Hebbel-Preis, 2003 den Preis der Jury beim Bachmann-Wettbewerb in Klagenfurt und 2005 den Adelbert-von-Chamisso-Preis. Im Jahr 2005 war er Stipendiat der Villa Massimo in Rom. Zahlreiche weitere Preise folgten, u.a. der Grimmelshausen-Preis (2007), der Corine-Preis (2008), der Jakob-Wassermann-Literaturpreis (2010) sowie der Preis der Literaturh\u00e4user (2012). 2016 erhielt er den Berliner Literaturpreis sowie die Ehrenprofessur des Landes Schleswig-Holstein. Nach <em>\u201eLeyla\u201c<\/em>, <em>\u201eLiebesbrand\u201c<\/em>, <em>\u201eSiebent\u00fcrmeviertel\u201c<\/em> und <em>\u201eEvangelio\u201c<\/em> erschien zuletzt sein Roman <em>\u201eDie Geschichte der Frau\u201c<\/em> (nominiert f\u00fcr den Preis der Leipziger Buchmesse 2019).<\/p>\n<p>Zuletzt war Zaimoglu im Januar 2019 mit seiner Erz\u00e4hlung <a href=\"http:\/\/www.literaturtelefon-online.de\/?page_id=3138\"><em>\u201eM\u00fccken und Mongolen\u201c<\/em> aus dem Band <em>\u201eIch gehe durch das Deutschland meiner Tage\u201c <\/em>am Literaturtelefon<\/a> zu h\u00f6ren.<\/p>\n<p><a href=\"https:\/\/de.wikipedia.org\/wiki\/Feridun_Zaimoglu\" target=\"_blank\" rel=\"noopener\">Wikipedia \u00fcber den Autor<\/a><\/p>\n<p>Verlag: <a href=\"https:\/\/www.kiwi-verlag.de\/buch\/feridun-zaimoglu-bewaeltigung-9783462003482\" target=\"_blank\" rel=\"noopener\">Kiepenheuer &amp; Witsch<\/a><\/p>\n<p>Foto: Melanie Grande<\/p>\n<p>literaturtelefon-online.de | Telefon: 0431\/901-8888<\/p>\n<\/div>\n","protected":false},"excerpt":{"rendered":"<p>Am Literaturtelefon unter der Rufnummer 0431\/901-8888 und auf www.literaturtelefon-online.de liest der Kieler Autor Feridun Zaimoglu aus seinem 2022 bei Kiepenheuer &amp; Witsch erschienenen Roman \u201eBew\u00e4ltigung\u201c. Die Aufnahme entstand am 28.09.2022 im Rahmen einer Lesung im Literaturhaus S.-H. Wo kippt Recherche in Obsession? Wann beginnt Kunst toxisch zu werden f\u00fcr ihren \u201eSch\u00f6pfer\u201c? Und gibt es Stoffe [&hellip;]<\/p>\n","protected":false},"author":6,"featured_media":0,"parent":4507,"menu_order":3,"comment_status":"closed","ping_status":"closed","template":"","meta":{"footnotes":""},"class_list":["post-4531","page","type-page","status-publish","hentry"],"_links":{"self":[{"href":"http:\/\/www.literaturtelefon-online.de\/index.php?rest_route=\/wp\/v2\/pages\/4531","targetHints":{"allow":["GET"]}}],"collection":[{"href":"http:\/\/www.literaturtelefon-online.de\/index.php?rest_route=\/wp\/v2\/pages"}],"about":[{"href":"http:\/\/www.literaturtelefon-online.de\/index.php?rest_route=\/wp\/v2\/types\/page"}],"author":[{"embeddable":true,"href":"http:\/\/www.literaturtelefon-online.de\/index.php?rest_route=\/wp\/v2\/users\/6"}],"replies":[{"embeddable":true,"href":"http:\/\/www.literaturtelefon-online.de\/index.php?rest_route=%2Fwp%2Fv2%2Fcomments&post=4531"}],"version-history":[{"count":3,"href":"http:\/\/www.literaturtelefon-online.de\/index.php?rest_route=\/wp\/v2\/pages\/4531\/revisions"}],"predecessor-version":[{"id":4535,"href":"http:\/\/www.literaturtelefon-online.de\/index.php?rest_route=\/wp\/v2\/pages\/4531\/revisions\/4535"}],"up":[{"embeddable":true,"href":"http:\/\/www.literaturtelefon-online.de\/index.php?rest_route=\/wp\/v2\/pages\/4507"}],"wp:attachment":[{"href":"http:\/\/www.literaturtelefon-online.de\/index.php?rest_route=%2Fwp%2Fv2%2Fmedia&parent=4531"}],"curies":[{"name":"wp","href":"https:\/\/api.w.org\/{rel}","templated":true}]}}