{"id":4420,"date":"2022-06-28T22:20:44","date_gmt":"2022-06-28T20:20:44","guid":{"rendered":"http:\/\/www.literaturtelefon-online.de\/?page_id=4420"},"modified":"2022-07-17T22:22:22","modified_gmt":"2022-07-17T20:22:22","slug":"doris-runge","status":"publish","type":"page","link":"http:\/\/www.literaturtelefon-online.de\/?page_id=4420","title":{"rendered":"Doris Runge"},"content":{"rendered":"<div style=\"text-align: justify;\">\n<p>Am Literaturtelefon unter der Rufnummer 0431\/901-8888 und auf www.literaturtelefon-online.de liest Doris Runge aus ihrem Ende Juni 2022 im Wallstein Verlag erschienenen Lyrikband <em>\u201edie sch\u00f6nsten versprechen\u201c<\/em>. Die Aufnahme entstand am 27.6.2022 anl\u00e4sslich einer Lesung im Literaturhaus S.-H.<\/p>\n<p><!--[if lt IE 9]><script>document.createElement('audio');<\/script><![endif]-->\n<audio class=\"wp-audio-shortcode\" id=\"audio-4420-1\" preload=\"none\" style=\"width: 100%;\" controls=\"controls\"><source type=\"audio\/mpeg\" src=\"http:\/\/www.literaturtelefon-online.de\/wp-content\/uploads\/2022\/06\/doris_runge_die_scho\u0308nsten_versprechen.mp3?_=1\" \/><a href=\"http:\/\/www.literaturtelefon-online.de\/wp-content\/uploads\/2022\/06\/doris_runge_die_scho\u0308nsten_versprechen.mp3\">http:\/\/www.literaturtelefon-online.de\/wp-content\/uploads\/2022\/06\/doris_runge_die_scho\u0308nsten_versprechen.mp3<\/a><\/audio><br \/>\n<br \/>\nDoris Runges Gedichte kommen fast beil\u00e4ufig daher, sie sprechen eher in lakonischem Ton als in dem des raunenden Beschw\u00f6rens. Und doch entfaltet sich in ihnen das Leben in all seinen Facetten, in seinen beschwingten Momenten wie in seiner existenziellen Schwere. Runge f\u00e4ngt poetisch ein, was sie mit ungeheurer Sch\u00e4rfe wahrnimmt, was Tr\u00e4ume ihr eingeben, sie h\u00e4lt das Wei\u00df und Schwarz gegeneinander, \u201eals die witwen \/ mit den br\u00e4uten \/ die farben tauschten\u201c, sie befragt ihre Erinnerungen ebenso wie ihre Erwartungen, spricht vom Unterwegssein in der rauen norddeutschen K\u00fcstenlandschaft und anderswo, von der Liebe, von Hoffnungen und Entt\u00e4uschungen und neuen Hoffnungen, vom sich immer wieder \u00e4ndernden Best\u00e4ndigen.<\/p>\n<p><img loading=\"lazy\" decoding=\"async\" class=\"alignright size-full wp-image-4422\" style=\"margin-left: 40px;\" src=\"http:\/\/www.literaturtelefon-online.de\/wp-content\/uploads\/2022\/06\/doris_runge.jpg\" alt=\"\" width=\"450\" height=\"300\" srcset=\"http:\/\/www.literaturtelefon-online.de\/wp-content\/uploads\/2022\/06\/doris_runge.jpg 450w, http:\/\/www.literaturtelefon-online.de\/wp-content\/uploads\/2022\/06\/doris_runge-300x200.jpg 300w\" sizes=\"auto, (max-width: 450px) 100vw, 450px\" \/>Zahlreiche Preise weisen Doris Runge (* 1943 im mecklenburgischen Carlow) als eine der wichtigsten Lyrikerinnen der deutschen Gegenwartsliteratur aus. Bereits f\u00fcr ihren ersten Gedichtband <em>\u201ejagdlied\u201c<\/em> wurde sie mit dem Friedrich-Hebbel-Preis 1985 ausgezeichnet. 1997 erhielt sie den Friedrich-H\u00f6lderlin-Preis der Stadt Bad Homburg sowie 1998 den Kunstpreis des Landes Schleswig-Holstein. 1997 hatte sie die Liliencron-Dozentur f\u00fcr Poetik an der Universit\u00e4t Kiel und 1999 die Professur f\u00fcr Poetik an der Universit\u00e4t Bamberg inne. 2007 wurde sie mit dem Ida-Dehmel-Literaturpreis ausgezeichnet und 2009 \u201ein Anerkennung ihrer herausragenden Verdienste um die Literaturwissenschaft und -forschung sowie in W\u00fcrdigung ihres Wirkens als Schriftstellerin\u201c mit der Ehrenprofessur des Landes Schleswig-Holstein.<\/p>\n<p>Zuletzt war Doris Runge im <a href=\"http:\/\/www.literaturtelefon-online.de\/?page_id=3155\">Februar 2019 mit einer Lesung aus ihrem Lyrikband <em>\u201eman k\u00f6nnte sich ins blau verlieben\u201c<\/em><\/a> am Literaturtelefon zu h\u00f6ren.<\/p>\n<p><a href=\"https:\/\/de.wikipedia.org\/wiki\/Doris_Runge\" target=\"_blank\" rel=\"noopener\">Wikipedia \u00fcber die Autorin<\/a><\/p>\n<p>Verlag: <a href=\"https:\/\/www.wallstein-verlag.de\/9783835352971-die-schoensten-versprechen.html\" target=\"_blank\" rel=\"noopener\">Wallstein Verlag<\/a><\/p>\n<p>Foto: Reiner B. Binkowski<\/p>\n<p>literaturtelefon-online.de | Telefon: 0431\/901-8888<\/p>\n<\/div>\n","protected":false},"excerpt":{"rendered":"<p>Am Literaturtelefon unter der Rufnummer 0431\/901-8888 und auf www.literaturtelefon-online.de liest Doris Runge aus ihrem Ende Juni 2022 im Wallstein Verlag erschienenen Lyrikband \u201edie sch\u00f6nsten versprechen\u201c. Die Aufnahme entstand am 27.6.2022 anl\u00e4sslich einer Lesung im Literaturhaus S.-H. Doris Runges Gedichte kommen fast beil\u00e4ufig daher, sie sprechen eher in lakonischem Ton als in dem des raunenden Beschw\u00f6rens. [&hellip;]<\/p>\n","protected":false},"author":6,"featured_media":0,"parent":4362,"menu_order":2,"comment_status":"closed","ping_status":"closed","template":"","meta":{"footnotes":""},"class_list":["post-4420","page","type-page","status-publish","hentry"],"_links":{"self":[{"href":"http:\/\/www.literaturtelefon-online.de\/index.php?rest_route=\/wp\/v2\/pages\/4420","targetHints":{"allow":["GET"]}}],"collection":[{"href":"http:\/\/www.literaturtelefon-online.de\/index.php?rest_route=\/wp\/v2\/pages"}],"about":[{"href":"http:\/\/www.literaturtelefon-online.de\/index.php?rest_route=\/wp\/v2\/types\/page"}],"author":[{"embeddable":true,"href":"http:\/\/www.literaturtelefon-online.de\/index.php?rest_route=\/wp\/v2\/users\/6"}],"replies":[{"embeddable":true,"href":"http:\/\/www.literaturtelefon-online.de\/index.php?rest_route=%2Fwp%2Fv2%2Fcomments&post=4420"}],"version-history":[{"count":7,"href":"http:\/\/www.literaturtelefon-online.de\/index.php?rest_route=\/wp\/v2\/pages\/4420\/revisions"}],"predecessor-version":[{"id":4433,"href":"http:\/\/www.literaturtelefon-online.de\/index.php?rest_route=\/wp\/v2\/pages\/4420\/revisions\/4433"}],"up":[{"embeddable":true,"href":"http:\/\/www.literaturtelefon-online.de\/index.php?rest_route=\/wp\/v2\/pages\/4362"}],"wp:attachment":[{"href":"http:\/\/www.literaturtelefon-online.de\/index.php?rest_route=%2Fwp%2Fv2%2Fmedia&parent=4420"}],"curies":[{"name":"wp","href":"https:\/\/api.w.org\/{rel}","templated":true}]}}