{"id":439,"date":"2012-12-05T11:46:28","date_gmt":"2012-12-05T09:46:28","guid":{"rendered":"http:\/\/www.literaturtelefon-online.de\/?page_id=439"},"modified":"2017-12-05T02:09:00","modified_gmt":"2017-12-05T00:09:00","slug":"ella-theiss","status":"publish","type":"page","link":"http:\/\/www.literaturtelefon-online.de\/?page_id=439","title":{"rendered":"Ella Theiss"},"content":{"rendered":"<div style=\"text-align: justify;\">\n<p>Am Literaturtelefon unter Tel. 0431\/901-1156 und im Internet unter www.literaturtelefon-online.de liest Ella Theiss aus ihrem 2012 im Grafit Verlag, Dortmund erschienenen Kriminalroman \u201eNeben der Spur\u201c.<\/p>\n<p><iframe loading=\"lazy\" title=\"Ella Theiss - &quot;Neben der Spur&quot;\" width=\"500\" height=\"375\" src=\"https:\/\/www.youtube.com\/embed\/mSu2o_fF23c?feature=oembed\" frameborder=\"0\" allow=\"accelerometer; autoplay; clipboard-write; encrypted-media; gyroscope; picture-in-picture; web-share\" referrerpolicy=\"strict-origin-when-cross-origin\" allowfullscreen><\/iframe><\/p>\n<p>Der hundertj\u00e4hrige Seniorchef der Biosuppenfirma Hepp hat r\u00e4tselhafte Erinnerungsl\u00fccken. Ist er der Mann, der er vorgibt zu sein? Und warum ver\u00fcben Tiersch\u00fctzer ausgerechnet auf den streng vegetarischen Betrieb einen Sprengstoffanschlag? Nachwuchsjournalistin Karoline Rosenkranz wittert eine dicke Story und l\u00e4sst sich undercover als Mitarbeiterin der Presseabteilung einstellen. Prompt st\u00f6\u00dft sie auf eine Spur. Doch die f\u00fchrt in die Irre \u2013 Buchst\u00e4blich. Und erweist sich obendrein als lebensgef\u00e4hrlich.<\/p>\n<p><img loading=\"lazy\" decoding=\"async\" style=\"margin-left:40px;\" src=\"http:\/\/www.literaturtelefon-online.de\/wp-content\/uploads\/2012\/12\/ella_theiss.jpg\" alt=\"Ella Theiss\" title=\"Ella Theiss\" width=\"140\" height=\"192\" class=\"alignright size-full wp-image-440\" \/><\/p>\n<p>Ella Theiss lebt teils in S\u00fcdhessen, teils in Ditmarschen und arbeitet hauptberuflich als freie Journalistin und Sachbuchautorin. Seit 2009 ver\u00f6ffentlicht sie auch Romane und Erz\u00e4hlungen.<\/p>\n<p>Ihr Debut, ein historischer Roman mit dem Titel \u201eDie Spucke des Teufels\u201c, belegte den 2. Platz zum Gerhard-Beier-Preis 2010. \u201eNeben der Spur\u201c ist ihr erster zeitgen\u00f6ssischer Kriminalroman. Er erhielt eine Empfehlung vom \u201eSyndikat\u201c und wurde von FOCUS-online als \u201eeiner der f\u00fcnf besten Krimis\u201c der Sommersaison 2012 bewertet.<\/p>\n<p>Autor:  <a href=\"http:\/\/www.ellatheiss.de\/\" target=\"_blank\">www.ellatheiss.de<\/a><\/p>\n<p>literaturtelefon-online.de | Telefon: 0431\/901-1156\n<\/p><\/div>\n","protected":false},"excerpt":{"rendered":"<p>Am Literaturtelefon unter Tel. 0431\/901-1156 und im Internet unter www.literaturtelefon-online.de liest Ella Theiss aus ihrem 2012 im Grafit Verlag, Dortmund erschienenen Kriminalroman \u201eNeben der Spur\u201c. Der hundertj\u00e4hrige Seniorchef der Biosuppenfirma Hepp hat r\u00e4tselhafte Erinnerungsl\u00fccken. Ist er der Mann, der er vorgibt zu sein? Und warum ver\u00fcben Tiersch\u00fctzer ausgerechnet auf den streng vegetarischen Betrieb einen Sprengstoffanschlag? [&hellip;]<\/p>\n","protected":false},"author":6,"featured_media":0,"parent":194,"menu_order":1,"comment_status":"open","ping_status":"open","template":"","meta":{"footnotes":""},"class_list":["post-439","page","type-page","status-publish","hentry"],"_links":{"self":[{"href":"http:\/\/www.literaturtelefon-online.de\/index.php?rest_route=\/wp\/v2\/pages\/439","targetHints":{"allow":["GET"]}}],"collection":[{"href":"http:\/\/www.literaturtelefon-online.de\/index.php?rest_route=\/wp\/v2\/pages"}],"about":[{"href":"http:\/\/www.literaturtelefon-online.de\/index.php?rest_route=\/wp\/v2\/types\/page"}],"author":[{"embeddable":true,"href":"http:\/\/www.literaturtelefon-online.de\/index.php?rest_route=\/wp\/v2\/users\/6"}],"replies":[{"embeddable":true,"href":"http:\/\/www.literaturtelefon-online.de\/index.php?rest_route=%2Fwp%2Fv2%2Fcomments&post=439"}],"version-history":[{"count":7,"href":"http:\/\/www.literaturtelefon-online.de\/index.php?rest_route=\/wp\/v2\/pages\/439\/revisions"}],"predecessor-version":[{"id":2699,"href":"http:\/\/www.literaturtelefon-online.de\/index.php?rest_route=\/wp\/v2\/pages\/439\/revisions\/2699"}],"up":[{"embeddable":true,"href":"http:\/\/www.literaturtelefon-online.de\/index.php?rest_route=\/wp\/v2\/pages\/194"}],"wp:attachment":[{"href":"http:\/\/www.literaturtelefon-online.de\/index.php?rest_route=%2Fwp%2Fv2%2Fmedia&parent=439"}],"curies":[{"name":"wp","href":"https:\/\/api.w.org\/{rel}","templated":true}]}}

<div style="text-align: justify;">
<p>Am Literaturtelefon unter Tel. 0431/901-1156 und im Internet unter www.literaturtelefon-online.de liest Ella Theiss aus ihrem 2012 im Grafit Verlag, Dortmund erschienenen Kriminalroman „Neben der Spur“.</p>
<p><iframe loading="lazy" title="Ella Theiss - &quot;Neben der Spur&quot;" width="500" height="375" src="https://www.youtube.com/embed/mSu2o_fF23c?feature=oembed" frameborder="0" allow="accelerometer; autoplay; clipboard-write; encrypted-media; gyroscope; picture-in-picture; web-share" referrerpolicy="strict-origin-when-cross-origin" allowfullscreen></iframe></p>
<p>Der hundertjährige Seniorchef der Biosuppenfirma Hepp hat rätselhafte Erinnerungslücken. Ist er der Mann, der er vorgibt zu sein? Und warum verüben Tierschützer ausgerechnet auf den streng vegetarischen Betrieb einen Sprengstoffanschlag? Nachwuchsjournalistin Karoline Rosenkranz wittert eine dicke Story und lässt sich undercover als Mitarbeiterin der Presseabteilung einstellen. Prompt stößt sie auf eine Spur. Doch die führt in die Irre – Buchstäblich. Und erweist sich obendrein als lebensgefährlich.</p>
<p><img loading="lazy" decoding="async" style="margin-left:40px;" src="http://www.literaturtelefon-online.de/wp-content/uploads/2012/12/ella_theiss.jpg" alt="Ella Theiss" title="Ella Theiss" width="140" height="192" class="alignright size-full wp-image-440" /></p>
<p>Ella Theiss lebt teils in Südhessen, teils in Ditmarschen und arbeitet hauptberuflich als freie Journalistin und Sachbuchautorin. Seit 2009 veröffentlicht sie auch Romane und Erzählungen.</p>
<p>Ihr Debut, ein historischer Roman mit dem Titel „Die Spucke des Teufels“, belegte den 2. Platz zum Gerhard-Beier-Preis 2010. „Neben der Spur“ ist ihr erster zeitgenössischer Kriminalroman. Er erhielt eine Empfehlung vom „Syndikat“ und wurde von FOCUS-online als „einer der fünf besten Krimis“ der Sommersaison 2012 bewertet.</p>
<p>Autor:  <a href="http://www.ellatheiss.de/" target="_blank">www.ellatheiss.de</a></p>
<p>literaturtelefon-online.de | Telefon: 0431/901-1156
</p></div>

<p>Am Literaturtelefon unter Tel. 0431/901-1156 und im Internet unter www.literaturtelefon-online.de liest Ella Theiss aus ihrem 2012 im Grafit Verlag, Dortmund erschienenen Kriminalroman „Neben der Spur“. Der hundertjährige Seniorchef der Biosuppenfirma Hepp hat rätselhafte Erinnerungslücken. Ist er der Mann, der er vorgibt zu sein? Und warum verüben Tierschützer ausgerechnet auf den streng vegetarischen Betrieb einen Sprengstoffanschlag? [&hellip;]</p>
