{"id":4324,"date":"2022-04-12T18:10:45","date_gmt":"2022-04-12T16:10:45","guid":{"rendered":"http:\/\/www.literaturtelefon-online.de\/?page_id=4324"},"modified":"2022-04-25T00:21:53","modified_gmt":"2022-04-24T22:21:53","slug":"patricia-brandt","status":"publish","type":"page","link":"http:\/\/www.literaturtelefon-online.de\/?page_id=4324","title":{"rendered":"Patricia Brandt"},"content":{"rendered":"<div style=\"text-align: justify;\">\n<p>Am Literaturtelefon unter der Rufnummer 0431\/901-8888 und auf www.literaturtelefon-online.de liest Patricia Brandt aus ihrem im M\u00e4rz 2021 im Gmeiner Verlag erschienenen Krimi <em>\u201eImkersterben\u201c<\/em>.<\/p>\n<p><!--[if lt IE 9]><script>document.createElement('audio');<\/script><![endif]-->\n<audio class=\"wp-audio-shortcode\" id=\"audio-4324-1\" preload=\"none\" style=\"width: 100%;\" controls=\"controls\"><source type=\"audio\/mpeg\" src=\"http:\/\/www.literaturtelefon-online.de\/wp-content\/uploads\/2022\/04\/patricia_brandt_imkersterben.mp3?_=1\" \/><a href=\"http:\/\/www.literaturtelefon-online.de\/wp-content\/uploads\/2022\/04\/patricia_brandt_imkersterben.mp3\">http:\/\/www.literaturtelefon-online.de\/wp-content\/uploads\/2022\/04\/patricia_brandt_imkersterben.mp3<\/a><\/audio><br \/>\n<br \/>\n<img loading=\"lazy\" decoding=\"async\" class=\"alignright size-full wp-image-4328\" style=\"margin-left: 40px;\" src=\"http:\/\/www.literaturtelefon-online.de\/wp-content\/uploads\/2022\/04\/patricia_brandt.jpg\" alt=\"\" width=\"300\" height=\"401\" srcset=\"http:\/\/www.literaturtelefon-online.de\/wp-content\/uploads\/2022\/04\/patricia_brandt.jpg 300w, http:\/\/www.literaturtelefon-online.de\/wp-content\/uploads\/2022\/04\/patricia_brandt-224x300.jpg 224w\" sizes=\"auto, (max-width: 300px) 100vw, 300px\" \/>Patricia Brandt erz\u00e4hlt in <em>\u201eImkersterben\u201c<\/em> humorvoll vom schweren \u2013 und zuweilen lebensgef\u00e4hrlichen \u2013 Gesch\u00e4ft des Honigmachens. Die geschiedene Imkerin und Sargbauerin Tilda Schwan aus dem einstigen Fischerdorf Hohwacht bekommt einen tollen Deal angeboten. Sie soll eine Supermarktkette mit ihrem Honig beliefern. Schnell wird ihr klar, dass sie den Honig strecken m\u00fcsste, um die geforderte Menge zusammenzubekommen. Damit nimmt das Schicksal seinen Lauf und der schrullige Dorfpolizist Oke Oltmanns muss gleich eine ganze Reihe von Todesf\u00e4llen aufkl\u00e4ren.<\/p>\n<p>Nebenbei erfahren Leserinnen und Leser mehr \u00fcber die erstaunliche Welt der Imker und ihrer Bienen, denn die Autorin ist auch Hobby-Imkerin und Journalistin und hatte Spa\u00df daran, einige Fakten \u00fcber Bienen und Honig in ihren Kriminalroman einzubauen.<\/p>\n<p>Patricia Brandt stammt geb\u00fcrtig aus Neustadt am R\u00fcbenberge. Nach ihrem Germanistikstudium in Bremen volontierte sie bei der Nordsee-Zeitung und arbeitet seitdem f\u00fcr verschiedene Medien (darunter Focus, dpa, Burda und NDR Fernsehen). Seit mehr als 20 Jahren ist sie als Redakteurin f\u00fcr den Bremer Weser-Kurier t\u00e4tig. Hier hat sie auch ihre am\u00fcsanten Gartenkolumnen ver\u00f6ffentlicht, die 2020 als Buch unter dem Titel <em>\u201eIm gr\u00fcnen Bereich\u201c<\/em> erschienen sind. Patricia Brandt lebt mit ihrem Mann, zwei Kindern, einem Hund und vielen Bienen in der N\u00e4he von Bremen.<\/p>\n<p>Der Kriminalroman <em>\u201eImkersterben\u201c<\/em> ist auch als H\u00f6rbuch erh\u00e4ltlich, erschienen ebenfalls 2021 bei <a href=\"https:\/\/www.lrdigital.dk\/en\/Imkersterben-9788726869040\" target=\"_blank\" rel=\"noopener\">Saga Egmont<\/a> und <a href=\"https:\/\/www.sprechendebuecher.de\/hoerbuecher\/imkersterben-9783869746142\/\" target=\"_blank\" rel=\"noopener\">Steinbach Sprechende B\u00fccher<\/a>. Sprecherin ist Patricia Brandts Schwester Sandra Quadflieg, Schauspielerin aus Hamburg.<\/p>\n<p>Am Literaturtelefon war Patricia Brandt <a href=\"http:\/\/www.literaturtelefon-online.de\/?page_id=4038\">im Juni 2021 auch mit <em>\u201eKrabben-Connection\u201c<\/em><\/a> zu h\u00f6ren.<\/p>\n<p>Verlag: <a href=\"https:\/\/www.gmeiner-verlag.de\/buecher\/titel\/imkersterben.html\" target=\"_blank\" rel=\"noopener\">Gmeiner Verlag<\/a><\/p>\n<p>Foto: Studioline<\/p>\n<p>literaturtelefon-online.de | Telefon: 0431\/901-8888<\/p>\n<\/div>\n","protected":false},"excerpt":{"rendered":"<p>Am Literaturtelefon unter der Rufnummer 0431\/901-8888 und auf www.literaturtelefon-online.de liest Patricia Brandt aus ihrem im M\u00e4rz 2021 im Gmeiner Verlag erschienenen Krimi \u201eImkersterben\u201c. Patricia Brandt erz\u00e4hlt in \u201eImkersterben\u201c humorvoll vom schweren \u2013 und zuweilen lebensgef\u00e4hrlichen \u2013 Gesch\u00e4ft des Honigmachens. Die geschiedene Imkerin und Sargbauerin Tilda Schwan aus dem einstigen Fischerdorf Hohwacht bekommt einen tollen Deal [&hellip;]<\/p>\n","protected":false},"author":6,"featured_media":0,"parent":4326,"menu_order":1,"comment_status":"closed","ping_status":"closed","template":"","meta":{"footnotes":""},"class_list":["post-4324","page","type-page","status-publish","hentry"],"_links":{"self":[{"href":"http:\/\/www.literaturtelefon-online.de\/index.php?rest_route=\/wp\/v2\/pages\/4324","targetHints":{"allow":["GET"]}}],"collection":[{"href":"http:\/\/www.literaturtelefon-online.de\/index.php?rest_route=\/wp\/v2\/pages"}],"about":[{"href":"http:\/\/www.literaturtelefon-online.de\/index.php?rest_route=\/wp\/v2\/types\/page"}],"author":[{"embeddable":true,"href":"http:\/\/www.literaturtelefon-online.de\/index.php?rest_route=\/wp\/v2\/users\/6"}],"replies":[{"embeddable":true,"href":"http:\/\/www.literaturtelefon-online.de\/index.php?rest_route=%2Fwp%2Fv2%2Fcomments&post=4324"}],"version-history":[{"count":6,"href":"http:\/\/www.literaturtelefon-online.de\/index.php?rest_route=\/wp\/v2\/pages\/4324\/revisions"}],"predecessor-version":[{"id":4336,"href":"http:\/\/www.literaturtelefon-online.de\/index.php?rest_route=\/wp\/v2\/pages\/4324\/revisions\/4336"}],"up":[{"embeddable":true,"href":"http:\/\/www.literaturtelefon-online.de\/index.php?rest_route=\/wp\/v2\/pages\/4326"}],"wp:attachment":[{"href":"http:\/\/www.literaturtelefon-online.de\/index.php?rest_route=%2Fwp%2Fv2%2Fmedia&parent=4324"}],"curies":[{"name":"wp","href":"https:\/\/api.w.org\/{rel}","templated":true}]}}

<div style="text-align: justify;">
<p>Am Literaturtelefon unter der Rufnummer 0431/901-8888 und auf www.literaturtelefon-online.de liest Patricia Brandt aus ihrem im März 2021 im Gmeiner Verlag erschienenen Krimi <em>„Imkersterben“</em>.</p>
<p><!--[if lt IE 9]><script>document.createElement('audio');</script><![endif]-->
<audio class="wp-audio-shortcode" id="audio-4324-1" preload="none" style="width: 100%;" controls="controls"><source type="audio/mpeg" src="http://www.literaturtelefon-online.de/wp-content/uploads/2022/04/patricia_brandt_imkersterben.mp3?_=1" /><a href="http://www.literaturtelefon-online.de/wp-content/uploads/2022/04/patricia_brandt_imkersterben.mp3">http://www.literaturtelefon-online.de/wp-content/uploads/2022/04/patricia_brandt_imkersterben.mp3</a></audio><br />
<br />
<img loading="lazy" decoding="async" class="alignright size-full wp-image-4328" style="margin-left: 40px;" src="http://www.literaturtelefon-online.de/wp-content/uploads/2022/04/patricia_brandt.jpg" alt="" width="300" height="401" srcset="http://www.literaturtelefon-online.de/wp-content/uploads/2022/04/patricia_brandt.jpg 300w, http://www.literaturtelefon-online.de/wp-content/uploads/2022/04/patricia_brandt-224x300.jpg 224w" sizes="auto, (max-width: 300px) 100vw, 300px" />Patricia Brandt erzählt in <em>„Imkersterben“</em> humorvoll vom schweren – und zuweilen lebensgefährlichen – Geschäft des Honigmachens. Die geschiedene Imkerin und Sargbauerin Tilda Schwan aus dem einstigen Fischerdorf Hohwacht bekommt einen tollen Deal angeboten. Sie soll eine Supermarktkette mit ihrem Honig beliefern. Schnell wird ihr klar, dass sie den Honig strecken müsste, um die geforderte Menge zusammenzubekommen. Damit nimmt das Schicksal seinen Lauf und der schrullige Dorfpolizist Oke Oltmanns muss gleich eine ganze Reihe von Todesfällen aufklären.</p>
<p>Nebenbei erfahren Leserinnen und Leser mehr über die erstaunliche Welt der Imker und ihrer Bienen, denn die Autorin ist auch Hobby-Imkerin und Journalistin und hatte Spaß daran, einige Fakten über Bienen und Honig in ihren Kriminalroman einzubauen.</p>
<p>Patricia Brandt stammt gebürtig aus Neustadt am Rübenberge. Nach ihrem Germanistikstudium in Bremen volontierte sie bei der Nordsee-Zeitung und arbeitet seitdem für verschiedene Medien (darunter Focus, dpa, Burda und NDR Fernsehen). Seit mehr als 20 Jahren ist sie als Redakteurin für den Bremer Weser-Kurier tätig. Hier hat sie auch ihre amüsanten Gartenkolumnen veröffentlicht, die 2020 als Buch unter dem Titel <em>„Im grünen Bereich“</em> erschienen sind. Patricia Brandt lebt mit ihrem Mann, zwei Kindern, einem Hund und vielen Bienen in der Nähe von Bremen.</p>
<p>Der Kriminalroman <em>„Imkersterben“</em> ist auch als Hörbuch erhältlich, erschienen ebenfalls 2021 bei <a href="https://www.lrdigital.dk/en/Imkersterben-9788726869040" target="_blank" rel="noopener">Saga Egmont</a> und <a href="https://www.sprechendebuecher.de/hoerbuecher/imkersterben-9783869746142/" target="_blank" rel="noopener">Steinbach Sprechende Bücher</a>. Sprecherin ist Patricia Brandts Schwester Sandra Quadflieg, Schauspielerin aus Hamburg.</p>
<p>Am Literaturtelefon war Patricia Brandt <a href="http://www.literaturtelefon-online.de/?page_id=4038">im Juni 2021 auch mit <em>„Krabben-Connection“</em></a> zu hören.</p>
<p>Verlag: <a href="https://www.gmeiner-verlag.de/buecher/titel/imkersterben.html" target="_blank" rel="noopener">Gmeiner Verlag</a></p>
<p>Foto: Studioline</p>
<p>literaturtelefon-online.de | Telefon: 0431/901-8888</p>
</div>

<p>Am Literaturtelefon unter der Rufnummer 0431/901-8888 und auf www.literaturtelefon-online.de liest Patricia Brandt aus ihrem im März 2021 im Gmeiner Verlag erschienenen Krimi „Imkersterben“. Patricia Brandt erzählt in „Imkersterben“ humorvoll vom schweren – und zuweilen lebensgefährlichen – Geschäft des Honigmachens. Die geschiedene Imkerin und Sargbauerin Tilda Schwan aus dem einstigen Fischerdorf Hohwacht bekommt einen tollen Deal [&hellip;]</p>
