{"id":4267,"date":"2022-02-13T14:54:04","date_gmt":"2022-02-13T12:54:04","guid":{"rendered":"http:\/\/www.literaturtelefon-online.de\/?page_id=4267"},"modified":"2022-02-27T22:55:18","modified_gmt":"2022-02-27T20:55:18","slug":"esther-becker","status":"publish","type":"page","link":"http:\/\/www.literaturtelefon-online.de\/?page_id=4267","title":{"rendered":"Esther Becker"},"content":{"rendered":"<div style=\"text-align: justify;\">\n<p>Am Literaturtelefon unter der Rufnummer 0431\/901-8888 und auf www.literaturtelefon-online.de liest Esther Becker aus ihrem 2021 im Verbrecher Verlag erschienenen Roman <em>\u201eWie die Gorillas\u201c<\/em>. Die Aufnahme entstand im Rahmen der LeseLounge am 9.2.2022 im Literaturhaus Schleswig-Holstein.<\/p>\n<p><!--[if lt IE 9]><script>document.createElement('audio');<\/script><![endif]-->\n<audio class=\"wp-audio-shortcode\" id=\"audio-4267-1\" preload=\"none\" style=\"width: 100%;\" controls=\"controls\"><source type=\"audio\/mpeg\" src=\"http:\/\/www.literaturtelefon-online.de\/wp-content\/uploads\/2022\/02\/esther_becker_wie_die_gorillas.mp3?_=1\" \/><a href=\"http:\/\/www.literaturtelefon-online.de\/wp-content\/uploads\/2022\/02\/esther_becker_wie_die_gorillas.mp3\">http:\/\/www.literaturtelefon-online.de\/wp-content\/uploads\/2022\/02\/esther_becker_wie_die_gorillas.mp3<\/a><\/audio><br \/>\n<br \/>\n<img loading=\"lazy\" decoding=\"async\" style=\"margin-left: 40px;\" src=\"http:\/\/www.literaturtelefon-online.de\/wp-content\/uploads\/2022\/02\/esther_becker.jpg\" alt=\"\" width=\"300\" height=\"362\" class=\"alignright size-full wp-image-4271\" srcset=\"http:\/\/www.literaturtelefon-online.de\/wp-content\/uploads\/2022\/02\/esther_becker.jpg 300w, http:\/\/www.literaturtelefon-online.de\/wp-content\/uploads\/2022\/02\/esther_becker-249x300.jpg 249w\" sizes=\"auto, (max-width: 300px) 100vw, 300px\" \/>Esther Becker erz\u00e4hlt in <em>\u201eWie die Gorillas\u201c<\/em> humorvoll \u00fcber das Erwachsenwerden von drei Freundinnen. Gemeinsam stehen sie vor der Schwierigkeit, als junge Frauen einerseits die eigene Individualit\u00e4t ausleben und gleichzeitig dazugeh\u00f6ren zu wollen. Und das alles w\u00e4hrend die Gesellschaft dazu aufruft, ein selbstbestimmtes Leben zu f\u00fchren \u2013 ohne sich den Konventionen zu widersetzen. Von der gemeinsamen Schulzeit \u00fcber das Studium bis in die ersten beruflichen Anf\u00e4nge begleiten wir die drei Freundinnen dabei, wie sie sich dem gesellschaftlichen Druck anpassen und auch entgegenstellen.<\/p>\n<p>Esther Becker, geboren 1980 in Erlangen, lebt als Dramatikerin, Schriftstellerin und Performerin in Berlin. Sie studierte an der Hochschule der K\u00fcnste Bern und am Deutschen Literaturinstitut Leipzig. Sie ver\u00f6ffentlichte Texte in diversen Magazinen und Anthologien. Ihre Theatertexte (Verlag Felix Bloch Erben) wurden bereits mehrfach ausgezeichnet und in Deutschland und der Schweiz aufgef\u00fchrt. Sie ist Mitglied der Theaterformation bigNOTWENDIGKEIT.<\/p><\/div>\n<p>Autorin: <a href=\"http:\/\/www.esther-becker.com\" target=\"_blank\" rel=\"noopener\">www.esther-becker.com<\/a><\/p>\n<p><a href=\"https:\/\/de.wikipedia.org\/wiki\/Esther_Becker\" target=\"_blank\" rel=\"noopener\">Wikipedia \u00fcber die Autorin<\/a><\/p>\n<p>Verlag: <a href=\"https:\/\/www.verbrecherverlag.de\/book\/detail\/1050\" target=\"_blank\" rel=\"noopener\">Verbrecher Verlag<\/a><\/p>\n<p>Foto: Nane Diehl<\/p>\n<p>literaturtelefon-online.de | Telefon: 0431\/901-8888<\/p>\n<\/div>\n","protected":false},"excerpt":{"rendered":"<p>Am Literaturtelefon unter der Rufnummer 0431\/901-8888 und auf www.literaturtelefon-online.de liest Esther Becker aus ihrem 2021 im Verbrecher Verlag erschienenen Roman \u201eWie die Gorillas\u201c. Die Aufnahme entstand im Rahmen der LeseLounge am 9.2.2022 im Literaturhaus Schleswig-Holstein. Esther Becker erz\u00e4hlt in \u201eWie die Gorillas\u201c humorvoll \u00fcber das Erwachsenwerden von drei Freundinnen. Gemeinsam stehen sie vor der Schwierigkeit, [&hellip;]<\/p>\n","protected":false},"author":6,"featured_media":0,"parent":4265,"menu_order":1,"comment_status":"closed","ping_status":"closed","template":"","meta":{"footnotes":""},"class_list":["post-4267","page","type-page","status-publish","hentry"],"_links":{"self":[{"href":"http:\/\/www.literaturtelefon-online.de\/index.php?rest_route=\/wp\/v2\/pages\/4267","targetHints":{"allow":["GET"]}}],"collection":[{"href":"http:\/\/www.literaturtelefon-online.de\/index.php?rest_route=\/wp\/v2\/pages"}],"about":[{"href":"http:\/\/www.literaturtelefon-online.de\/index.php?rest_route=\/wp\/v2\/types\/page"}],"author":[{"embeddable":true,"href":"http:\/\/www.literaturtelefon-online.de\/index.php?rest_route=\/wp\/v2\/users\/6"}],"replies":[{"embeddable":true,"href":"http:\/\/www.literaturtelefon-online.de\/index.php?rest_route=%2Fwp%2Fv2%2Fcomments&post=4267"}],"version-history":[{"count":5,"href":"http:\/\/www.literaturtelefon-online.de\/index.php?rest_route=\/wp\/v2\/pages\/4267\/revisions"}],"predecessor-version":[{"id":4308,"href":"http:\/\/www.literaturtelefon-online.de\/index.php?rest_route=\/wp\/v2\/pages\/4267\/revisions\/4308"}],"up":[{"embeddable":true,"href":"http:\/\/www.literaturtelefon-online.de\/index.php?rest_route=\/wp\/v2\/pages\/4265"}],"wp:attachment":[{"href":"http:\/\/www.literaturtelefon-online.de\/index.php?rest_route=%2Fwp%2Fv2%2Fmedia&parent=4267"}],"curies":[{"name":"wp","href":"https:\/\/api.w.org\/{rel}","templated":true}]}}