{"id":4253,"date":"2022-01-29T15:26:25","date_gmt":"2022-01-29T13:26:25","guid":{"rendered":"http:\/\/www.literaturtelefon-online.de\/?page_id=4253"},"modified":"2022-02-13T23:36:02","modified_gmt":"2022-02-13T21:36:02","slug":"norbert-gstrein","status":"publish","type":"page","link":"http:\/\/www.literaturtelefon-online.de\/?page_id=4253","title":{"rendered":"Norbert Gstrein"},"content":{"rendered":"<div style=\"text-align: justify;\">\n<p>Am Literaturtelefon unter der Rufnummer 0431\/901-8888 und auf www.literaturtelefon-online.de liest Norbert Gstrein aus seinem bei Hanser erschienenen Roman <em>\u201eDer zweite Jakob\u201c<\/em>. Die Aufnahme entstand im Rahmen einer Lesung am 1.2.2022 im Literaturhaus Schleswig-Holstein.<\/p>\n<p><!--[if lt IE 9]><script>document.createElement('audio');<\/script><![endif]-->\n<audio class=\"wp-audio-shortcode\" id=\"audio-4253-1\" preload=\"none\" style=\"width: 100%;\" controls=\"controls\"><source type=\"audio\/mpeg\" src=\"http:\/\/www.literaturtelefon-online.de\/wp-content\/uploads\/2022\/02\/norbert_gstrein_der_zweite_jakob.mp3?_=1\" \/><a href=\"http:\/\/www.literaturtelefon-online.de\/wp-content\/uploads\/2022\/02\/norbert_gstrein_der_zweite_jakob.mp3\">http:\/\/www.literaturtelefon-online.de\/wp-content\/uploads\/2022\/02\/norbert_gstrein_der_zweite_jakob.mp3<\/a><\/audio><br \/>\n<br \/>\n<img loading=\"lazy\" decoding=\"async\" class=\"alignright size-full wp-image-4256\" style=\"margin-left: 40px;\" src=\"http:\/\/www.literaturtelefon-online.de\/wp-content\/uploads\/2022\/01\/norbert_gstrein.jpg\" alt=\"\" width=\"300\" height=\"386\" srcset=\"http:\/\/www.literaturtelefon-online.de\/wp-content\/uploads\/2022\/01\/norbert_gstrein.jpg 300w, http:\/\/www.literaturtelefon-online.de\/wp-content\/uploads\/2022\/01\/norbert_gstrein-233x300.jpg 233w\" sizes=\"auto, (max-width: 300px) 100vw, 300px\" \/>\u201eNat\u00fcrlich will niemand sechzig werden.\u201c So beginnt in Norbert Gstreins neuem, auf der Shortlist des Deutschen Buchpreises 2021 platzierten Roman <em>\u201eDer zweite Jakob\u201c<\/em> das Lebensgest\u00e4ndnis des Protagonisten, \u00fcber den eine Biografie erscheinen soll.Norbert Gstrein, 1961 in Tirol geborener und in Hamburg lebender Schriftsteller, erz\u00e4hlt von einem Schauspieler, Jakob, dessen Tochter ihn \u00fcberraschend mit der Frage konfrontiert: \u201eWas ist das Schlimmste, das du je getan hast?\u201c Und Jakob erinnert sich \u2013 an einen Filmdreh an der mexikanisch-amerikanischen Grenze, an die Morde an Frauen und das Elend dort, das er blo\u00df distanziert mitbekam, an die beiden Male, als er pl\u00f6tzlich mittendrin war &#8230; Jakob sch\u00e4mt sich, ringt mit den simplen Urteilen der Welt und sehnt sich in glei\u00dfenden Erinnerungen nach dem Gl\u00fcck. Warum war er kein Original, warum stets nur \u201eder zweite Jakob\u201c? Im Jahr 2021 wurde Gstrein f\u00fcr sein Werk mit dem Thomas-Mann-Preis ausgezeichnet.<\/p>\n<p><a href=\"https:\/\/de.wikipedia.org\/wiki\/Norbert_Gstrein\" target=\"_blank\" rel=\"noopener\">Wikipedia \u00fcber den Autor<\/a><\/p>\n<p>Verlag: <a href=\"https:\/\/www.hanser-literaturverlage.de\/buch\/der-zweite-jakob\/978-3-446-26916-3\/\" target=\"_blank\" rel=\"noopener\">Hanser<\/a><\/p>\n<p>Foto: Oliver Wolf<\/p>\n<p>literaturtelefon-online.de | Telefon: 0431\/901-8888<\/p>\n<\/div>\n","protected":false},"excerpt":{"rendered":"<p>Am Literaturtelefon unter der Rufnummer 0431\/901-8888 und auf www.literaturtelefon-online.de liest Norbert Gstrein aus seinem bei Hanser erschienenen Roman \u201eDer zweite Jakob\u201c. Die Aufnahme entstand im Rahmen einer Lesung am 1.2.2022 im Literaturhaus Schleswig-Holstein. \u201eNat\u00fcrlich will niemand sechzig werden.\u201c So beginnt in Norbert Gstreins neuem, auf der Shortlist des Deutschen Buchpreises 2021 platzierten Roman \u201eDer zweite [&hellip;]<\/p>\n","protected":false},"author":6,"featured_media":0,"parent":4246,"menu_order":2,"comment_status":"closed","ping_status":"closed","template":"","meta":{"footnotes":""},"class_list":["post-4253","page","type-page","status-publish","hentry"],"_links":{"self":[{"href":"http:\/\/www.literaturtelefon-online.de\/index.php?rest_route=\/wp\/v2\/pages\/4253","targetHints":{"allow":["GET"]}}],"collection":[{"href":"http:\/\/www.literaturtelefon-online.de\/index.php?rest_route=\/wp\/v2\/pages"}],"about":[{"href":"http:\/\/www.literaturtelefon-online.de\/index.php?rest_route=\/wp\/v2\/types\/page"}],"author":[{"embeddable":true,"href":"http:\/\/www.literaturtelefon-online.de\/index.php?rest_route=\/wp\/v2\/users\/6"}],"replies":[{"embeddable":true,"href":"http:\/\/www.literaturtelefon-online.de\/index.php?rest_route=%2Fwp%2Fv2%2Fcomments&post=4253"}],"version-history":[{"count":6,"href":"http:\/\/www.literaturtelefon-online.de\/index.php?rest_route=\/wp\/v2\/pages\/4253\/revisions"}],"predecessor-version":[{"id":4304,"href":"http:\/\/www.literaturtelefon-online.de\/index.php?rest_route=\/wp\/v2\/pages\/4253\/revisions\/4304"}],"up":[{"embeddable":true,"href":"http:\/\/www.literaturtelefon-online.de\/index.php?rest_route=\/wp\/v2\/pages\/4246"}],"wp:attachment":[{"href":"http:\/\/www.literaturtelefon-online.de\/index.php?rest_route=%2Fwp%2Fv2%2Fmedia&parent=4253"}],"curies":[{"name":"wp","href":"https:\/\/api.w.org\/{rel}","templated":true}]}}