{"id":4244,"date":"2022-01-29T14:08:32","date_gmt":"2022-01-29T12:08:32","guid":{"rendered":"http:\/\/www.literaturtelefon-online.de\/?page_id=4244"},"modified":"2022-01-31T09:47:23","modified_gmt":"2022-01-31T07:47:23","slug":"eva-menasse","status":"publish","type":"page","link":"http:\/\/www.literaturtelefon-online.de\/?page_id=4244","title":{"rendered":"Eva Menasse"},"content":{"rendered":"<div style=\"text-align: justify;\">\n<p>Am Literaturtelefon unter der Rufnummer 0431\/901-8888 und auf www.literaturtelefon-online.de liest Eva Menasse aus ihrem im August 2021 bei Kiepenheuer &amp; Witsch erschienenen Roman <em>\u201eDunkelblum\u201c<\/em>. Die Aufnahme entstand im Rahmen einer Lesung am 18.1.2022 im Literaturhaus Schleswig-Holstein.<\/p>\n<p><!--[if lt IE 9]><script>document.createElement('audio');<\/script><![endif]-->\n<audio class=\"wp-audio-shortcode\" id=\"audio-4244-1\" preload=\"none\" style=\"width: 100%;\" controls=\"controls\"><source type=\"audio\/mpeg\" src=\"http:\/\/www.literaturtelefon-online.de\/wp-content\/uploads\/2022\/01\/eva_menasse_dunkelblum.mp3?_=1\" \/><a href=\"http:\/\/www.literaturtelefon-online.de\/wp-content\/uploads\/2022\/01\/eva_menasse_dunkelblum.mp3\">http:\/\/www.literaturtelefon-online.de\/wp-content\/uploads\/2022\/01\/eva_menasse_dunkelblum.mp3<\/a><\/audio><br \/>\n<br \/>\n<img loading=\"lazy\" decoding=\"async\" class=\"alignright size-full wp-image-4250\" style=\"margin-left: 40px;\" src=\"http:\/\/www.literaturtelefon-online.de\/wp-content\/uploads\/2022\/01\/eva_menasse.jpg\" alt=\"\" width=\"300\" height=\"438\" srcset=\"http:\/\/www.literaturtelefon-online.de\/wp-content\/uploads\/2022\/01\/eva_menasse.jpg 300w, http:\/\/www.literaturtelefon-online.de\/wp-content\/uploads\/2022\/01\/eva_menasse-205x300.jpg 205w\" sizes=\"auto, (max-width: 300px) 100vw, 300px\" \/>Keiner will dar\u00fcber reden, aber die dunkle Vergangenheit l\u00e4sst sich nicht l\u00e4nger verbergen. Im Herbst 1989 kommt ein \u00e4lterer Mann aus Boston nach Dunkelblum im Burgenland, auf den ersten Blick eine (fiktive) Kleinstadt wie jede andere. Er scheint sich f\u00fcr Ereignisse in den 1930er- und 1940er-Jahren zu interessieren, \u00fcber die niemand reden will, denn hinter der Fassade der \u00f6sterreichischen Gemeinde verbirgt sich die Geschichte eines furchtbaren Verbrechens. Ihr Wissen um das Ereignis verbindet die \u00e4lteren Einwohner seit Jahrzehnten \u2013 genauso wie ihr Schweigen \u00fcber Tat und T\u00e4ter. Doch wie in einem Spuk tauchen nun ein halbes Jahrhundert nach Kriegsende Spuren des alten Verbrechens auf \u2013 und konfrontieren die Dunkelblumer mit einer Vergangenheit, die sie l\u00e4ngst f\u00fcr erledigt hielten.<\/p>\n<p>Verdr\u00e4ngen, bis man vergisst: Eva Menasse seziert in <em>\u201eDunkelblum\u201c<\/em> \u00f6sterreichische Verdr\u00e4ngungskultur vom Zweiten Weltkrieg bis heute \u2013 mit lohnenden Erkenntnissen.<\/p>\n<p>Eva Menasse, geboren 1970 in Wien, begann als Journalistin und deb\u00fctierte im Jahr 2005 mit dem Familienroman <em>\u201eVienna\u201c<\/em>. Es folgten Romane und Erz\u00e4hlungen (<em>\u201eL\u00e4ssliche Tods\u00fcnden\u201c<\/em>, <em>\u201eQuasikristalle\u201c<\/em>, <em>\u201eTiere f\u00fcr Fortgeschrittene\u201c<\/em>), die vielfach \u00fcbersetzt und ausgezeichnet wurden, u.a. mit dem Heinrich-B\u00f6ll-Preis, Friedrich-H\u00f6lderlin-Preis, Jonathan-Swift-Preis, \u00d6sterreichischen Buchpreis, Mainzer Stadtschreiber-Preis und dem Villa-Massimo-Stipendium in Rom. Eva Menasse bet\u00e4tigt sich zunehmend auch als Essayistin und erhielt daf\u00fcr 2019 den Ludwig-B\u00f6rne-Preis. Sie lebt seit \u00fcber 20 Jahren in Berlin.<\/p>\n<p><a href=\"https:\/\/de.wikipedia.org\/wiki\/Eva_Menasse\" target=\"_blank\" rel=\"noopener\">Wikipedia \u00fcber die Autorin<\/a><\/p>\n<p>Verlag: <a href=\"https:\/\/www.kiwi-verlag.de\/buch\/eva-menasse-dunkelblum-9783462047905\" target=\"_blank\" rel=\"noopener\">Kiepenheuer &amp; Witsch<\/a><\/p>\n<p>Foto: J\u00f6rg Steinmetz<\/p>\n<p>literaturtelefon-online.de | Telefon: 0431\/901-8888<\/p>\n<\/div>\n","protected":false},"excerpt":{"rendered":"<p>Am Literaturtelefon unter der Rufnummer 0431\/901-8888 und auf www.literaturtelefon-online.de liest Eva Menasse aus ihrem im August 2021 bei Kiepenheuer &amp; Witsch erschienenen Roman \u201eDunkelblum\u201c. Die Aufnahme entstand im Rahmen einer Lesung am 18.1.2022 im Literaturhaus Schleswig-Holstein. Keiner will dar\u00fcber reden, aber die dunkle Vergangenheit l\u00e4sst sich nicht l\u00e4nger verbergen. Im Herbst 1989 kommt ein \u00e4lterer [&hellip;]<\/p>\n","protected":false},"author":6,"featured_media":0,"parent":4246,"menu_order":1,"comment_status":"closed","ping_status":"closed","template":"","meta":{"footnotes":""},"class_list":["post-4244","page","type-page","status-publish","hentry"],"_links":{"self":[{"href":"http:\/\/www.literaturtelefon-online.de\/index.php?rest_route=\/wp\/v2\/pages\/4244","targetHints":{"allow":["GET"]}}],"collection":[{"href":"http:\/\/www.literaturtelefon-online.de\/index.php?rest_route=\/wp\/v2\/pages"}],"about":[{"href":"http:\/\/www.literaturtelefon-online.de\/index.php?rest_route=\/wp\/v2\/types\/page"}],"author":[{"embeddable":true,"href":"http:\/\/www.literaturtelefon-online.de\/index.php?rest_route=\/wp\/v2\/users\/6"}],"replies":[{"embeddable":true,"href":"http:\/\/www.literaturtelefon-online.de\/index.php?rest_route=%2Fwp%2Fv2%2Fcomments&post=4244"}],"version-history":[{"count":3,"href":"http:\/\/www.literaturtelefon-online.de\/index.php?rest_route=\/wp\/v2\/pages\/4244\/revisions"}],"predecessor-version":[{"id":4251,"href":"http:\/\/www.literaturtelefon-online.de\/index.php?rest_route=\/wp\/v2\/pages\/4244\/revisions\/4251"}],"up":[{"embeddable":true,"href":"http:\/\/www.literaturtelefon-online.de\/index.php?rest_route=\/wp\/v2\/pages\/4246"}],"wp:attachment":[{"href":"http:\/\/www.literaturtelefon-online.de\/index.php?rest_route=%2Fwp%2Fv2%2Fmedia&parent=4244"}],"curies":[{"name":"wp","href":"https:\/\/api.w.org\/{rel}","templated":true}]}}

<div style="text-align: justify;">
<p>Am Literaturtelefon unter der Rufnummer 0431/901-8888 und auf www.literaturtelefon-online.de liest Eva Menasse aus ihrem im August 2021 bei Kiepenheuer &amp; Witsch erschienenen Roman <em>„Dunkelblum“</em>. Die Aufnahme entstand im Rahmen einer Lesung am 18.1.2022 im Literaturhaus Schleswig-Holstein.</p>
<p><!--[if lt IE 9]><script>document.createElement('audio');</script><![endif]-->
<audio class="wp-audio-shortcode" id="audio-4244-1" preload="none" style="width: 100%;" controls="controls"><source type="audio/mpeg" src="http://www.literaturtelefon-online.de/wp-content/uploads/2022/01/eva_menasse_dunkelblum.mp3?_=1" /><a href="http://www.literaturtelefon-online.de/wp-content/uploads/2022/01/eva_menasse_dunkelblum.mp3">http://www.literaturtelefon-online.de/wp-content/uploads/2022/01/eva_menasse_dunkelblum.mp3</a></audio><br />
<br />
<img loading="lazy" decoding="async" class="alignright size-full wp-image-4250" style="margin-left: 40px;" src="http://www.literaturtelefon-online.de/wp-content/uploads/2022/01/eva_menasse.jpg" alt="" width="300" height="438" srcset="http://www.literaturtelefon-online.de/wp-content/uploads/2022/01/eva_menasse.jpg 300w, http://www.literaturtelefon-online.de/wp-content/uploads/2022/01/eva_menasse-205x300.jpg 205w" sizes="auto, (max-width: 300px) 100vw, 300px" />Keiner will darüber reden, aber die dunkle Vergangenheit lässt sich nicht länger verbergen. Im Herbst 1989 kommt ein älterer Mann aus Boston nach Dunkelblum im Burgenland, auf den ersten Blick eine (fiktive) Kleinstadt wie jede andere. Er scheint sich für Ereignisse in den 1930er- und 1940er-Jahren zu interessieren, über die niemand reden will, denn hinter der Fassade der österreichischen Gemeinde verbirgt sich die Geschichte eines furchtbaren Verbrechens. Ihr Wissen um das Ereignis verbindet die älteren Einwohner seit Jahrzehnten – genauso wie ihr Schweigen über Tat und Täter. Doch wie in einem Spuk tauchen nun ein halbes Jahrhundert nach Kriegsende Spuren des alten Verbrechens auf – und konfrontieren die Dunkelblumer mit einer Vergangenheit, die sie längst für erledigt hielten.</p>
<p>Verdrängen, bis man vergisst: Eva Menasse seziert in <em>„Dunkelblum“</em> österreichische Verdrängungskultur vom Zweiten Weltkrieg bis heute – mit lohnenden Erkenntnissen.</p>
<p>Eva Menasse, geboren 1970 in Wien, begann als Journalistin und debütierte im Jahr 2005 mit dem Familienroman <em>„Vienna“</em>. Es folgten Romane und Erzählungen (<em>„Lässliche Todsünden“</em>, <em>„Quasikristalle“</em>, <em>„Tiere für Fortgeschrittene“</em>), die vielfach übersetzt und ausgezeichnet wurden, u.a. mit dem Heinrich-Böll-Preis, Friedrich-Hölderlin-Preis, Jonathan-Swift-Preis, Österreichischen Buchpreis, Mainzer Stadtschreiber-Preis und dem Villa-Massimo-Stipendium in Rom. Eva Menasse betätigt sich zunehmend auch als Essayistin und erhielt dafür 2019 den Ludwig-Börne-Preis. Sie lebt seit über 20 Jahren in Berlin.</p>
<p><a href="https://de.wikipedia.org/wiki/Eva_Menasse" target="_blank" rel="noopener">Wikipedia über die Autorin</a></p>
<p>Verlag: <a href="https://www.kiwi-verlag.de/buch/eva-menasse-dunkelblum-9783462047905" target="_blank" rel="noopener">Kiepenheuer &amp; Witsch</a></p>
<p>Foto: Jörg Steinmetz</p>
<p>literaturtelefon-online.de | Telefon: 0431/901-8888</p>
</div>

<p>Am Literaturtelefon unter der Rufnummer 0431/901-8888 und auf www.literaturtelefon-online.de liest Eva Menasse aus ihrem im August 2021 bei Kiepenheuer &amp; Witsch erschienenen Roman „Dunkelblum“. Die Aufnahme entstand im Rahmen einer Lesung am 18.1.2022 im Literaturhaus Schleswig-Holstein. Keiner will darüber reden, aber die dunkle Vergangenheit lässt sich nicht länger verbergen. Im Herbst 1989 kommt ein älterer [&hellip;]</p>
