{"id":422,"date":"2012-12-05T10:12:50","date_gmt":"2012-12-05T08:12:50","guid":{"rendered":"http:\/\/www.literaturtelefon-online.de\/?page_id=422"},"modified":"2017-12-05T02:06:19","modified_gmt":"2017-12-05T00:06:19","slug":"klaus-dieter-brunotte","status":"publish","type":"page","link":"http:\/\/www.literaturtelefon-online.de\/?page_id=422","title":{"rendered":"Klaus-Dieter Brunotte"},"content":{"rendered":"<div style=\"text-align: justify;\">\n<p>Am 6. und 9. August 2012 j\u00e4hrten sich die Atombombenabw\u00fcrfe auf Hiroshima und Nagasaki zum 67. Mal. Insgesamt kamen dabei sofort und durch die Sp\u00e4tfolgen etwa 220.000 Menschen ums Leben. Zu dieser Thematik liest Klaus-Dieter Brunotte am Literaturtelefon unter 0431\/901-1156 und www.literaturtelefon-online.de Gedichte aus seinen B\u00fcchern \u201eatlantis 1\u201c und \u201eatlantis 2\u201c, die auch im Buch \u201eanderenorts\u201c im Hannoveraner Revonnah-Verlag erschienen.<\/p>\n<p><iframe loading=\"lazy\" title=\"Klaus-Dieter Brunotte - &quot;atlantis&quot;\" width=\"500\" height=\"375\" src=\"https:\/\/www.youtube.com\/embed\/DNOQxzt2VeQ?feature=oembed\" frameborder=\"0\" allow=\"accelerometer; autoplay; clipboard-write; encrypted-media; gyroscope; picture-in-picture; web-share\" referrerpolicy=\"strict-origin-when-cross-origin\" allowfullscreen><\/iframe><\/p>\n<p>Klaus-Dieter Brunotte wurde 1948 geboren und lebt abwechselnd in der Region Hannover sowie auf Sylt. Er ver\u00f6ffentlichte Texte in B\u00fcchern, Zeitschriften, im Rundfunk, in Kunstkatalogen, Anthologien und an Lyrik- sowie Literaturtelefonen. Seit \u00fcber 30 Jahren erschienen von ihm bisher 62 bibliophile K\u00fcnstlerb\u00fccher in Zusammenarbeit mit bildenden K\u00fcnstlerinnen und K\u00fcnstlern.<\/p>\n<p><img loading=\"lazy\" decoding=\"async\" style=\"margin-left:50px;\" src=\"http:\/\/www.literaturtelefon-online.de\/wp-content\/uploads\/2012\/12\/klaus-dieter_brunotte.jpg\" alt=\"Klaus-Dieter Brunotte\" title=\"Klaus-Dieter Brunotte\" width=\"140\" height=\"196\" class=\"alignright size-full wp-image-423\" \/><\/p>\n<p>Die B\u00fccher befinden sich in Privatbesitz, Kunstmuseen, \u00f6ffentlichen Bibliotheken und Kunstsammlungen in Deutschland, Europa und \u00dcbersee. 2009 erhielt er vom Nieders\u00e4chsischen Ministerium f\u00fcr Wissenschaft und Kultur ein dreimonatiges Stipendium im K\u00fcnstlerhaus Schreyahn im Wendland.<\/p>\n<p>Am Literaturtelefon Kiel war Brunotte zuletzt im Februar 2009 mit Gedichten aus seinem K\u00fcnstlerbuch \u201eam horizont versinkt das meer\u201c zu h\u00f6ren.<\/p>\n<p>Autor:  <a href=\"http:\/\/www.brunotteart.de\/\" target=\"_blank\">www.brunotteart.de<\/a><\/p>\n<p>literaturtelefon-online.de | Telefon: 0431\/901-1156\n<\/p><\/div>\n","protected":false},"excerpt":{"rendered":"<p>Am 6. und 9. August 2012 j\u00e4hrten sich die Atombombenabw\u00fcrfe auf Hiroshima und Nagasaki zum 67. Mal. Insgesamt kamen dabei sofort und durch die Sp\u00e4tfolgen etwa 220.000 Menschen ums Leben. Zu dieser Thematik liest Klaus-Dieter Brunotte am Literaturtelefon unter 0431\/901-1156 und www.literaturtelefon-online.de Gedichte aus seinen B\u00fcchern \u201eatlantis 1\u201c und \u201eatlantis 2\u201c, die auch im Buch [&hellip;]<\/p>\n","protected":false},"author":6,"featured_media":0,"parent":190,"menu_order":2,"comment_status":"open","ping_status":"open","template":"","meta":{"footnotes":""},"class_list":["post-422","page","type-page","status-publish","hentry"],"_links":{"self":[{"href":"http:\/\/www.literaturtelefon-online.de\/index.php?rest_route=\/wp\/v2\/pages\/422","targetHints":{"allow":["GET"]}}],"collection":[{"href":"http:\/\/www.literaturtelefon-online.de\/index.php?rest_route=\/wp\/v2\/pages"}],"about":[{"href":"http:\/\/www.literaturtelefon-online.de\/index.php?rest_route=\/wp\/v2\/types\/page"}],"author":[{"embeddable":true,"href":"http:\/\/www.literaturtelefon-online.de\/index.php?rest_route=\/wp\/v2\/users\/6"}],"replies":[{"embeddable":true,"href":"http:\/\/www.literaturtelefon-online.de\/index.php?rest_route=%2Fwp%2Fv2%2Fcomments&post=422"}],"version-history":[{"count":7,"href":"http:\/\/www.literaturtelefon-online.de\/index.php?rest_route=\/wp\/v2\/pages\/422\/revisions"}],"predecessor-version":[{"id":2693,"href":"http:\/\/www.literaturtelefon-online.de\/index.php?rest_route=\/wp\/v2\/pages\/422\/revisions\/2693"}],"up":[{"embeddable":true,"href":"http:\/\/www.literaturtelefon-online.de\/index.php?rest_route=\/wp\/v2\/pages\/190"}],"wp:attachment":[{"href":"http:\/\/www.literaturtelefon-online.de\/index.php?rest_route=%2Fwp%2Fv2%2Fmedia&parent=422"}],"curies":[{"name":"wp","href":"https:\/\/api.w.org\/{rel}","templated":true}]}}