{"id":4160,"date":"2021-10-21T22:10:26","date_gmt":"2021-10-21T20:10:26","guid":{"rendered":"http:\/\/www.literaturtelefon-online.de\/?page_id=4160"},"modified":"2021-11-07T23:43:24","modified_gmt":"2021-11-07T21:43:24","slug":"cihan-acar","status":"publish","type":"page","link":"http:\/\/www.literaturtelefon-online.de\/?page_id=4160","title":{"rendered":"Cihan Acar"},"content":{"rendered":"<div style=\"text-align: justify;\">\n<p>Am Literaturtelefon unter der Rufnummer 0431\/901-8888 und auf www.literaturtelefon-online.de liest Cihan Acar aus seinem 2020 bei Hanser Berlin erschienenen und mit dem Literaturpreis der Doppelfeld Stiftung ausgezeichneten Romandeb\u00fct <em>\u201eHawaii\u201c<\/em>. Die Aufnahme entstand im Rahmen der Lese-Lounge im Literaturhaus Schleswig-Holstein am 20.10.2021.<\/p>\n<p><!--[if lt IE 9]><script>document.createElement('audio');<\/script><![endif]-->\n<audio class=\"wp-audio-shortcode\" id=\"audio-4160-1\" preload=\"none\" style=\"width: 100%;\" controls=\"controls\"><source type=\"audio\/mpeg\" src=\"http:\/\/www.literaturtelefon-online.de\/wp-content\/uploads\/2021\/10\/cihan_acar_hawaii.mp3?_=1\" \/><a href=\"http:\/\/www.literaturtelefon-online.de\/wp-content\/uploads\/2021\/10\/cihan_acar_hawaii.mp3\">http:\/\/www.literaturtelefon-online.de\/wp-content\/uploads\/2021\/10\/cihan_acar_hawaii.mp3<\/a><\/audio><br \/>\n<br \/>\n<img loading=\"lazy\" decoding=\"async\" class=\"alignright size-full wp-image-4164\" style=\"margin-left: 40px;\" src=\"http:\/\/www.literaturtelefon-online.de\/wp-content\/uploads\/2021\/10\/cihan_acar.jpg\" alt=\"\" width=\"300\" height=\"456\" srcset=\"http:\/\/www.literaturtelefon-online.de\/wp-content\/uploads\/2021\/10\/cihan_acar.jpg 300w, http:\/\/www.literaturtelefon-online.de\/wp-content\/uploads\/2021\/10\/cihan_acar-197x300.jpg 197w\" sizes=\"auto, (max-width: 300px) 100vw, 300px\" \/>Es sind die hei\u00dfesten Tage im Jahr, Hundstage, die, so glauben manche, schweres Unheil bringen. Kemal Arslan l\u00e4uft durch Heilbronn, ein Fu\u00dfballstar, der nach einem Unfall seine Karriere beenden und von vorn anfangen muss. Unbeteiligt steht er auf einer t\u00fcrkischen Hochzeit herum, geht in ein Striplokal und ins Wettb\u00fcro, ger\u00e4t mitten hinein in eine Stra\u00dfenschlacht zwischen Rechten und Migranten, trifft seine Exfreundin Sina und besucht seine Eltern, die, wie die meisten T\u00fcrken der Stadt, in Hawaii wohnen, einem Problembezirk mit heruntergekommenen Hochh\u00e4usern und rauem Stra\u00dfenleben, der rein gar nichts mit dem Urlaubsparadies gemeinsam hat.<\/p>\n<p>Cihan Acars brisantes Deb\u00fct \u00fcber Heimatlosigkeit und Toleranz in unserer zerrissenen Gesellschaft ist \u201eein rauschhafter Trip durch Heilbronn, der den Leser sofort in seinen Bann zieht\u201c (Benedict Wells). Er erz\u00e4hlt von zwei Tagen und drei N\u00e4chten eines jungen Mannes, in denen er alle Stadien von Illusion, Sehnsucht und Einsamkeit durchquert. Ein Buch \u00fcber all die Heimatlosen, Nachtgestalten und Romantiker, die im Dazwischen leben.<\/p>\n<p>Cihan Acar wurde 1986 bei Heilbronn geboren. Nach dem Abitur begann er das Studium der Rechtswissenschaften in Heidelberg. Nebenbei arbeitete er als Journalist und Autor. Er schrieb zwei Sachb\u00fccher \u00fcber Hip-Hop und \u00fcber den Istanbuler Fu\u00dfballclub Galatasaray und berichtete unter anderem f\u00fcr die dpa aus der T\u00fcrkei. Nach l\u00e4ngeren Aufenthalten in Istanbul und Berlin kehrte er zur\u00fcck, um sein Studium abzuschlie\u00dfen.<\/p>\n<p>Verlag: <a href=\"https:\/\/www.hanser-literaturverlage.de\/buch\/hawaii\/978-3-446-26586-8\/\" target=\"_blank\" rel=\"noopener\">Hanser Berlin<\/a><\/p>\n<p>Foto: Robin Schimko<\/p>\n<p>literaturtelefon-online.de | Telefon: 0431\/901-8888<\/p>\n<\/div>\n","protected":false},"excerpt":{"rendered":"<p>Am Literaturtelefon unter der Rufnummer 0431\/901-8888 und auf www.literaturtelefon-online.de liest Cihan Acar aus seinem 2020 bei Hanser Berlin erschienenen und mit dem Literaturpreis der Doppelfeld Stiftung ausgezeichneten Romandeb\u00fct \u201eHawaii\u201c. Die Aufnahme entstand im Rahmen der Lese-Lounge im Literaturhaus Schleswig-Holstein am 20.10.2021. Es sind die hei\u00dfesten Tage im Jahr, Hundstage, die, so glauben manche, schweres Unheil [&hellip;]<\/p>\n","protected":false},"author":6,"featured_media":0,"parent":4158,"menu_order":1,"comment_status":"closed","ping_status":"closed","template":"","meta":{"footnotes":""},"class_list":["post-4160","page","type-page","status-publish","hentry"],"_links":{"self":[{"href":"http:\/\/www.literaturtelefon-online.de\/index.php?rest_route=\/wp\/v2\/pages\/4160","targetHints":{"allow":["GET"]}}],"collection":[{"href":"http:\/\/www.literaturtelefon-online.de\/index.php?rest_route=\/wp\/v2\/pages"}],"about":[{"href":"http:\/\/www.literaturtelefon-online.de\/index.php?rest_route=\/wp\/v2\/types\/page"}],"author":[{"embeddable":true,"href":"http:\/\/www.literaturtelefon-online.de\/index.php?rest_route=\/wp\/v2\/users\/6"}],"replies":[{"embeddable":true,"href":"http:\/\/www.literaturtelefon-online.de\/index.php?rest_route=%2Fwp%2Fv2%2Fcomments&post=4160"}],"version-history":[{"count":6,"href":"http:\/\/www.literaturtelefon-online.de\/index.php?rest_route=\/wp\/v2\/pages\/4160\/revisions"}],"predecessor-version":[{"id":4174,"href":"http:\/\/www.literaturtelefon-online.de\/index.php?rest_route=\/wp\/v2\/pages\/4160\/revisions\/4174"}],"up":[{"embeddable":true,"href":"http:\/\/www.literaturtelefon-online.de\/index.php?rest_route=\/wp\/v2\/pages\/4158"}],"wp:attachment":[{"href":"http:\/\/www.literaturtelefon-online.de\/index.php?rest_route=%2Fwp%2Fv2%2Fmedia&parent=4160"}],"curies":[{"name":"wp","href":"https:\/\/api.w.org\/{rel}","templated":true}]}}