{"id":407,"date":"2012-12-05T01:00:25","date_gmt":"2012-12-04T23:00:25","guid":{"rendered":"http:\/\/www.literaturtelefon-online.de\/?page_id=407"},"modified":"2021-06-12T11:25:22","modified_gmt":"2021-06-12T09:25:22","slug":"frank-schulz","status":"publish","type":"page","link":"http:\/\/www.literaturtelefon-online.de\/?page_id=407","title":{"rendered":"Frank Schulz"},"content":{"rendered":"<div style=\"text-align: justify;\">\n<p>Am Literaturtelefon unter 0431\/901-1156 und www.literaturtelefon-online.de liest Frank Schulz aus seinem im Verlag Galiani Berlin erschienenen Roman \u201eOnno Viets und der Irre vom Kiez\u201c. Die Aufnahme entstand anl\u00e4sslich einer Lesung auf Einladung von Andrea Jung Entertainment im KulturForum Kiel am 27.4.2012.<\/p>\n<p><!--[if lt IE 9]><script>document.createElement('audio');<\/script><![endif]-->\n<audio class=\"wp-audio-shortcode\" id=\"audio-407-1\" preload=\"none\" style=\"width: 100%;\" controls=\"controls\"><source type=\"audio\/mpeg\" src=\"http:\/\/www.literaturtelefon-online.de\/wp-content\/uploads\/2021\/06\/frank_schulz.mp3?_=1\" \/><a href=\"http:\/\/www.literaturtelefon-online.de\/wp-content\/uploads\/2021\/06\/frank_schulz.mp3\">http:\/\/www.literaturtelefon-online.de\/wp-content\/uploads\/2021\/06\/frank_schulz.mp3<\/a><\/audio><br \/>\n<br \/>\nOnno Viets ist Mitte 50 und Hartz-IV-Empf\u00e4nger. Noch nie konnte er irgend etwas richtig gut \u2013 au\u00dfer Brotloses wie Sitzen, Tischtennis und das Verstrahlen einer Art Charisma f\u00fcr Arme. Er hat eine Phobie gegen H\u00fchnerk\u00f6pfe, dringende Schulden beim Fiskus und m\u00f6chte seiner geliebten Gemahlin Edda so gern ein Fahrrad zum 50sten Geburtstag schenken. Sein Girokonto aber gl\u00fcht vor roten Zahlen. Da hat er eine Eingebung aus dem Fernsehen: Onno wird \u2013 Privatdetektiv. Seine geplagten Sportsfreunde vom Pingpong ahnen Ungutes. Aus langj\u00e4hriger Erfahrung. Einer aber, Rechtsanwalt (und \u00fcbrigens der Erz\u00e4hler der ganzen Geschichte), verhilft ihm dennoch zum ersten Fall: Der Popmagnat und Juror einer Porno-Castingshow, Nick Dolan, argw\u00f6hnt Untreue seiner aktuellen Flamme, der Burlesque-T\u00e4nzerin Fiona Popo. Onno soll ein Beweisfoto von ihr und dem Liebhaber liefern. Schon bald bekommt Onno Dolans Nebenbuhler zu Gesicht. Bei dem Kerl mit dem Spitznamen \u201eH\u00e4ndchen\u201c handelt es sich um die gef\u00fcrchtete rechte Hand eines Hamburger Kiezoligarchen &#8230; Bis nach Mallorca verfolgt unser frisch gebackener Ermittler das Fr\u00e4ulein Popo. Wo das Fiasko unwiderruflich beginnt.<\/p>\n<p>Frank Schulz, Jahrgang 1957, lebt als freier Schriftsteller in Hamburg. F\u00fcr die Romane seiner \u201eHagener Trilogie\u201c (\u201eKolks blonde Br\u00e4ute\u201c, 1991, \u201eMorbus fonticuli oder Die Sehnsucht des Laien\u201c, 2001, \u201eDas Ouzo-Orakel\u201c, 2006) wurde er mehrfach ausgezeichnet,<\/p>\n<p><img loading=\"lazy\" decoding=\"async\" style=\"margin-left:40px;\" src=\"http:\/\/www.literaturtelefon-online.de\/wp-content\/uploads\/2012\/12\/frank_schulz.jpg\" alt=\"Frank Schulz\" title=\"Frank Schulz\" width=\"140\" height=\"190\" class=\"alignright size-full wp-image-408\" \/><\/p>\n<p>u.a. mit dem F\u00f6rderpreis zum Kasseler Literaturpreis f\u00fcr grotesken Humor (1999) sowie mit dem Hamburger Hubert-Fichte-Preis (2004) und dem Hamburger Irmgard-Heilmann-Preis (2006). Zuletzt erschien 2010 sein Erz\u00e4hlungsband \u201eMehr Liebe. Heikle Geschichten.<\/p>\n<p>Autor: <a href=\"http:\/\/www.frank-schulz.eu\/\" target=\"_blank\" rel=\"noopener\">www.frank-schulz.eu<\/a><\/p>\n<p>Verlag: <a href=\"https:\/\/www.galiani.de\/buch\/frank-schulz-onno-viets-und-der-irre-vom-kiez-9783869710389\" target=\"_blank\" rel=\"noopener\">Verlag Galiani Berlin<\/a><\/p>\n<p>Foto: Gunter Gl\u00fccklich<\/p>\n<p>literaturtelefon-online.de | Telefon: 0431\/901-1156\n<\/p><\/div>\n","protected":false},"excerpt":{"rendered":"<p>Am Literaturtelefon unter 0431\/901-1156 und www.literaturtelefon-online.de liest Frank Schulz aus seinem im Verlag Galiani Berlin erschienenen Roman \u201eOnno Viets und der Irre vom Kiez\u201c. Die Aufnahme entstand anl\u00e4sslich einer Lesung auf Einladung von Andrea Jung Entertainment im KulturForum Kiel am 27.4.2012. Onno Viets ist Mitte 50 und Hartz-IV-Empf\u00e4nger. Noch nie konnte er irgend etwas richtig [&hellip;]<\/p>\n","protected":false},"author":6,"featured_media":0,"parent":188,"menu_order":1,"comment_status":"open","ping_status":"open","template":"","meta":{"footnotes":""},"class_list":["post-407","page","type-page","status-publish","hentry"],"_links":{"self":[{"href":"http:\/\/www.literaturtelefon-online.de\/index.php?rest_route=\/wp\/v2\/pages\/407","targetHints":{"allow":["GET"]}}],"collection":[{"href":"http:\/\/www.literaturtelefon-online.de\/index.php?rest_route=\/wp\/v2\/pages"}],"about":[{"href":"http:\/\/www.literaturtelefon-online.de\/index.php?rest_route=\/wp\/v2\/types\/page"}],"author":[{"embeddable":true,"href":"http:\/\/www.literaturtelefon-online.de\/index.php?rest_route=\/wp\/v2\/users\/6"}],"replies":[{"embeddable":true,"href":"http:\/\/www.literaturtelefon-online.de\/index.php?rest_route=%2Fwp%2Fv2%2Fcomments&post=407"}],"version-history":[{"count":7,"href":"http:\/\/www.literaturtelefon-online.de\/index.php?rest_route=\/wp\/v2\/pages\/407\/revisions"}],"predecessor-version":[{"id":4050,"href":"http:\/\/www.literaturtelefon-online.de\/index.php?rest_route=\/wp\/v2\/pages\/407\/revisions\/4050"}],"up":[{"embeddable":true,"href":"http:\/\/www.literaturtelefon-online.de\/index.php?rest_route=\/wp\/v2\/pages\/188"}],"wp:attachment":[{"href":"http:\/\/www.literaturtelefon-online.de\/index.php?rest_route=%2Fwp%2Fv2%2Fmedia&parent=407"}],"curies":[{"name":"wp","href":"https:\/\/api.w.org\/{rel}","templated":true}]}}