{"id":4025,"date":"2021-05-19T20:59:49","date_gmt":"2021-05-19T18:59:49","guid":{"rendered":"http:\/\/www.literaturtelefon-online.de\/?page_id=4025"},"modified":"2021-06-06T23:49:56","modified_gmt":"2021-06-06T21:49:56","slug":"henning-schoettke","status":"publish","type":"page","link":"http:\/\/www.literaturtelefon-online.de\/?page_id=4025","title":{"rendered":"Henning Sch\u00f6ttke"},"content":{"rendered":"<div style=\"text-align: justify;\">\n<p>Am Literaturtelefon unter 0431\/901-8888 und www.literaturtelefon-online.de liest Henning Sch\u00f6ttke seine Kurzgeschichte <em>\u201eKlingelstreiche\u201c<\/em> (auf der Website vollst\u00e4ndig, am Telefon aus technischen Gr\u00fcnden nur die ersten 13 Minuten).<\/p>\n<p><!--[if lt IE 9]><script>document.createElement('audio');<\/script><![endif]-->\n<audio class=\"wp-audio-shortcode\" id=\"audio-4025-1\" preload=\"none\" style=\"width: 100%;\" controls=\"controls\"><source type=\"audio\/mpeg\" src=\"http:\/\/www.literaturtelefon-online.de\/wp-content\/uploads\/2021\/05\/henning_schoettke_klingelstreiche.mp3?_=1\" \/><a href=\"http:\/\/www.literaturtelefon-online.de\/wp-content\/uploads\/2021\/05\/henning_schoettke_klingelstreiche.mp3\">http:\/\/www.literaturtelefon-online.de\/wp-content\/uploads\/2021\/05\/henning_schoettke_klingelstreiche.mp3<\/a><\/audio><br \/>\n<br \/>\n<img loading=\"lazy\" decoding=\"async\" class=\"alignright size-full wp-image-3443\" style=\"margin-left: 40px;\" src=\"http:\/\/www.literaturtelefon-online.de\/wp-content\/uploads\/2019\/11\/henning_schoettke.jpg\" alt=\"\" width=\"300\" height=\"463\" srcset=\"http:\/\/www.literaturtelefon-online.de\/wp-content\/uploads\/2019\/11\/henning_schoettke.jpg 300w, http:\/\/www.literaturtelefon-online.de\/wp-content\/uploads\/2019\/11\/henning_schoettke-194x300.jpg 194w\" sizes=\"auto, (max-width: 300px) 100vw, 300px\" \/>Wie jedes Jahr verbringt der achtj\u00e4hrige Enrico seine Sommerferien bei Oma und Opa in einem kleinen italienischen Dorf. Er liebt es, dort mit den anderen Kindern durch die W\u00e4lder und Felder zu streifen oder im See zu baden. Aber was Enrico nicht wei\u00df \u2013 das Dorf hat ein Geheimnis, ein mysteri\u00f6ses Tabu, \u00fcber das niemand spricht.<\/p>\n<p>Henning Sch\u00f6ttke, Jahrgang 1952, studierte zun\u00e4chst Mathematik und Musik auf Lehramt. Seit 1978 ist er freiberuflicher Comiczeichner, hat zahlreiche Comicserien ver\u00f6ffentlicht und \u00fcber hundert Schulb\u00fccher illustriert. 2001 begann er mit dem Schreiben von Romanen und Kurzgeschichten. Sehr erfolgreich ist seine auf eine Heptalogie angelegte Roman-Reihe \u00fcber die Sieben Tods\u00fcnden (zuletzt (2019) der f\u00fcnfte Band <em>\u201eInvidias Gesetze\u201c<\/em>). Er unterrichtet Kreatives Schreiben und ist Kulturvermittler des Landes Schleswig-Holstein.<\/p>\n<p>Am Literaturtelefon war Henning Sch\u00f6ttke zuletzt im September 2020 zusammen mit Claudia Leymann zu h\u00f6ren. Sie lasen aus ihrem 2020 erschienenen gemeinsamen <a href=\"http:\/\/www.literaturtelefon-online.de\/?page_id=3759\">K\u00fcsten-Krimi <em>\u201eKieler Bagaluten\u201c<\/em><\/a>.<\/p>\n<\/div>\n<div style=\"text-align: justify;\">\n<p>Autor: <a href=\"http:\/\/www.henning-schoettke.de\" target=\"_blank\" rel=\"noopener noreferrer\">www.henning-schoettke.de<\/a><\/p>\n<p>Foto: Gertje K\u00f6nig<\/p>\n<p>literaturtelefon-online.de | Telefon: 0431\/901-8888<\/p>\n<\/div>\n","protected":false},"excerpt":{"rendered":"<p>Am Literaturtelefon unter 0431\/901-8888 und www.literaturtelefon-online.de liest Henning Sch\u00f6ttke seine Kurzgeschichte \u201eKlingelstreiche\u201c (auf der Website vollst\u00e4ndig, am Telefon aus technischen Gr\u00fcnden nur die ersten 13 Minuten). Wie jedes Jahr verbringt der achtj\u00e4hrige Enrico seine Sommerferien bei Oma und Opa in einem kleinen italienischen Dorf. Er liebt es, dort mit den anderen Kindern durch die W\u00e4lder [&hellip;]<\/p>\n","protected":false},"author":6,"featured_media":0,"parent":4023,"menu_order":1,"comment_status":"closed","ping_status":"closed","template":"","meta":{"footnotes":""},"class_list":["post-4025","page","type-page","status-publish","hentry"],"_links":{"self":[{"href":"http:\/\/www.literaturtelefon-online.de\/index.php?rest_route=\/wp\/v2\/pages\/4025","targetHints":{"allow":["GET"]}}],"collection":[{"href":"http:\/\/www.literaturtelefon-online.de\/index.php?rest_route=\/wp\/v2\/pages"}],"about":[{"href":"http:\/\/www.literaturtelefon-online.de\/index.php?rest_route=\/wp\/v2\/types\/page"}],"author":[{"embeddable":true,"href":"http:\/\/www.literaturtelefon-online.de\/index.php?rest_route=\/wp\/v2\/users\/6"}],"replies":[{"embeddable":true,"href":"http:\/\/www.literaturtelefon-online.de\/index.php?rest_route=%2Fwp%2Fv2%2Fcomments&post=4025"}],"version-history":[{"count":7,"href":"http:\/\/www.literaturtelefon-online.de\/index.php?rest_route=\/wp\/v2\/pages\/4025\/revisions"}],"predecessor-version":[{"id":4033,"href":"http:\/\/www.literaturtelefon-online.de\/index.php?rest_route=\/wp\/v2\/pages\/4025\/revisions\/4033"}],"up":[{"embeddable":true,"href":"http:\/\/www.literaturtelefon-online.de\/index.php?rest_route=\/wp\/v2\/pages\/4023"}],"wp:attachment":[{"href":"http:\/\/www.literaturtelefon-online.de\/index.php?rest_route=%2Fwp%2Fv2%2Fmedia&parent=4025"}],"curies":[{"name":"wp","href":"https:\/\/api.w.org\/{rel}","templated":true}]}}