{"id":4010,"date":"2021-05-17T20:35:07","date_gmt":"2021-05-17T18:35:07","guid":{"rendered":"http:\/\/www.literaturtelefon-online.de\/?page_id=4010"},"modified":"2022-07-15T22:57:05","modified_gmt":"2022-07-15T20:57:05","slug":"thies-john","status":"publish","type":"page","link":"http:\/\/www.literaturtelefon-online.de\/?page_id=4010","title":{"rendered":"Thies John"},"content":{"rendered":"<div style=\"text-align: justify;\">\n<p>Am Literaturtelefon unter der Rufnummer 0431\/901-8888 und auf www.literaturtelefon-online.de liest der Kieler Autor, Schauspieler und Filmemacher Thies John aus dem 5. Kapitel seines zweiten Kiel-Krimis <em>\u201eKragen aus Stahl\u201c<\/em>, der im April 2021 im Selbstverlag erschienen ist.<\/p>\n<p><!--[if lt IE 9]><script>document.createElement('audio');<\/script><![endif]-->\n<audio class=\"wp-audio-shortcode\" id=\"audio-4010-1\" preload=\"none\" style=\"width: 100%;\" controls=\"controls\"><source type=\"audio\/mpeg\" src=\"http:\/\/www.literaturtelefon-online.de\/wp-content\/uploads\/2021\/05\/thies_john_kragen_aus_stahl.mp3?_=1\" \/><a href=\"http:\/\/www.literaturtelefon-online.de\/wp-content\/uploads\/2021\/05\/thies_john_kragen_aus_stahl.mp3\">http:\/\/www.literaturtelefon-online.de\/wp-content\/uploads\/2021\/05\/thies_john_kragen_aus_stahl.mp3<\/a><\/audio><br \/>\n<br \/>\n<img loading=\"lazy\" decoding=\"async\" class=\"alignright size-full wp-image-4011\" style=\"margin-left: 40px;\" src=\"http:\/\/www.literaturtelefon-online.de\/wp-content\/uploads\/2021\/05\/thies_john.jpg\" alt=\"\" width=\"300\" height=\"419\" srcset=\"http:\/\/www.literaturtelefon-online.de\/wp-content\/uploads\/2021\/05\/thies_john.jpg 300w, http:\/\/www.literaturtelefon-online.de\/wp-content\/uploads\/2021\/05\/thies_john-215x300.jpg 215w\" sizes=\"auto, (max-width: 300px) 100vw, 300px\" \/>Der zweite Fall f\u00fcr die etwas verpeilte Kieler Ermittlerin Kathrin Zorn: In der N\u00e4he des Seehundbeckens an der Kiellinie wird ein Toter aufgefunden, der \u2013 offenbar ein Zeichen \u2013 einen Metallkragen um den Hals tr\u00e4gt. Die Identit\u00e4t des Toten zu ermitteln, gestaltet sich f\u00fcr Zorn und ihre beiden neuen Kolleg*innen, Kommisaranw\u00e4rterin Julia Himmler und Polizeimeister Drehmel, als ungemein schwierig. Eine erste Spur, obwohl sie gar nicht danach aussieht, liefert der Gerichtsmediziner Dr. Stendalt: Im Magen des Toten hat er Bier gefunden. Nicht irgendein Bier, sondern eines, das es nur in einer einzigen Kieler Kneipe gibt. Aber das ist lediglich eine von vielen unerwarteten Wendungen im Fall um den mysteri\u00f6sen Tr\u00e4ger des Kragens aus Stahl &#8230;<\/p>\n<p>Der Kieler Autor Thies John, geboren 1967 in Elmshorn, ist nicht nur auf dem literarischen Feld unterwegs, sondern auch als Schauspieler (u.a. im Werkstatt-Theater Kiel), Filmregisseur und -produzent. Schon w\u00e4hrend seiner Schulzeit schrieb John eigene Texte, meist Kurzgeschichten, sp\u00e4ter auch Drehb\u00fccher und Theaterst\u00fccke, die teilweise von ihm selbst inszeniert wurden. Der Kiel-Krimi <em>\u201eSophie\u201c<\/em>, geschrieben w\u00e4hrend der ersten Corona-Zwangspause, war Johns erster Roman, der im Fr\u00fchsommer 2020 erschien und aus dem er Ende Juni 2020 auch <a href=\"http:\/\/www.literaturtelefon-online.de\/?page_id=3679\">am Literaturtelefon las<\/a>. Im Herbst 2020 erschien sein Kneipenroman <em>\u201eSamstags und die Tage dazwischen\u201c<\/em>.<\/p>\n<p>Der Roman <em>\u201eKragen aus Stahl\u201c<\/em> ist direkt beim Autor unter der E-Mail <em><a href=\"mailto:thieshjjohn@yahoo.de\" target=\"_blank\" rel=\"noopener\">thieshjjohn@yahoo.de<\/a><\/em> erh\u00e4ltlich, ebenso im \u201eNihil\u201c (Kiel, Howaldtstr. 6).<\/p>\n<p><a href=\"http:\/\/www.facebook.com\/thies.john\" target=\"_blank\" rel=\"noopener\">Facebook-Seite des Autors<\/a><\/p>\n<p>Foto: Christian-Albrecht Groddeck<\/p>\n<p>literaturtelefon-online.de | Telefon: 0431\/901-8888<\/p>\n<\/div>\n","protected":false},"excerpt":{"rendered":"<p>Am Literaturtelefon unter der Rufnummer 0431\/901-8888 und auf www.literaturtelefon-online.de liest der Kieler Autor, Schauspieler und Filmemacher Thies John aus dem 5. Kapitel seines zweiten Kiel-Krimis \u201eKragen aus Stahl\u201c, der im April 2021 im Selbstverlag erschienen ist. Der zweite Fall f\u00fcr die etwas verpeilte Kieler Ermittlerin Kathrin Zorn: In der N\u00e4he des Seehundbeckens an der Kiellinie [&hellip;]<\/p>\n","protected":false},"author":6,"featured_media":0,"parent":3970,"menu_order":3,"comment_status":"closed","ping_status":"closed","template":"","meta":{"footnotes":""},"class_list":["post-4010","page","type-page","status-publish","hentry"],"_links":{"self":[{"href":"http:\/\/www.literaturtelefon-online.de\/index.php?rest_route=\/wp\/v2\/pages\/4010","targetHints":{"allow":["GET"]}}],"collection":[{"href":"http:\/\/www.literaturtelefon-online.de\/index.php?rest_route=\/wp\/v2\/pages"}],"about":[{"href":"http:\/\/www.literaturtelefon-online.de\/index.php?rest_route=\/wp\/v2\/types\/page"}],"author":[{"embeddable":true,"href":"http:\/\/www.literaturtelefon-online.de\/index.php?rest_route=\/wp\/v2\/users\/6"}],"replies":[{"embeddable":true,"href":"http:\/\/www.literaturtelefon-online.de\/index.php?rest_route=%2Fwp%2Fv2%2Fcomments&post=4010"}],"version-history":[{"count":8,"href":"http:\/\/www.literaturtelefon-online.de\/index.php?rest_route=\/wp\/v2\/pages\/4010\/revisions"}],"predecessor-version":[{"id":4448,"href":"http:\/\/www.literaturtelefon-online.de\/index.php?rest_route=\/wp\/v2\/pages\/4010\/revisions\/4448"}],"up":[{"embeddable":true,"href":"http:\/\/www.literaturtelefon-online.de\/index.php?rest_route=\/wp\/v2\/pages\/3970"}],"wp:attachment":[{"href":"http:\/\/www.literaturtelefon-online.de\/index.php?rest_route=%2Fwp%2Fv2%2Fmedia&parent=4010"}],"curies":[{"name":"wp","href":"https:\/\/api.w.org\/{rel}","templated":true}]}}