{"id":398,"date":"2012-12-04T22:25:22","date_gmt":"2012-12-04T20:25:22","guid":{"rendered":"http:\/\/www.literaturtelefon-online.de\/?page_id=398"},"modified":"2017-12-05T02:01:04","modified_gmt":"2017-12-05T00:01:04","slug":"rocko-schamoni","status":"publish","type":"page","link":"http:\/\/www.literaturtelefon-online.de\/?page_id=398","title":{"rendered":"Rocko Schamoni"},"content":{"rendered":"<div style=\"text-align: justify;\">\n<p>Am Literaturtelefon unter 0431\/901-1156 und www.literaturtelefon-online.de liest Rocko Schamoni aus seinem im Piper Verlag erschienenen Roman \u201eTag der geschlossenen T\u00fcr\u201c. Die Aufnahme entstand bei einer Lesung im Kieler metro-Kino im Schlo\u00dfhof am 4.4.2012.<\/p>\n<p><iframe loading=\"lazy\" title=\"Rocko Schamoni - &quot;Tag der geschlossenen Tu\u0308r&quot;\" width=\"500\" height=\"375\" src=\"https:\/\/www.youtube.com\/embed\/FEKoJSILtkY?feature=oembed\" frameborder=\"0\" allow=\"accelerometer; autoplay; clipboard-write; encrypted-media; gyroscope; picture-in-picture; web-share\" referrerpolicy=\"strict-origin-when-cross-origin\" allowfullscreen><\/iframe><\/p>\n<p>Seit seinen so originellen wie erfolgreichen \u201eSternstunden der Bedeutungslosigkeit\u201c kennen wir Rocko Schamonis Held Michael Sonntag. Nun l\u00e4sst er ihn noch einmal ins Gruselkabinett des Lebens treten, in dem er nichts verloren hat und schon gar nichts zu finden glaubt. Unbeirrt treibt Michael Sonntag durch seine Tage, sein K\u00f6rper zeigt erste Gebrauchsspuren, und die gro\u00dfen Gedanken machen gew\u00f6hnlich einen Bogen um ihn. Entgegen der Erwartungen, die seine Umwelt an ihn stellt, verweigert Sonntag gern jede daseinserhaltende T\u00e4tigkeit. Nur seinem Freund Novak gelingt es hin und wieder, ihn mit hirnrissigen Gesch\u00e4ftsideen aus der Reserve zu locken. Und nat\u00fcrlich Marion Vossreuther, der Servicekraft aus dem Handy-Laden, die einen ganz eigenen Reiz auf ihn aus\u00fcbt. Entschlossen geht Rocko Schamonis Held den Erfordernissen des Lebens aus dem Weg. Und dabei fordert der Irrsinn unserer Existenz seine Unerschrockenheit und seinen Witz \u00f6fter heraus, als ihm lieb sein kann.<\/p>\n<p>Rocko Schamoni, 1966 in Schleswig-Holstein geboren, arbeitet f\u00fcr Theater, Film und Fernsehen, tourt regelm\u00e4\u00dfig durch die Republik und besitzt eine eingeschworene Fangemeinde als Musiker, Autor, Humorist, Schauspieler und so weiter.<\/p>\n<p><img loading=\"lazy\" decoding=\"async\" style=\"margin-left:40px;\" src=\"http:\/\/www.literaturtelefon-online.de\/wp-content\/uploads\/2012\/12\/rocko_schamoni.jpg\" alt=\"Rocko Schamoni\" title=\"Rocko Schamoni\" width=\"140\" height=\"193\" class=\"alignright size-full wp-image-399\" \/><\/p>\n<p>Nach seinem Deb\u00fct \u201eRisiko des Ruhms\u201c folgte sein Bestseller \u201eDorfpunks\u201c, der auch auf die B\u00fchne gebracht wurde und im Fr\u00fchjahr 2009 in die Kinos kam. Zuletzt erschien sein Roman \u201eSternstunden der Bedeutungslosigkeit\u201c.<\/p>\n<p>Autor: <a href=\"http:\/\/www.rockoschamoni.de\/\" target=\"_blank\">www.rockoschamoni.de<\/a><br \/>\nVerlag: <a href=\"http:\/\/bit.ly\/ewZoQF\" target=\"_blank\">http:\/\/bit.ly\/ewZoQF<\/a><\/p>\n<p>Foto: Dorle Bahlburg<\/p>\n<p>literaturtelefon-online.de | Telefon: 0431\/901-1156\n<\/p><\/div>\n","protected":false},"excerpt":{"rendered":"<p>Am Literaturtelefon unter 0431\/901-1156 und www.literaturtelefon-online.de liest Rocko Schamoni aus seinem im Piper Verlag erschienenen Roman \u201eTag der geschlossenen T\u00fcr\u201c. Die Aufnahme entstand bei einer Lesung im Kieler metro-Kino im Schlo\u00dfhof am 4.4.2012. Seit seinen so originellen wie erfolgreichen \u201eSternstunden der Bedeutungslosigkeit\u201c kennen wir Rocko Schamonis Held Michael Sonntag. Nun l\u00e4sst er ihn noch einmal [&hellip;]<\/p>\n","protected":false},"author":6,"featured_media":0,"parent":180,"menu_order":1,"comment_status":"open","ping_status":"open","template":"","meta":{"footnotes":""},"class_list":["post-398","page","type-page","status-publish","hentry"],"_links":{"self":[{"href":"http:\/\/www.literaturtelefon-online.de\/index.php?rest_route=\/wp\/v2\/pages\/398","targetHints":{"allow":["GET"]}}],"collection":[{"href":"http:\/\/www.literaturtelefon-online.de\/index.php?rest_route=\/wp\/v2\/pages"}],"about":[{"href":"http:\/\/www.literaturtelefon-online.de\/index.php?rest_route=\/wp\/v2\/types\/page"}],"author":[{"embeddable":true,"href":"http:\/\/www.literaturtelefon-online.de\/index.php?rest_route=\/wp\/v2\/users\/6"}],"replies":[{"embeddable":true,"href":"http:\/\/www.literaturtelefon-online.de\/index.php?rest_route=%2Fwp%2Fv2%2Fcomments&post=398"}],"version-history":[{"count":6,"href":"http:\/\/www.literaturtelefon-online.de\/index.php?rest_route=\/wp\/v2\/pages\/398\/revisions"}],"predecessor-version":[{"id":2684,"href":"http:\/\/www.literaturtelefon-online.de\/index.php?rest_route=\/wp\/v2\/pages\/398\/revisions\/2684"}],"up":[{"embeddable":true,"href":"http:\/\/www.literaturtelefon-online.de\/index.php?rest_route=\/wp\/v2\/pages\/180"}],"wp:attachment":[{"href":"http:\/\/www.literaturtelefon-online.de\/index.php?rest_route=%2Fwp%2Fv2%2Fmedia&parent=398"}],"curies":[{"name":"wp","href":"https:\/\/api.w.org\/{rel}","templated":true}]}}