{"id":3972,"date":"2021-02-27T02:25:55","date_gmt":"2021-02-27T00:25:55","guid":{"rendered":"http:\/\/www.literaturtelefon-online.de\/?page_id=3972"},"modified":"2021-04-25T20:11:40","modified_gmt":"2021-04-25T18:11:40","slug":"bjoern-h-katzur","status":"publish","type":"page","link":"http:\/\/www.literaturtelefon-online.de\/?page_id=3972","title":{"rendered":"Bj\u00f6rn H. Katzur"},"content":{"rendered":"<div style=\"text-align: justify;\">\n<p>Am Literaturtelefon unter 0431\/901-8888 und www.literaturtelefon-online.de liest der Kieler Autor Bj\u00f6rn H. Katzur seine satirische Kurzgeschichte <em>\u201eDer Schal im Schal\u201c<\/em>.<\/p>\n<p><!--[if lt IE 9]><script>document.createElement('audio');<\/script><![endif]-->\n<audio class=\"wp-audio-shortcode\" id=\"audio-3972-1\" preload=\"none\" style=\"width: 100%;\" controls=\"controls\"><source type=\"audio\/mpeg\" src=\"http:\/\/www.literaturtelefon-online.de\/wp-content\/uploads\/2021\/02\/bjoern_katzur_schal_im_schal.mp3?_=1\" \/><a href=\"http:\/\/www.literaturtelefon-online.de\/wp-content\/uploads\/2021\/02\/bjoern_katzur_schal_im_schal.mp3\">http:\/\/www.literaturtelefon-online.de\/wp-content\/uploads\/2021\/02\/bjoern_katzur_schal_im_schal.mp3<\/a><\/audio><br \/>\n<br \/>\nDer Text <em>\u201eDer Schal im Schal\u201c<\/em> entstand aus dem Bild einer unendlichen Warteschlange, die sich in sich bewegt und ver\u00e4ndert, aber doch bleibt, und dem seltsamen Ausdruck \u201eSchal im Schal\u201c, der Katzur eines Tages in den Kopf schoss. Da er es liebt, absurden Humor in diverse literarische Genres zu injizieren, entstand die melancholische, surreale, lustige Zukunftswelt des Schal im Schals.<\/p>\n<p><img loading=\"lazy\" decoding=\"async\" class=\"alignright size-full wp-image-3976\" style=\"margin-left: 40px;\" src=\"http:\/\/www.literaturtelefon-online.de\/wp-content\/uploads\/2021\/02\/bjoern_katzur.jpg\" alt=\"\" width=\"300\" height=\"423\" srcset=\"http:\/\/www.literaturtelefon-online.de\/wp-content\/uploads\/2021\/02\/bjoern_katzur.jpg 300w, http:\/\/www.literaturtelefon-online.de\/wp-content\/uploads\/2021\/02\/bjoern_katzur-213x300.jpg 213w\" sizes=\"auto, (max-width: 300px) 100vw, 300px\" \/><\/p>\n<p>Die Geschichte erschien 2014 zuerst im Magazin <em>\u201eDas Richtungsding VIII\u201c<\/em> und 2015 in der selbstver\u00f6ffentlichten Textsammlung <em>\u201eKomisch\u201c<\/em>. F\u00fcr die Zeitschrift wurde der Text auch <a href=\"http:\/\/pinterest.de\/pin\/296885800433230431\" target=\"_blank\" rel=\"noopener\">illustriert<\/a>.<\/p>\n<p>Bj\u00f6rn H. Katzur wurde 1981 in Hannover geboren, hat dort ein Studium der Biologie abgeschlossen und wurde 2007 in Kiel angesp\u00fclt. Nach einem Ausflug in die psychologische Erforschung von G\u00e4nsehaut zog es ihn auf die B\u00fchne. Von 2011 bis 2014 pr\u00e4gte er als Autor und Darsteller die satirische B\u00fchnenshow <em>\u201eTraurich &amp; Alt\u201c<\/em>. Seit 2012 pr\u00e4sentiert und performt er die gespielten Krimilesungen <em>\u201eDinner mit Leiche\u201c<\/em>. Seit 2011 liegt ein weiterer Schwerpunkt auf Poetry Slam mit zahllosen Auftritten in Deutschland, \u00d6sterreich und der Schweiz. Zudem moderiert er Slam-Veranstaltungen. Er war mehrfach Finalist der Schleswig-Holstein-Meisterschaften im Poetry Slam und 2015 im Finale, 2017 im Halbfinale der deutschsprachigen Poetry-Slam-Meisterschaften. Auch Stand-Up-Comedy liegt ihm und er rief 2018 das erste Stand-Up-Open-Mic Kiels ins Leben (<em>\u201eMuhaha im FKK\u201c<\/em>).<\/p>\n<p>2015 erhielt er ein Literaturstipendium des Landes Mecklenburg-Vorpommern. In Kiel ist er Mitglied der Leseb\u00fchne <em>\u201eIrgendwas mit M\u00f6wen\u201c<\/em>. Eine erfolgreiche erste Textsammlung erschien 2015 im Selbstverlag. Dazu Ver\u00f6ffentlichungen in Zeitschriften und Anthologien (zuletzt <em>\u201eIrgendwas mit M\u00f6wen\u201c<\/em>, KJM Verlag 2019, und <em>\u201ePoetry for Future\u201c<\/em>, Sartyr Verlag 2020). Im Fr\u00fchjahr 2020 erschien seine zweite Textsammlung <a href=\"http:\/\/shoptyr.de\/Katzur-Bjoern-In-der-Moewe-liegt-die-Kraft\" target=\"_blank\" rel=\"noopener\"><em>\u201eIn der M\u00f6we liegt die Kraft\u201c<\/em>, Sartyr Verlag 2020<\/a>.<\/p>\n<p>Autor: <a href=\"http:\/\/facebook.com\/bhkatzur\" target=\"_blank\" rel=\"noopener\">facebook.com\/bhkatzur<\/a><\/p>\n<p>Foto: Pierre Jarawan<\/p>\n<p>literaturtelefon-online.de | Telefon: 0431\/901-8888<\/p>\n<\/div>\n","protected":false},"excerpt":{"rendered":"<p>Am Literaturtelefon unter 0431\/901-8888 und www.literaturtelefon-online.de liest der Kieler Autor Bj\u00f6rn H. Katzur seine satirische Kurzgeschichte \u201eDer Schal im Schal\u201c. Der Text \u201eDer Schal im Schal\u201c entstand aus dem Bild einer unendlichen Warteschlange, die sich in sich bewegt und ver\u00e4ndert, aber doch bleibt, und dem seltsamen Ausdruck \u201eSchal im Schal\u201c, der Katzur eines Tages in [&hellip;]<\/p>\n","protected":false},"author":6,"featured_media":0,"parent":3970,"menu_order":1,"comment_status":"closed","ping_status":"closed","template":"","meta":{"footnotes":""},"class_list":["post-3972","page","type-page","status-publish","hentry"],"_links":{"self":[{"href":"http:\/\/www.literaturtelefon-online.de\/index.php?rest_route=\/wp\/v2\/pages\/3972","targetHints":{"allow":["GET"]}}],"collection":[{"href":"http:\/\/www.literaturtelefon-online.de\/index.php?rest_route=\/wp\/v2\/pages"}],"about":[{"href":"http:\/\/www.literaturtelefon-online.de\/index.php?rest_route=\/wp\/v2\/types\/page"}],"author":[{"embeddable":true,"href":"http:\/\/www.literaturtelefon-online.de\/index.php?rest_route=\/wp\/v2\/users\/6"}],"replies":[{"embeddable":true,"href":"http:\/\/www.literaturtelefon-online.de\/index.php?rest_route=%2Fwp%2Fv2%2Fcomments&post=3972"}],"version-history":[{"count":3,"href":"http:\/\/www.literaturtelefon-online.de\/index.php?rest_route=\/wp\/v2\/pages\/3972\/revisions"}],"predecessor-version":[{"id":3977,"href":"http:\/\/www.literaturtelefon-online.de\/index.php?rest_route=\/wp\/v2\/pages\/3972\/revisions\/3977"}],"up":[{"embeddable":true,"href":"http:\/\/www.literaturtelefon-online.de\/index.php?rest_route=\/wp\/v2\/pages\/3970"}],"wp:attachment":[{"href":"http:\/\/www.literaturtelefon-online.de\/index.php?rest_route=%2Fwp%2Fv2%2Fmedia&parent=3972"}],"curies":[{"name":"wp","href":"https:\/\/api.w.org\/{rel}","templated":true}]}}

Björn H. Katzur

<div style="text-align: justify;">
<p>Am Literaturtelefon unter 0431/901-8888 und www.literaturtelefon-online.de liest der Kieler Autor Björn H. Katzur seine satirische Kurzgeschichte <em>„Der Schal im Schal“</em>.</p>
<p><!--[if lt IE 9]><script>document.createElement('audio');</script><![endif]-->
<audio class="wp-audio-shortcode" id="audio-3972-1" preload="none" style="width: 100%;" controls="controls"><source type="audio/mpeg" src="http://www.literaturtelefon-online.de/wp-content/uploads/2021/02/bjoern_katzur_schal_im_schal.mp3?_=1" /><a href="http://www.literaturtelefon-online.de/wp-content/uploads/2021/02/bjoern_katzur_schal_im_schal.mp3">http://www.literaturtelefon-online.de/wp-content/uploads/2021/02/bjoern_katzur_schal_im_schal.mp3</a></audio><br />
<br />
Der Text <em>„Der Schal im Schal“</em> entstand aus dem Bild einer unendlichen Warteschlange, die sich in sich bewegt und verändert, aber doch bleibt, und dem seltsamen Ausdruck „Schal im Schal“, der Katzur eines Tages in den Kopf schoss. Da er es liebt, absurden Humor in diverse literarische Genres zu injizieren, entstand die melancholische, surreale, lustige Zukunftswelt des Schal im Schals.</p>
<p><img loading="lazy" decoding="async" class="alignright size-full wp-image-3976" style="margin-left: 40px;" src="http://www.literaturtelefon-online.de/wp-content/uploads/2021/02/bjoern_katzur.jpg" alt="" width="300" height="423" srcset="http://www.literaturtelefon-online.de/wp-content/uploads/2021/02/bjoern_katzur.jpg 300w, http://www.literaturtelefon-online.de/wp-content/uploads/2021/02/bjoern_katzur-213x300.jpg 213w" sizes="auto, (max-width: 300px) 100vw, 300px" /></p>
<p>Die Geschichte erschien 2014 zuerst im Magazin <em>„Das Richtungsding VIII“</em> und 2015 in der selbstveröffentlichten Textsammlung <em>„Komisch“</em>. Für die Zeitschrift wurde der Text auch <a href="http://pinterest.de/pin/296885800433230431" target="_blank" rel="noopener">illustriert</a>.</p>
<p>Björn H. Katzur wurde 1981 in Hannover geboren, hat dort ein Studium der Biologie abgeschlossen und wurde 2007 in Kiel angespült. Nach einem Ausflug in die psychologische Erforschung von Gänsehaut zog es ihn auf die Bühne. Von 2011 bis 2014 prägte er als Autor und Darsteller die satirische Bühnenshow <em>„Traurich &amp; Alt“</em>. Seit 2012 präsentiert und performt er die gespielten Krimilesungen <em>„Dinner mit Leiche“</em>. Seit 2011 liegt ein weiterer Schwerpunkt auf Poetry Slam mit zahllosen Auftritten in Deutschland, Österreich und der Schweiz. Zudem moderiert er Slam-Veranstaltungen. Er war mehrfach Finalist der Schleswig-Holstein-Meisterschaften im Poetry Slam und 2015 im Finale, 2017 im Halbfinale der deutschsprachigen Poetry-Slam-Meisterschaften. Auch Stand-Up-Comedy liegt ihm und er rief 2018 das erste Stand-Up-Open-Mic Kiels ins Leben (<em>„Muhaha im FKK“</em>).</p>
<p>2015 erhielt er ein Literaturstipendium des Landes Mecklenburg-Vorpommern. In Kiel ist er Mitglied der Lesebühne <em>„Irgendwas mit Möwen“</em>. Eine erfolgreiche erste Textsammlung erschien 2015 im Selbstverlag. Dazu Veröffentlichungen in Zeitschriften und Anthologien (zuletzt <em>„Irgendwas mit Möwen“</em>, KJM Verlag 2019, und <em>„Poetry for Future“</em>, Sartyr Verlag 2020). Im Frühjahr 2020 erschien seine zweite Textsammlung <a href="http://shoptyr.de/Katzur-Bjoern-In-der-Moewe-liegt-die-Kraft" target="_blank" rel="noopener"><em>„In der Möwe liegt die Kraft“</em>, Sartyr Verlag 2020</a>.</p>
<p>Autor: <a href="http://facebook.com/bhkatzur" target="_blank" rel="noopener">facebook.com/bhkatzur</a></p>
<p>Foto: Pierre Jarawan</p>
<p>literaturtelefon-online.de | Telefon: 0431/901-8888</p>
</div>

<p>Am Literaturtelefon unter 0431/901-8888 und www.literaturtelefon-online.de liest der Kieler Autor Björn H. Katzur seine satirische Kurzgeschichte „Der Schal im Schal“. Der Text „Der Schal im Schal“ entstand aus dem Bild einer unendlichen Warteschlange, die sich in sich bewegt und verändert, aber doch bleibt, und dem seltsamen Ausdruck „Schal im Schal“, der Katzur eines Tages in [&hellip;]</p>
