{"id":3892,"date":"2021-01-14T13:38:48","date_gmt":"2021-01-14T11:38:48","guid":{"rendered":"http:\/\/www.literaturtelefon-online.de\/?page_id=3892"},"modified":"2021-01-18T00:43:51","modified_gmt":"2021-01-17T22:43:51","slug":"kurt-geisler","status":"publish","type":"page","link":"http:\/\/www.literaturtelefon-online.de\/?page_id=3892","title":{"rendered":"Kurt Geisler"},"content":{"rendered":"<div style=\"text-align: justify;\">\n<p>Am Literaturtelefon unter 0431\/901-8888 und www.literaturtelefon-online.de liest Kurt Geisler das Kapitel <em>\u201eDer letzte Weihnachtsmann\u201c<\/em> aus seinem im Juli 2020 im Gmeiner Verlag erschienenen Kriminalroman <em>\u201eEndstation Ostsee\u201c<\/em>.<\/p>\n<p><!--[if lt IE 9]><script>document.createElement('audio');<\/script><![endif]-->\n<audio class=\"wp-audio-shortcode\" id=\"audio-3892-1\" preload=\"none\" style=\"width: 100%;\" controls=\"controls\"><source type=\"audio\/mpeg\" src=\"http:\/\/www.literaturtelefon-online.de\/wp-content\/uploads\/2021\/01\/kurt_geisler_endstation_ostsee.mp3?_=1\" \/><a href=\"http:\/\/www.literaturtelefon-online.de\/wp-content\/uploads\/2021\/01\/kurt_geisler_endstation_ostsee.mp3\">http:\/\/www.literaturtelefon-online.de\/wp-content\/uploads\/2021\/01\/kurt_geisler_endstation_ostsee.mp3<\/a><\/audio><br \/>\n<br \/>\nHelge Stuhr ermittelt f\u00fcr Kommissar Hansen im Kieler Problemstadtteil Gaarden, in dem er aufgewachsen und aus dem er vor 30 Jahren regelrecht geflohen ist. Bei seinen verdeckten Ermittlungen lernt Helge das Viertel noch einmal v\u00f6llig neu kennen. Um unerkannt recherchieren zu k\u00f6nnen, passt er sich den \u00fcblichen Gepflogenheiten des Stadtteils an. Dabei rutscht Helge schnell tief hinein in einen Strudel von Mord, Totschlag und Drogenhandel \u2013 und ihm wird klar, dass man weder vor sich noch vor der eigenen Vergangenheit fliehen kann.<\/p>\n<p><img loading=\"lazy\" decoding=\"async\" class=\"alignright size-full wp-image-3895\" style=\"margin-left: 40px;\" src=\"http:\/\/www.literaturtelefon-online.de\/wp-content\/uploads\/2021\/01\/kurt_geisler.jpg\" alt=\"\" width=\"300\" height=\"461\" srcset=\"http:\/\/www.literaturtelefon-online.de\/wp-content\/uploads\/2021\/01\/kurt_geisler.jpg 300w, http:\/\/www.literaturtelefon-online.de\/wp-content\/uploads\/2021\/01\/kurt_geisler-195x300.jpg 195w\" sizes=\"auto, (max-width: 300px) 100vw, 300px\" \/><\/p>\n<p>Kurt Geisler arbeitet seit seinem Studium der deutschen, englischen und d\u00e4nischen Sprache im Land zwischen den Meeren. Schleswig-Holstein und seine Menschen h\u00e4lt er nicht nur im Wort, sondern auch im Bild fest, was seinen Blickwinkel f\u00fcr das literarische Schaffen gepr\u00e4gt hat.<\/p>\n<p>Zudem ist Kurt Geisler der Herausgeber der Anthologie <em>\u201eM\u00f6rderische Kieler F\u00f6rde\u201c<\/em> (ebenso beim Gmeiner-Verlag). Zahlreiche kleinere Geschichten von ihm wurden auch von anderen Verlagen (u.a. Pendragon) und Magazinen ver\u00f6ffentlicht.<\/p>\n<p>Zuletzt war Kurt Geisler mit einem Ausschnitt aus seinem Krimi <a href=\"http:\/\/www.literaturtelefon-online.de\/?page_id=3603\"><em>\u201eEndstation \u00d6resund\u201c<\/em> im Mai 2020<\/a> am Literaturtelefon zu h\u00f6ren.<\/p>\n<p>Autor: <a href=\"http:\/\/www.kurtgeisler.de\" target=\"_blank\" rel=\"noopener noreferrer\">www.kurtgeisler.de<\/a><br \/>\n<a href=\"https:\/\/de.wikipedia.org\/wiki\/Kurt_Geisler\" target=\"_blank\" rel=\"noopener noreferrer\">Wikipedia \u00fcber Kurt Geisler<\/a><\/p>\n<p>Verlag: <a href=\"https:\/\/www.gmeiner-verlag.de\/buecher\/titel\/endstation-ostsee.html\" target=\"_blank\" rel=\"noopener noreferrer\">Gmeiner Verlag<\/a><\/p>\n<p>Foto: Bernd Fiedler<\/p>\n<p>literaturtelefon-online.de | Telefon: 0431\/901-8888<\/p>\n<\/div>\n","protected":false},"excerpt":{"rendered":"<p>Am Literaturtelefon unter 0431\/901-8888 und www.literaturtelefon-online.de liest Kurt Geisler das Kapitel \u201eDer letzte Weihnachtsmann\u201c aus seinem im Juli 2020 im Gmeiner Verlag erschienenen Kriminalroman \u201eEndstation Ostsee\u201c. Helge Stuhr ermittelt f\u00fcr Kommissar Hansen im Kieler Problemstadtteil Gaarden, in dem er aufgewachsen und aus dem er vor 30 Jahren regelrecht geflohen ist. Bei seinen verdeckten Ermittlungen lernt [&hellip;]<\/p>\n","protected":false},"author":6,"featured_media":0,"parent":3878,"menu_order":2,"comment_status":"closed","ping_status":"closed","template":"","meta":{"footnotes":""},"class_list":["post-3892","page","type-page","status-publish","hentry"],"_links":{"self":[{"href":"http:\/\/www.literaturtelefon-online.de\/index.php?rest_route=\/wp\/v2\/pages\/3892","targetHints":{"allow":["GET"]}}],"collection":[{"href":"http:\/\/www.literaturtelefon-online.de\/index.php?rest_route=\/wp\/v2\/pages"}],"about":[{"href":"http:\/\/www.literaturtelefon-online.de\/index.php?rest_route=\/wp\/v2\/types\/page"}],"author":[{"embeddable":true,"href":"http:\/\/www.literaturtelefon-online.de\/index.php?rest_route=\/wp\/v2\/users\/6"}],"replies":[{"embeddable":true,"href":"http:\/\/www.literaturtelefon-online.de\/index.php?rest_route=%2Fwp%2Fv2%2Fcomments&post=3892"}],"version-history":[{"count":5,"href":"http:\/\/www.literaturtelefon-online.de\/index.php?rest_route=\/wp\/v2\/pages\/3892\/revisions"}],"predecessor-version":[{"id":3899,"href":"http:\/\/www.literaturtelefon-online.de\/index.php?rest_route=\/wp\/v2\/pages\/3892\/revisions\/3899"}],"up":[{"embeddable":true,"href":"http:\/\/www.literaturtelefon-online.de\/index.php?rest_route=\/wp\/v2\/pages\/3878"}],"wp:attachment":[{"href":"http:\/\/www.literaturtelefon-online.de\/index.php?rest_route=%2Fwp%2Fv2%2Fmedia&parent=3892"}],"curies":[{"name":"wp","href":"https:\/\/api.w.org\/{rel}","templated":true}]}}