{"id":3791,"date":"2020-09-27T21:25:18","date_gmt":"2020-09-27T19:25:18","guid":{"rendered":"http:\/\/www.literaturtelefon-online.de\/?page_id=3791"},"modified":"2020-10-03T20:43:52","modified_gmt":"2020-10-03T18:43:52","slug":"mona-harry","status":"publish","type":"page","link":"http:\/\/www.literaturtelefon-online.de\/?page_id=3791","title":{"rendered":"Mona Harry"},"content":{"rendered":"<div style=\"text-align: justify;\">\n<p>Am Literaturtelefon unter der Rufnummer 0431\/901-8888 und auf www.literaturtelefon-online.de liest die Kieler Autorin Mona Harry ihren Text <em>\u201eAuf ein Wort\u201c<\/em>, der in der Neuausgabe ihres Buches <em>\u201e<\/em><em>Norden und andere Richtungen\u201c<\/em> (2018) im KJM Buchverlag erschienen ist.<\/p>\n<p><!--[if lt IE 9]><script>document.createElement('audio');<\/script><![endif]-->\n<audio class=\"wp-audio-shortcode\" id=\"audio-3791-1\" preload=\"none\" style=\"width: 100%;\" controls=\"controls\"><source type=\"audio\/mpeg\" src=\"http:\/\/www.literaturtelefon-online.de\/wp-content\/uploads\/2020\/09\/mona_harry_auf_ein_wort.mp3?_=1\" \/><a href=\"http:\/\/www.literaturtelefon-online.de\/wp-content\/uploads\/2020\/09\/mona_harry_auf_ein_wort.mp3\">http:\/\/www.literaturtelefon-online.de\/wp-content\/uploads\/2020\/09\/mona_harry_auf_ein_wort.mp3<\/a><\/audio><br \/>\n<br \/>\nIn dem hoch rhythmischen und intelligent gereimten Poetry-Slam-Text setzt sich Mona Harry mit der Kraft des Wortes auseinander, nicht zuletzt auch mit seiner (Definitions-) Macht im positiven wie im negativen Sinne. Worte k\u00f6nnen neue Welten er\u00f6ffnen und Utopien entwerfen, sie k\u00f6nnen aber auch verletzen oder sogar vernichten. Deshalb m\u00fcssen sie mit Bedacht verwendet werden \u2013 so wie in diesem Text, den Mona Harry j\u00fcngst bei der Verleihung des Kunstf\u00f6rderpreises des Landes Schleswig-Holstein 2020 als Beispiel f\u00fcr ihre damit ausgezeichnete Wortkunst vortrug.<\/p>\n<p><img loading=\"lazy\" decoding=\"async\" class=\"alignright size-full wp-image-3795\" style=\"margin-left: 40px;\" src=\"http:\/\/www.literaturtelefon-online.de\/wp-content\/uploads\/2020\/09\/mona_harry.jpg\" alt=\"\" width=\"300\" height=\"418\" srcset=\"http:\/\/www.literaturtelefon-online.de\/wp-content\/uploads\/2020\/09\/mona_harry.jpg 300w, http:\/\/www.literaturtelefon-online.de\/wp-content\/uploads\/2020\/09\/mona_harry-215x300.jpg 215w\" sizes=\"auto, (max-width: 300px) 100vw, 300px\" \/>Mona Harry lebt in Kiel und studiert Kunst und Philosophie in Hamburg. Seit 2011 ist sie auf Poetry-Slam-B\u00fchnen im gesamten deutschsprachigen Raum aktiv. <a href=\"https:\/\/www.youtube.com\/watch?v=GlcsRd7k8GY\" rel=\"noopener noreferrer\" target=\"_blank\">Videos ihres Textes <em>\u201e<\/em><em>Norden\u201c<\/em><\/a> entwickelten sich viral und erreichten auch au\u00dferhalb der Slam-Szene einige Bekanntheit. 2015 stand sie im Finale der deutschsprachigen Meisterschaften im Poetry Slam. Im Fr\u00fchjahr 2018 erschienen ihr selbst illustriertes Kinderbuch <em>Mutproben<\/em>, sowie ihr Buch <em>\u201e<\/em><em>Norden und andere Richtungen\u201c<\/em>, 2019 ihr Buch <em>\u201e<\/em><em>Hamburg und andere Gelegenheiten\u201c <\/em>im KJM Verlag. Im September 2020 erhielt sie im Rahmen des Kunstpreises des Landes Schleswig-Holstein den F\u00f6rderpreis.<\/p>\n<p>Mona Harry war schon einmal im Februar 2015 <a href=\"http:\/\/www.literaturtelefon-online.de\/?page_id=1508\">am Literaturtelefon mit ihrem Text <em>\u201eRauschen\u201c<\/em><\/a> zu h\u00f6ren.<\/p>\n<p>Autorin: <a href=\"http:\/\/www.monaharry.de\" target=\"_blank\" rel=\"noopener noreferrer\">www.monaharry.de<\/a><\/p>\n<p>Verlag: <a href=\"https:\/\/www.kjm-buchverlag.de\/mona-harry.html\" rel=\"noopener noreferrer\" target=\"_blank\">KJM Buchverlag<\/a><\/p>\n<p>Foto: Daniel Dittus<\/p>\n<p>literaturtelefon-online.de | Telefon: 0431\/901-8888<\/p>\n<\/div>\n","protected":false},"excerpt":{"rendered":"<p>Am Literaturtelefon unter der Rufnummer 0431\/901-8888 und auf www.literaturtelefon-online.de liest die Kieler Autorin Mona Harry ihren Text \u201eAuf ein Wort\u201c, der in der Neuausgabe ihres Buches \u201eNorden und andere Richtungen\u201c (2018) im KJM Buchverlag erschienen ist. In dem hoch rhythmischen und intelligent gereimten Poetry-Slam-Text setzt sich Mona Harry mit der Kraft des Wortes auseinander, nicht [&hellip;]<\/p>\n","protected":false},"author":6,"featured_media":0,"parent":3777,"menu_order":1,"comment_status":"closed","ping_status":"closed","template":"","meta":{"footnotes":""},"class_list":["post-3791","page","type-page","status-publish","hentry"],"_links":{"self":[{"href":"http:\/\/www.literaturtelefon-online.de\/index.php?rest_route=\/wp\/v2\/pages\/3791","targetHints":{"allow":["GET"]}}],"collection":[{"href":"http:\/\/www.literaturtelefon-online.de\/index.php?rest_route=\/wp\/v2\/pages"}],"about":[{"href":"http:\/\/www.literaturtelefon-online.de\/index.php?rest_route=\/wp\/v2\/types\/page"}],"author":[{"embeddable":true,"href":"http:\/\/www.literaturtelefon-online.de\/index.php?rest_route=\/wp\/v2\/users\/6"}],"replies":[{"embeddable":true,"href":"http:\/\/www.literaturtelefon-online.de\/index.php?rest_route=%2Fwp%2Fv2%2Fcomments&post=3791"}],"version-history":[{"count":9,"href":"http:\/\/www.literaturtelefon-online.de\/index.php?rest_route=\/wp\/v2\/pages\/3791\/revisions"}],"predecessor-version":[{"id":3813,"href":"http:\/\/www.literaturtelefon-online.de\/index.php?rest_route=\/wp\/v2\/pages\/3791\/revisions\/3813"}],"up":[{"embeddable":true,"href":"http:\/\/www.literaturtelefon-online.de\/index.php?rest_route=\/wp\/v2\/pages\/3777"}],"wp:attachment":[{"href":"http:\/\/www.literaturtelefon-online.de\/index.php?rest_route=%2Fwp%2Fv2%2Fmedia&parent=3791"}],"curies":[{"name":"wp","href":"https:\/\/api.w.org\/{rel}","templated":true}]}}