{"id":373,"date":"2012-12-04T21:15:10","date_gmt":"2012-12-04T19:15:10","guid":{"rendered":"http:\/\/www.literaturtelefon-online.de\/?page_id=373"},"modified":"2017-12-05T01:57:13","modified_gmt":"2017-12-04T23:57:13","slug":"rudi-fasbender","status":"publish","type":"page","link":"http:\/\/www.literaturtelefon-online.de\/?page_id=373","title":{"rendered":"Rudi Fa\u00dfbender"},"content":{"rendered":"<div style=\"text-align: justify;\">\n<p>Am Literaturtelefon unter 0431\/901-1156 und www.literaturtelefon-online.de liest Rudi Fa\u00dfbender Texte unter anderem aus seinem von ihm so genannten \u201eSelbstverlags-Heftlein\u201c \u201eNu is aber bald Sense!\u201c.<\/p>\n<p><iframe loading=\"lazy\" title=\"Rudi Fa\u00dfbender - &quot;Nu is aber bald Sense!&quot;\" width=\"500\" height=\"375\" src=\"https:\/\/www.youtube.com\/embed\/qOLiTErPuCU?feature=oembed\" frameborder=\"0\" allow=\"accelerometer; autoplay; clipboard-write; encrypted-media; gyroscope; picture-in-picture; web-share\" referrerpolicy=\"strict-origin-when-cross-origin\" allowfullscreen><\/iframe><\/p>\n<p>Seit mehr als 20 Jahren komprimiert der verkann(te)te Dorfpoet vom kleinen Probsteier Flecken Prasdorf aus munter gegen den Trend. Gem\u00e4\u00df der R\u00fchmkorfschen Ermutigung an alle Schreiblustigen: \u201eBindet Eure Bauchl\u00e4den fester und wandelt!\u201c hat er mit Sens- und Nonsensgedichten und -geschichten, vor allem aber mit der Erdung Rilkescher Sonette auf den Rasen der Bolzpl\u00e4tze Eingang in Fu\u00dfball-Magazine (\u201e11 Freunde\u201c aus Berlin und \u201eDer t\u00f6dliche Pass\u201c aus M\u00fcnchen) sowie den internetten Sonett-Salon www.fulgura.de gefunden. Dass er auch nicht vor allgemein eher gemiedenen Themen kneift, belegt sein \u201ehu!Mortologisches Selbstverlags-Heftlein\u201c \u201eNu is aber bald Sense!\u201c.<\/p>\n<p>Dar\u00fcber hinaus ist er in Anthologien namhafter Herausgeber und Verlage vertreten. Als bisweilen gnadenloser Calauerist und Calembourgeois f\u00fcgt er der Liste seiner literarischen Umtriebe immer wieder gern seine Lesung im offenen Kanal \u2013 seines Nachbarn \u2013 an.<\/p>\n<p><img loading=\"lazy\" decoding=\"async\" style=\"margin-left:40px;\" src=\"http:\/\/www.literaturtelefon-online.de\/wp-content\/uploads\/2012\/12\/fassbender.jpg\" alt=\"Rudi Fa\u00dfbender\" title=\"Rudi Fa\u00dfbender\" width=\"140\" height=\"206\" class=\"alignright size-full wp-image-374\" \/><\/p>\n<p>Jedenfalls hat er sich abseits hoch-literarischer Aufgeregtheiten mit der im Lyrikgewerbe notwendigen Gelassenheit in der \u201eZu intelligent f\u00fcr die Doofen und zu doof f\u00fcr die Intelligenten\u201c-Nische eingerichtet, findet in letzter Zeit allerdings mehr und mehr Vergn\u00fcgen an der kurz- und kleinformatigen Zerhackung der Zeitl\u00e4ufte in seinen \u201eTrouvaillen, Petitessen und Sottisen\u201c.<\/p>\n<p>Rudi Fa\u00dfbender, geboren 1952 in einem kleinen rheinischen St\u00e4dtchen, lebt seit 1977 in Schleswig-Holstein, davon nunmehr satte 20 Jahre als Teilzeit-Dorfpoet.<\/p>\n<p>Verlag:  <a href=\"http:\/\/www.wartegeschichten.de\/author\/fassbender\/\" target=\"_blank\">http:\/\/bit.ly\/TMljzi<\/a><\/p>\n<p>literaturtelefon-online.de | Telefon: 0431\/901-1156\n<\/p><\/div>\n","protected":false},"excerpt":{"rendered":"<p>Am Literaturtelefon unter 0431\/901-1156 und www.literaturtelefon-online.de liest Rudi Fa\u00dfbender Texte unter anderem aus seinem von ihm so genannten \u201eSelbstverlags-Heftlein\u201c \u201eNu is aber bald Sense!\u201c. Seit mehr als 20 Jahren komprimiert der verkann(te)te Dorfpoet vom kleinen Probsteier Flecken Prasdorf aus munter gegen den Trend. Gem\u00e4\u00df der R\u00fchmkorfschen Ermutigung an alle Schreiblustigen: \u201eBindet Eure Bauchl\u00e4den fester und [&hellip;]<\/p>\n","protected":false},"author":6,"featured_media":0,"parent":174,"menu_order":2,"comment_status":"open","ping_status":"open","template":"","meta":{"footnotes":""},"class_list":["post-373","page","type-page","status-publish","hentry"],"_links":{"self":[{"href":"http:\/\/www.literaturtelefon-online.de\/index.php?rest_route=\/wp\/v2\/pages\/373","targetHints":{"allow":["GET"]}}],"collection":[{"href":"http:\/\/www.literaturtelefon-online.de\/index.php?rest_route=\/wp\/v2\/pages"}],"about":[{"href":"http:\/\/www.literaturtelefon-online.de\/index.php?rest_route=\/wp\/v2\/types\/page"}],"author":[{"embeddable":true,"href":"http:\/\/www.literaturtelefon-online.de\/index.php?rest_route=\/wp\/v2\/users\/6"}],"replies":[{"embeddable":true,"href":"http:\/\/www.literaturtelefon-online.de\/index.php?rest_route=%2Fwp%2Fv2%2Fcomments&post=373"}],"version-history":[{"count":6,"href":"http:\/\/www.literaturtelefon-online.de\/index.php?rest_route=\/wp\/v2\/pages\/373\/revisions"}],"predecessor-version":[{"id":2675,"href":"http:\/\/www.literaturtelefon-online.de\/index.php?rest_route=\/wp\/v2\/pages\/373\/revisions\/2675"}],"up":[{"embeddable":true,"href":"http:\/\/www.literaturtelefon-online.de\/index.php?rest_route=\/wp\/v2\/pages\/174"}],"wp:attachment":[{"href":"http:\/\/www.literaturtelefon-online.de\/index.php?rest_route=%2Fwp%2Fv2%2Fmedia&parent=373"}],"curies":[{"name":"wp","href":"https:\/\/api.w.org\/{rel}","templated":true}]}}

Rudi Faßbender

<div style="text-align: justify;">
<p>Am Literaturtelefon unter 0431/901-1156 und www.literaturtelefon-online.de liest Rudi Faßbender Texte unter anderem aus seinem von ihm so genannten „Selbstverlags-Heftlein“ „Nu is aber bald Sense!“.</p>
<p><iframe loading="lazy" title="Rudi Faßbender - &quot;Nu is aber bald Sense!&quot;" width="500" height="375" src="https://www.youtube.com/embed/qOLiTErPuCU?feature=oembed" frameborder="0" allow="accelerometer; autoplay; clipboard-write; encrypted-media; gyroscope; picture-in-picture; web-share" referrerpolicy="strict-origin-when-cross-origin" allowfullscreen></iframe></p>
<p>Seit mehr als 20 Jahren komprimiert der verkann(te)te Dorfpoet vom kleinen Probsteier Flecken Prasdorf aus munter gegen den Trend. Gemäß der Rühmkorfschen Ermutigung an alle Schreiblustigen: „Bindet Eure Bauchläden fester und wandelt!“ hat er mit Sens- und Nonsensgedichten und -geschichten, vor allem aber mit der Erdung Rilkescher Sonette auf den Rasen der Bolzplätze Eingang in Fußball-Magazine („11 Freunde“ aus Berlin und „Der tödliche Pass“ aus München) sowie den internetten Sonett-Salon www.fulgura.de gefunden. Dass er auch nicht vor allgemein eher gemiedenen Themen kneift, belegt sein „hu!Mortologisches Selbstverlags-Heftlein“ „Nu is aber bald Sense!“.</p>
<p>Darüber hinaus ist er in Anthologien namhafter Herausgeber und Verlage vertreten. Als bisweilen gnadenloser Calauerist und Calembourgeois fügt er der Liste seiner literarischen Umtriebe immer wieder gern seine Lesung im offenen Kanal – seines Nachbarn – an.</p>
<p><img loading="lazy" decoding="async" style="margin-left:40px;" src="http://www.literaturtelefon-online.de/wp-content/uploads/2012/12/fassbender.jpg" alt="Rudi Faßbender" title="Rudi Faßbender" width="140" height="206" class="alignright size-full wp-image-374" /></p>
<p>Jedenfalls hat er sich abseits hoch-literarischer Aufgeregtheiten mit der im Lyrikgewerbe notwendigen Gelassenheit in der „Zu intelligent für die Doofen und zu doof für die Intelligenten“-Nische eingerichtet, findet in letzter Zeit allerdings mehr und mehr Vergnügen an der kurz- und kleinformatigen Zerhackung der Zeitläufte in seinen „Trouvaillen, Petitessen und Sottisen“.</p>
<p>Rudi Faßbender, geboren 1952 in einem kleinen rheinischen Städtchen, lebt seit 1977 in Schleswig-Holstein, davon nunmehr satte 20 Jahre als Teilzeit-Dorfpoet.</p>
<p>Verlag:  <a href="http://www.wartegeschichten.de/author/fassbender/" target="_blank">http://bit.ly/TMljzi</a></p>
<p>literaturtelefon-online.de | Telefon: 0431/901-1156
</p></div>

<p>Am Literaturtelefon unter 0431/901-1156 und www.literaturtelefon-online.de liest Rudi Faßbender Texte unter anderem aus seinem von ihm so genannten „Selbstverlags-Heftlein“ „Nu is aber bald Sense!“. Seit mehr als 20 Jahren komprimiert der verkann(te)te Dorfpoet vom kleinen Probsteier Flecken Prasdorf aus munter gegen den Trend. Gemäß der Rühmkorfschen Ermutigung an alle Schreiblustigen: „Bindet Eure Bauchläden fester und [&hellip;]</p>
