{"id":3603,"date":"2020-04-05T23:09:00","date_gmt":"2020-04-05T21:09:00","guid":{"rendered":"http:\/\/www.literaturtelefon-online.de\/?page_id=3603"},"modified":"2020-04-27T23:25:54","modified_gmt":"2020-04-27T21:25:54","slug":"kurt-geisler","status":"publish","type":"page","link":"http:\/\/www.literaturtelefon-online.de\/?page_id=3603","title":{"rendered":"Kurt Geisler"},"content":{"rendered":"<div style=\"text-align: justify;\">\n<p>Am Literaturtelefon unter 0431\/901-8888 und www.literaturtelefon-online.de liest Kurt Geisler das erste Kapitel aus seinem im M\u00e4rz 2020 im Gmeiner Verlag erschienenen Kriminalroman <em>\u201eEndstation \u00d6resund\u201c<\/em>.<\/p>\n<p><!--[if lt IE 9]><script>document.createElement('audio');<\/script><![endif]-->\n<audio class=\"wp-audio-shortcode\" id=\"audio-3603-1\" preload=\"none\" style=\"width: 100%;\" controls=\"controls\"><source type=\"audio\/mpeg\" src=\"http:\/\/www.literaturtelefon-online.de\/wp-content\/uploads\/2020\/04\/kurt_geisler_endstation_oeresund.mp3?_=1\" \/><a href=\"http:\/\/www.literaturtelefon-online.de\/wp-content\/uploads\/2020\/04\/kurt_geisler_endstation_oeresund.mp3\">http:\/\/www.literaturtelefon-online.de\/wp-content\/uploads\/2020\/04\/kurt_geisler_endstation_oeresund.mp3<\/a><\/audio><br \/>\n<br \/>\nAuf einer Kieler Marinewerft wird ein U-Boot am Ausr\u00fcstungskai gekapert, das zun\u00e4chst spurlos verschwindet und sp\u00e4ter kurzzeitig einem Ostseefischer ins Netz ger\u00e4t. Schlie\u00dflich taucht es ab und verfolgt ein Kreuzfahrtschiff. W\u00e4hrend in Kiel die Ermittlungen wegen Kompetenzgerangels immer mehr ins Stocken geraten, \u00fcberschlagen sich auf der st\u00fcrmischen Ostsee im \u00d6resund die Ereignisse, als die Entf\u00fchrer das Kreuzfahrtschiff bedrohen.<img loading=\"lazy\" decoding=\"async\" class=\"alignright size-full wp-image-3457\" style=\"margin-left: 40px;\" src=\"http:\/\/www.literaturtelefon-online.de\/wp-content\/uploads\/2019\/11\/kurt_geisler.jpg\" alt=\"\" width=\"300\" height=\"417\" srcset=\"http:\/\/www.literaturtelefon-online.de\/wp-content\/uploads\/2019\/11\/kurt_geisler.jpg 300w, http:\/\/www.literaturtelefon-online.de\/wp-content\/uploads\/2019\/11\/kurt_geisler-216x300.jpg 216w\" sizes=\"auto, (max-width: 300px) 100vw, 300px\" \/><span style=\"line-height: 1.5;\">Kurt Geisler arbeitet seit seinem Studium der deutschen, englischen und d\u00e4nischen Sprache im Land zwischen den Meeren. Schleswig-Holstein und seine Menschen h\u00e4lt er nicht nur im Wort, sondern auch im Bild fest, was seinen Blickwinkel f\u00fcr das literarische Schaffen gepr\u00e4gt hat.<\/span><\/p>\n<p>Nach seinen ersten drei Erfolgsromanen mit bisher zw\u00f6lf Auflagen ist <em>\u201eEndstation \u00d6resund\u201c<\/em>\u00a0bereits der vierte Fall von Kommissar Hansen. Der Nachfolgeroman <em>\u201eEndstation Ostsee\u201c<\/em> erscheint im Herbst gleich hinterher. Zudem ist Kurt Geisler der Herausgeber der Anthologie <em>\u201eM\u00f6rderische Kieler F\u00f6rde\u201c<\/em> (allesamt beim Gmeiner-Verlag). Zahlreiche kleinere Geschichten von ihm wurden auch von anderen Verlagen (u.a. Pendragon) und Magazinen ver\u00f6ffentlicht.<\/p>\n<p>Zuletzt war Kurt Geisler mit seiner <a href=\"http:\/\/www.literaturtelefon-online.de\/?page_id=3453\" target=\"_blank\" rel=\"noopener noreferrer\">Krimi-Kurzgeschichte <em>\u201eTatort\u201c<\/em> im Dezember 2019<\/a> am Literaturtelefon zu h\u00f6ren.<\/p>\n<p>Autor: <a href=\"http:\/\/www.kurtgeisler.de\" target=\"_blank\" rel=\"noopener noreferrer\">www.kurtgeisler.de<\/a><br \/>\n<a href=\"https:\/\/de.wikipedia.org\/wiki\/Kurt_Geisler\" target=\"_blank\" rel=\"noopener noreferrer\">Wikipedia \u00fcber Kurt Geisler<\/a><\/p>\n<p>Verlag: <a href=\"https:\/\/www.gmeiner-verlag.de\/buecher\/titel\/endstation-oeresund.html\" target=\"_blank\" rel=\"noopener noreferrer\">Gmeiner Verlag<\/a><\/p>\n<p>Foto: Kurt Geisler<\/p>\n<p>literaturtelefon-online.de | Telefon: 0431\/901-8888<\/p>\n<\/div>\n","protected":false},"excerpt":{"rendered":"<p>Am Literaturtelefon unter 0431\/901-8888 und www.literaturtelefon-online.de liest Kurt Geisler das erste Kapitel aus seinem im M\u00e4rz 2020 im Gmeiner Verlag erschienenen Kriminalroman \u201eEndstation \u00d6resund\u201c. Auf einer Kieler Marinewerft wird ein U-Boot am Ausr\u00fcstungskai gekapert, das zun\u00e4chst spurlos verschwindet und sp\u00e4ter kurzzeitig einem Ostseefischer ins Netz ger\u00e4t. Schlie\u00dflich taucht es ab und verfolgt ein Kreuzfahrtschiff. W\u00e4hrend [&hellip;]<\/p>\n","protected":false},"author":6,"featured_media":0,"parent":3605,"menu_order":1,"comment_status":"closed","ping_status":"closed","template":"","meta":{"footnotes":""},"class_list":["post-3603","page","type-page","status-publish","hentry"],"_links":{"self":[{"href":"http:\/\/www.literaturtelefon-online.de\/index.php?rest_route=\/wp\/v2\/pages\/3603","targetHints":{"allow":["GET"]}}],"collection":[{"href":"http:\/\/www.literaturtelefon-online.de\/index.php?rest_route=\/wp\/v2\/pages"}],"about":[{"href":"http:\/\/www.literaturtelefon-online.de\/index.php?rest_route=\/wp\/v2\/types\/page"}],"author":[{"embeddable":true,"href":"http:\/\/www.literaturtelefon-online.de\/index.php?rest_route=\/wp\/v2\/users\/6"}],"replies":[{"embeddable":true,"href":"http:\/\/www.literaturtelefon-online.de\/index.php?rest_route=%2Fwp%2Fv2%2Fcomments&post=3603"}],"version-history":[{"count":8,"href":"http:\/\/www.literaturtelefon-online.de\/index.php?rest_route=\/wp\/v2\/pages\/3603\/revisions"}],"predecessor-version":[{"id":3615,"href":"http:\/\/www.literaturtelefon-online.de\/index.php?rest_route=\/wp\/v2\/pages\/3603\/revisions\/3615"}],"up":[{"embeddable":true,"href":"http:\/\/www.literaturtelefon-online.de\/index.php?rest_route=\/wp\/v2\/pages\/3605"}],"wp:attachment":[{"href":"http:\/\/www.literaturtelefon-online.de\/index.php?rest_route=%2Fwp%2Fv2%2Fmedia&parent=3603"}],"curies":[{"name":"wp","href":"https:\/\/api.w.org\/{rel}","templated":true}]}}