{"id":3453,"date":"2019-11-29T01:07:11","date_gmt":"2019-11-28T23:07:11","guid":{"rendered":"http:\/\/www.literaturtelefon-online.de\/?page_id=3453"},"modified":"2020-04-06T00:02:48","modified_gmt":"2020-04-05T22:02:48","slug":"kurt-geisler","status":"publish","type":"page","link":"http:\/\/www.literaturtelefon-online.de\/?page_id=3453","title":{"rendered":"Kurt Geisler"},"content":{"rendered":"<div style=\"text-align: justify;\">\n<p>Am Literaturtelefon unter 0431\/901-8888 und www.literaturtelefon-online.de liest Kurt Geisler seine Krimi-Kurzgeschichte <em>\u201eTatort\u201c<\/em>.<\/p>\n<p><!--[if lt IE 9]><script>document.createElement('audio');<\/script><![endif]-->\n<audio class=\"wp-audio-shortcode\" id=\"audio-3453-1\" preload=\"none\" style=\"width: 100%;\" controls=\"controls\"><source type=\"audio\/mpeg\" src=\"http:\/\/www.literaturtelefon-online.de\/wp-content\/uploads\/2019\/11\/kurt_geisler_tatort.mp3?_=1\" \/><a href=\"http:\/\/www.literaturtelefon-online.de\/wp-content\/uploads\/2019\/11\/kurt_geisler_tatort.mp3\">http:\/\/www.literaturtelefon-online.de\/wp-content\/uploads\/2019\/11\/kurt_geisler_tatort.mp3<\/a><\/audio><br \/>\n<br \/>\nGeisler schrieb den Text eigens f\u00fcr einen \u201eKrimi-Gottesdienst\u201c Anfang Oktober 2019 in der Paul-Gerhardt-Kirche anl\u00e4sslich des 110. Geburtstages der Stadtteilb\u00fccherei Kiel-Dietrichsdorf. Annette G\u00f6der schrieb in den \u201eKieler Nachrichten\u201c (2.11.2019) \u00fcber die Kurzgeschichte: \u201eDarin geht es um ein Filmprojekt auf dem Ostufer mit einem ehrgeizigen Filmemacher, einer engagierten, nachdenklichen Produzentin und einem untalentierten Nebendarsteller. \u2019Mir war es wichtig, dass die Geschichte ein Lokalkolorit hat und Gef\u00fchle wie Neid und Eifersucht zum Ausdruck bringt\u2019, erkl\u00e4rt der Autor.\u201c Pastor Niels-Peter Mahler bezog den Text in seine Predigt ein und verwies auf die Beziehung zwischen Bibel und Krimi: \u201eEs geht in der Kurzgeschichte um Gut und B\u00f6se und die Frage: Wo betr\u00fcge ich mich selbst und andere?\u201c<img loading=\"lazy\" decoding=\"async\" class=\"alignright size-full wp-image-3457\" style=\"margin-left: 40px;\" src=\"http:\/\/www.literaturtelefon-online.de\/wp-content\/uploads\/2019\/11\/kurt_geisler.jpg\" alt=\"\" width=\"300\" height=\"417\" srcset=\"http:\/\/www.literaturtelefon-online.de\/wp-content\/uploads\/2019\/11\/kurt_geisler.jpg 300w, http:\/\/www.literaturtelefon-online.de\/wp-content\/uploads\/2019\/11\/kurt_geisler-216x300.jpg 216w\" sizes=\"auto, (max-width: 300px) 100vw, 300px\" \/><\/p>\n<p>Kurt Geisler arbeitet seit seinem Studium der deutschen, englischen und d\u00e4nischen Sprache im Land zwischen den Meeren. Schleswig-Holstein und seine Menschen h\u00e4lt er nicht nur im Wort, sondern auch im Bild fest, was seinen Blickwinkel f\u00fcr das literarische Schaffen gepr\u00e4gt hat.<\/p>\n<p>Nach seinen ersten drei Erfolgsromanen mit bisher zw\u00f6lf Auflagen ist <em>\u201eEndstation \u00d6resund\u201c<\/em> (Fr\u00fchjahr 2020) bereits der vierte Fall von Kommissar Hansen. Der Nachfolgeroman <em>\u201eEndstation Ostsee\u201c<\/em> erscheint im Herbst gleich hinterher. Zudem ist Kurt Geisler der Herausgeber der Anthologie <em>\u201eM\u00f6rderische Kieler F\u00f6rde\u201c<\/em> (allesamt beim Gmeiner-Verlag). Zahlreiche kleinere Geschichten von ihm wurden auch von anderen Verlagen (u.a. Pendragon) und Magazinen ver\u00f6ffentlicht.<\/p>\n<p>Kurt Geisler ist Mitbegr\u00fcnder des \u201eKieler Krimi Kartells\u201c, einer Vereinigung norddeutscher KrimiautorInnen. Aktuelle Lesungen des \u201eKKK\u201c finden sich auf der Website <a href=\"http:\/\/www.kielerkrimikartell.de\" target=\"_blank\" rel=\"noopener noreferrer\">www.kielerkrimikartell.de<\/a>. N\u00e4chste Lesung: Freitag, 13.12.2019, 19 Uhr, Antiquariat Diderot (Kiel, Gutenbergstr. 5)<\/p>\n<p>Zuletzt war Kurt Geisler mit seinem Krimi <a href=\"http:\/\/www.literaturtelefon-online.de\/beitrag-geisler2\/beitrag-geisler2.php\"><em>\u201eFriesensterben\u201c<\/em> im Juni 2011 am Literaturtelefon<\/a> zu h\u00f6ren.<\/p>\n<p>Autor: <a href=\"http:\/\/www.kurtgeisler.de\" target=\"_blank\" rel=\"noopener noreferrer\">www.kurtgeisler.de<\/a><br \/>\n<a href=\"https:\/\/de.wikipedia.org\/wiki\/Kurt_Geisler\" target=\"_blank\" rel=\"noopener noreferrer\">Wikipedia \u00fcber Kurt Geisler<\/a><\/p>\n<p>Verlag: <a href=\"https:\/\/www.gmeiner-verlag.de\/autoren\/autor\/205-kurt-geisler.html\" target=\"_blank\" rel=\"noopener noreferrer\">Gmeiner Verlag<\/a><\/p>\n<p>Foto: Kurt Geisler<\/p>\n<p>literaturtelefon-online.de | Telefon: 0431\/901-8888<\/p>\n<\/div>\n","protected":false},"excerpt":{"rendered":"<p>Am Literaturtelefon unter 0431\/901-8888 und www.literaturtelefon-online.de liest Kurt Geisler seine Krimi-Kurzgeschichte \u201eTatort\u201c. Geisler schrieb den Text eigens f\u00fcr einen \u201eKrimi-Gottesdienst\u201c Anfang Oktober 2019 in der Paul-Gerhardt-Kirche anl\u00e4sslich des 110. Geburtstages der Stadtteilb\u00fccherei Kiel-Dietrichsdorf. Annette G\u00f6der schrieb in den \u201eKieler Nachrichten\u201c (2.11.2019) \u00fcber die Kurzgeschichte: \u201eDarin geht es um ein Filmprojekt auf dem Ostufer mit einem [&hellip;]<\/p>\n","protected":false},"author":6,"featured_media":0,"parent":3415,"menu_order":1,"comment_status":"closed","ping_status":"closed","template":"","meta":{"footnotes":""},"class_list":["post-3453","page","type-page","status-publish","hentry"],"_links":{"self":[{"href":"http:\/\/www.literaturtelefon-online.de\/index.php?rest_route=\/wp\/v2\/pages\/3453","targetHints":{"allow":["GET"]}}],"collection":[{"href":"http:\/\/www.literaturtelefon-online.de\/index.php?rest_route=\/wp\/v2\/pages"}],"about":[{"href":"http:\/\/www.literaturtelefon-online.de\/index.php?rest_route=\/wp\/v2\/types\/page"}],"author":[{"embeddable":true,"href":"http:\/\/www.literaturtelefon-online.de\/index.php?rest_route=\/wp\/v2\/users\/6"}],"replies":[{"embeddable":true,"href":"http:\/\/www.literaturtelefon-online.de\/index.php?rest_route=%2Fwp%2Fv2%2Fcomments&post=3453"}],"version-history":[{"count":7,"href":"http:\/\/www.literaturtelefon-online.de\/index.php?rest_route=\/wp\/v2\/pages\/3453\/revisions"}],"predecessor-version":[{"id":3616,"href":"http:\/\/www.literaturtelefon-online.de\/index.php?rest_route=\/wp\/v2\/pages\/3453\/revisions\/3616"}],"up":[{"embeddable":true,"href":"http:\/\/www.literaturtelefon-online.de\/index.php?rest_route=\/wp\/v2\/pages\/3415"}],"wp:attachment":[{"href":"http:\/\/www.literaturtelefon-online.de\/index.php?rest_route=%2Fwp%2Fv2%2Fmedia&parent=3453"}],"curies":[{"name":"wp","href":"https:\/\/api.w.org\/{rel}","templated":true}]}}