{"id":3347,"date":"2019-08-18T14:14:04","date_gmt":"2019-08-18T12:14:04","guid":{"rendered":"http:\/\/www.literaturtelefon-online.de\/?page_id=3347"},"modified":"2019-08-18T23:31:15","modified_gmt":"2019-08-18T21:31:15","slug":"joerg-meyer","status":"publish","type":"page","link":"http:\/\/www.literaturtelefon-online.de\/?page_id=3347","title":{"rendered":"J\u00f6rg Meyer"},"content":{"rendered":"<div style=\"text-align: justify;\">\n<p>Am Literaturtelefon unter 0431\/901-8888 und www.literaturtelefon-online.de liest J\u00f6rg Meyer (\u00f6gyr) 2019 entstandene Liebes- und politische Gedichte unter dem Motto <em>\u201ej\u00fcngstes Gedicht\u201c<\/em>.<\/p>\n<p><!--[if lt IE 9]><script>document.createElement('audio');<\/script><![endif]-->\n<audio class=\"wp-audio-shortcode\" id=\"audio-3347-1\" preload=\"none\" style=\"width: 100%;\" controls=\"controls\"><source type=\"audio\/mpeg\" src=\"http:\/\/www.literaturtelefon-online.de\/wp-content\/uploads\/2019\/08\/joerg_meyer_juengstes_gedicht.mp3?_=1\" \/><a href=\"http:\/\/www.literaturtelefon-online.de\/wp-content\/uploads\/2019\/08\/joerg_meyer_juengstes_gedicht.mp3\">http:\/\/www.literaturtelefon-online.de\/wp-content\/uploads\/2019\/08\/joerg_meyer_juengstes_gedicht.mp3<\/a><\/audio><br \/>\n<\/p>\n<p>\u201eDas Private ist politisch\u201c war ein Slogan schon der 68er, dem sich der Autor nachwievor verbunden f\u00fchlt, zumal wenn er f\u00fcr ihn auch umgekehrt gilt. So haben seine hier ver\u00f6ffentlichten sehr pers\u00f6nlichen Liebesgedichte stets eine politische (wenn nicht feministische) Dimension, und das Politische changiert immer wieder ins ganz Pers\u00f6nliche.<\/p>\n<p><img loading=\"lazy\" decoding=\"async\" style=\"margin-left: 40px;\" src=\"http:\/\/www.literaturtelefon-online.de\/wp-content\/uploads\/2019\/08\/joerg_meyer_2019.jpg\" alt=\"\" width=\"300\" height=\"446\" class=\"alignright size-full wp-image-3352\" srcset=\"http:\/\/www.literaturtelefon-online.de\/wp-content\/uploads\/2019\/08\/joerg_meyer_2019.jpg 300w, http:\/\/www.literaturtelefon-online.de\/wp-content\/uploads\/2019\/08\/joerg_meyer_2019-202x300.jpg 202w\" sizes=\"auto, (max-width: 300px) 100vw, 300px\" \/><\/p>\n<p>J\u00f6rg Meyer, geboren 1964 in Kiel, dort nach Studium der Physik, Literaturwissenschaft und Philosophie nie weggekommen, arbeitet seit 23 Jahren als freier Journalist f\u00fcr die Kulturredaktion der \u201eKieler Nachrichten\u201c und ist seit 2007 Mitherausgeber des Kieler Literaturtelefons sowie seit 2015 des Kulturblogs www.hansen-munk.de. Daneben schreibt er seit 38 Jahren auch literarische Texte, vor allem Lyrik, und ver\u00f6ffentlichte in diversen Anthologien sowie seit 1999 im Internet (<a href=\"http:\/\/www.tage-bau.de\" rel=\"noopener noreferrer\" target=\"_blank\">www.tage-bau.de<\/a>, <a href=\"http:\/\/www.forum-der-13.de\" rel=\"noopener noreferrer\" target=\"_blank\">www.forum-der-13.de<\/a>, <a href=\"http:\/\/www.litblogs.net\" rel=\"noopener noreferrer\" target=\"_blank\">www.litblogs.net<\/a> sowie in seinem literarischen Blog <a href=\"http:\/\/www.schwungkunst.de\/wordpress\" rel=\"noopener noreferrer\" target=\"_blank\">www.schwungkunst.de\/wordpress<\/a>).<\/p>\n<p>Meyer widmet sich in seiner Lyrik vor allem den alten Formen von Sonett und Elegie. \u00dcberdies versieht er seine Texte oft mit Sound und Video-Bildern in regelm\u00e4\u00dfig f\u00fcr die Netzgemeinde produzierten und z.T. bei Off-Kurzfilmfestivals (etwa \u201eDer bewegte Abend \u2013 DBA\u201c im Kieler Luna Club) preisgekr\u00f6nten <a href=\"http:\/\/www.schwungkunst.de\/wordpress\/?cat=22\" rel=\"noopener noreferrer\" target=\"_blank\">\u201evideo.poems\u201c<\/a>.<\/p>\n<p>Autor: <a href=\"http:\/\/www.schwungkunst.de\/wordpress\" rel=\"noopener noreferrer\" target=\"_blank\">www.schwungkunst.de.<\/a><\/p>\n<p>Foto: \u00f6gyr<\/p>\n<p>literaturtelefon-online.de | Telefon: 0431\/901-8888<\/p>\n<\/div>\n","protected":false},"excerpt":{"rendered":"<p>Am Literaturtelefon unter 0431\/901-8888 und www.literaturtelefon-online.de liest J\u00f6rg Meyer (\u00f6gyr) 2019 entstandene Liebes- und politische Gedichte unter dem Motto \u201ej\u00fcngstes Gedicht\u201c. \u201eDas Private ist politisch\u201c war ein Slogan schon der 68er, dem sich der Autor nachwievor verbunden f\u00fchlt, zumal wenn er f\u00fcr ihn auch umgekehrt gilt. So haben seine hier ver\u00f6ffentlichten sehr pers\u00f6nlichen Liebesgedichte stets [&hellip;]<\/p>\n","protected":false},"author":6,"featured_media":0,"parent":3302,"menu_order":2,"comment_status":"closed","ping_status":"closed","template":"","meta":{"footnotes":""},"class_list":["post-3347","page","type-page","status-publish","hentry"],"_links":{"self":[{"href":"http:\/\/www.literaturtelefon-online.de\/index.php?rest_route=\/wp\/v2\/pages\/3347","targetHints":{"allow":["GET"]}}],"collection":[{"href":"http:\/\/www.literaturtelefon-online.de\/index.php?rest_route=\/wp\/v2\/pages"}],"about":[{"href":"http:\/\/www.literaturtelefon-online.de\/index.php?rest_route=\/wp\/v2\/types\/page"}],"author":[{"embeddable":true,"href":"http:\/\/www.literaturtelefon-online.de\/index.php?rest_route=\/wp\/v2\/users\/6"}],"replies":[{"embeddable":true,"href":"http:\/\/www.literaturtelefon-online.de\/index.php?rest_route=%2Fwp%2Fv2%2Fcomments&post=3347"}],"version-history":[{"count":6,"href":"http:\/\/www.literaturtelefon-online.de\/index.php?rest_route=\/wp\/v2\/pages\/3347\/revisions"}],"predecessor-version":[{"id":3355,"href":"http:\/\/www.literaturtelefon-online.de\/index.php?rest_route=\/wp\/v2\/pages\/3347\/revisions\/3355"}],"up":[{"embeddable":true,"href":"http:\/\/www.literaturtelefon-online.de\/index.php?rest_route=\/wp\/v2\/pages\/3302"}],"wp:attachment":[{"href":"http:\/\/www.literaturtelefon-online.de\/index.php?rest_route=%2Fwp%2Fv2%2Fmedia&parent=3347"}],"curies":[{"name":"wp","href":"https:\/\/api.w.org\/{rel}","templated":true}]}}

Jörg Meyer

<div style="text-align: justify;">
<p>Am Literaturtelefon unter 0431/901-8888 und www.literaturtelefon-online.de liest Jörg Meyer (ögyr) 2019 entstandene Liebes- und politische Gedichte unter dem Motto <em>„jüngstes Gedicht“</em>.</p>
<p><!--[if lt IE 9]><script>document.createElement('audio');</script><![endif]-->
<audio class="wp-audio-shortcode" id="audio-3347-1" preload="none" style="width: 100%;" controls="controls"><source type="audio/mpeg" src="http://www.literaturtelefon-online.de/wp-content/uploads/2019/08/joerg_meyer_juengstes_gedicht.mp3?_=1" /><a href="http://www.literaturtelefon-online.de/wp-content/uploads/2019/08/joerg_meyer_juengstes_gedicht.mp3">http://www.literaturtelefon-online.de/wp-content/uploads/2019/08/joerg_meyer_juengstes_gedicht.mp3</a></audio><br />
</p>
<p>„Das Private ist politisch“ war ein Slogan schon der 68er, dem sich der Autor nachwievor verbunden fühlt, zumal wenn er für ihn auch umgekehrt gilt. So haben seine hier veröffentlichten sehr persönlichen Liebesgedichte stets eine politische (wenn nicht feministische) Dimension, und das Politische changiert immer wieder ins ganz Persönliche.</p>
<p><img loading="lazy" decoding="async" style="margin-left: 40px;" src="http://www.literaturtelefon-online.de/wp-content/uploads/2019/08/joerg_meyer_2019.jpg" alt="" width="300" height="446" class="alignright size-full wp-image-3352" srcset="http://www.literaturtelefon-online.de/wp-content/uploads/2019/08/joerg_meyer_2019.jpg 300w, http://www.literaturtelefon-online.de/wp-content/uploads/2019/08/joerg_meyer_2019-202x300.jpg 202w" sizes="auto, (max-width: 300px) 100vw, 300px" /></p>
<p>Jörg Meyer, geboren 1964 in Kiel, dort nach Studium der Physik, Literaturwissenschaft und Philosophie nie weggekommen, arbeitet seit 23 Jahren als freier Journalist für die Kulturredaktion der „Kieler Nachrichten“ und ist seit 2007 Mitherausgeber des Kieler Literaturtelefons sowie seit 2015 des Kulturblogs www.hansen-munk.de. Daneben schreibt er seit 38 Jahren auch literarische Texte, vor allem Lyrik, und veröffentlichte in diversen Anthologien sowie seit 1999 im Internet (<a href="http://www.tage-bau.de" rel="noopener noreferrer" target="_blank">www.tage-bau.de</a>, <a href="http://www.forum-der-13.de" rel="noopener noreferrer" target="_blank">www.forum-der-13.de</a>, <a href="http://www.litblogs.net" rel="noopener noreferrer" target="_blank">www.litblogs.net</a> sowie in seinem literarischen Blog <a href="http://www.schwungkunst.de/wordpress" rel="noopener noreferrer" target="_blank">www.schwungkunst.de/wordpress</a>).</p>
<p>Meyer widmet sich in seiner Lyrik vor allem den alten Formen von Sonett und Elegie. Überdies versieht er seine Texte oft mit Sound und Video-Bildern in regelmäßig für die Netzgemeinde produzierten und z.T. bei Off-Kurzfilmfestivals (etwa „Der bewegte Abend – DBA“ im Kieler Luna Club) preisgekrönten <a href="http://www.schwungkunst.de/wordpress/?cat=22" rel="noopener noreferrer" target="_blank">„video.poems“</a>.</p>
<p>Autor: <a href="http://www.schwungkunst.de/wordpress" rel="noopener noreferrer" target="_blank">www.schwungkunst.de.</a></p>
<p>Foto: ögyr</p>
<p>literaturtelefon-online.de | Telefon: 0431/901-8888</p>
</div>

<p>Am Literaturtelefon unter 0431/901-8888 und www.literaturtelefon-online.de liest Jörg Meyer (ögyr) 2019 entstandene Liebes- und politische Gedichte unter dem Motto „jüngstes Gedicht“. „Das Private ist politisch“ war ein Slogan schon der 68er, dem sich der Autor nachwievor verbunden fühlt, zumal wenn er für ihn auch umgekehrt gilt. So haben seine hier veröffentlichten sehr persönlichen Liebesgedichte stets [&hellip;]</p>
