{"id":3329,"date":"2019-06-19T23:53:34","date_gmt":"2019-06-19T21:53:34","guid":{"rendered":"http:\/\/www.literaturtelefon-online.de\/?page_id=3329"},"modified":"2019-07-29T18:28:52","modified_gmt":"2019-07-29T16:28:52","slug":"anselm-oelze","status":"publish","type":"page","link":"http:\/\/www.literaturtelefon-online.de\/?page_id=3329","title":{"rendered":"Anselm Oelze"},"content":{"rendered":"<div style=\"text-align: justify;\">\n<p>Am Literaturtelefon unter 0431\/901-8888 und www.literaturtelefon-online.de liest Anselm Oelze aus seinem 2019 bei Sch\u00f6ffling &#038; Co. erschienenen Deb\u00fctroman <em>\u201eWallace\u201c<\/em>. Die Aufnahme entstand im Rahmen der LeseLounge im Literaturhaus SH (veranstaltet vom Jungen Literaturhaus SH mit freundlicher Unterst\u00fctzung der Investitionsbank SH und des Freundeskreises des Literaturhauses SH) am 19.6.2019.<\/p>\n<p><!--[if lt IE 9]><script>document.createElement('audio');<\/script><![endif]-->\n<audio class=\"wp-audio-shortcode\" id=\"audio-3329-1\" preload=\"none\" style=\"width: 100%;\" controls=\"controls\"><source type=\"audio\/mpeg\" src=\"http:\/\/www.literaturtelefon-online.de\/wp-content\/uploads\/2019\/06\/anselm_oelze_wallace.mp3?_=1\" \/><a href=\"http:\/\/www.literaturtelefon-online.de\/wp-content\/uploads\/2019\/06\/anselm_oelze_wallace.mp3\">http:\/\/www.literaturtelefon-online.de\/wp-content\/uploads\/2019\/06\/anselm_oelze_wallace.mp3<\/a><\/audio><br \/>\n<\/p>\n<p><img loading=\"lazy\" decoding=\"async\" style=\"margin-left: 40px;\" src=\"http:\/\/www.literaturtelefon-online.de\/wp-content\/uploads\/2019\/06\/anselm_oelze.jpg\" alt=\"\" width=\"300\" height=\"385\" class=\"alignright size-full wp-image-3331\" srcset=\"http:\/\/www.literaturtelefon-online.de\/wp-content\/uploads\/2019\/06\/anselm_oelze.jpg 300w, http:\/\/www.literaturtelefon-online.de\/wp-content\/uploads\/2019\/06\/anselm_oelze-234x300.jpg 234w\" sizes=\"auto, (max-width: 300px) 100vw, 300px\" \/><\/p>\n<p>Anselm Oelze taucht mit <em>\u201eWallace\u201c<\/em> in die Geschichte des gleichnamigen Mitbegr\u00fcnders der Evolutions-theorie ein, der allerdings niemals gleichberechtigt neben Charles Darwin in den Biologieb\u00fcchern auftaucht. Erz\u00e4hlt aus der Perspektive eines Museumsnachtw\u00e4chters wird das Licht auf jenen vergessenen Wallace und seinen Brief geworfen, der 1858 eine Insel in den Molukken verl\u00e4sst und f\u00fcr dessen Inhalt sp\u00e4ter Empf\u00e4nger Darwin ber\u00fchmt wird. Der Roman r\u00fcckt die Au\u00dfenseiter des Lebens in den Mittelpunkt, wobei der Begriff \u201eSurvival of the Fittest\u201c eine ganz neue Bedeutung bekommt.<\/p>\n<p>Anselm Oelze, geboren 1986 in Erfurt, studierte Philosophie, Politikwissenschaft und Philosophical Theology in Freiburg und Oxford. Nach seiner Promotion an der Humboldt-Universit\u00e4t zu Berlin forschte er an der Universit\u00e4t Helsinki. Derzeit lehrt er an der LMU M\u00fcnchen und lebt mit seiner Familie in Leipzig. Sein Deb\u00fctroman <em>\u201eWallace\u201c<\/em> wurde f\u00fcr den Deb\u00fctpreis der lit.COLOGNE 2019 nominiert.<\/p>\n<p>Verlag: <a href=\"https:\/\/www.schoeffling.de\/buecher\/anselm-oelze\/wallace\" rel=\"noopener noreferrer\" target=\"_blank\">Sch\u00f6ffling &#038; Co.<\/a><\/p>\n<p>Foto: Iona Dutz<\/p>\n<p>literaturtelefon-online.de | Telefon: 0431\/901-8888<\/p>\n<\/div>\n","protected":false},"excerpt":{"rendered":"<p>Am Literaturtelefon unter 0431\/901-8888 und www.literaturtelefon-online.de liest Anselm Oelze aus seinem 2019 bei Sch\u00f6ffling &#038; Co. erschienenen Deb\u00fctroman \u201eWallace\u201c. Die Aufnahme entstand im Rahmen der LeseLounge im Literaturhaus SH (veranstaltet vom Jungen Literaturhaus SH mit freundlicher Unterst\u00fctzung der Investitionsbank SH und des Freundeskreises des Literaturhauses SH) am 19.6.2019. Anselm Oelze taucht mit \u201eWallace\u201c in die [&hellip;]<\/p>\n","protected":false},"author":6,"featured_media":0,"parent":3302,"menu_order":1,"comment_status":"closed","ping_status":"closed","template":"","meta":{"footnotes":""},"class_list":["post-3329","page","type-page","status-publish","hentry"],"_links":{"self":[{"href":"http:\/\/www.literaturtelefon-online.de\/index.php?rest_route=\/wp\/v2\/pages\/3329","targetHints":{"allow":["GET"]}}],"collection":[{"href":"http:\/\/www.literaturtelefon-online.de\/index.php?rest_route=\/wp\/v2\/pages"}],"about":[{"href":"http:\/\/www.literaturtelefon-online.de\/index.php?rest_route=\/wp\/v2\/types\/page"}],"author":[{"embeddable":true,"href":"http:\/\/www.literaturtelefon-online.de\/index.php?rest_route=\/wp\/v2\/users\/6"}],"replies":[{"embeddable":true,"href":"http:\/\/www.literaturtelefon-online.de\/index.php?rest_route=%2Fwp%2Fv2%2Fcomments&post=3329"}],"version-history":[{"count":5,"href":"http:\/\/www.literaturtelefon-online.de\/index.php?rest_route=\/wp\/v2\/pages\/3329\/revisions"}],"predecessor-version":[{"id":3338,"href":"http:\/\/www.literaturtelefon-online.de\/index.php?rest_route=\/wp\/v2\/pages\/3329\/revisions\/3338"}],"up":[{"embeddable":true,"href":"http:\/\/www.literaturtelefon-online.de\/index.php?rest_route=\/wp\/v2\/pages\/3302"}],"wp:attachment":[{"href":"http:\/\/www.literaturtelefon-online.de\/index.php?rest_route=%2Fwp%2Fv2%2Fmedia&parent=3329"}],"curies":[{"name":"wp","href":"https:\/\/api.w.org\/{rel}","templated":true}]}}