{"id":3165,"date":"2019-01-07T12:57:21","date_gmt":"2019-01-07T10:57:21","guid":{"rendered":"http:\/\/www.literaturtelefon-online.de\/?page_id=3165"},"modified":"2019-01-22T01:24:31","modified_gmt":"2019-01-21T23:24:31","slug":"jul-schirren-langowski","status":"publish","type":"page","link":"http:\/\/www.literaturtelefon-online.de\/?page_id=3165","title":{"rendered":"Jul Schirren-Langowski"},"content":{"rendered":"<div style=\"text-align: justify;\">\n<p>Am Literaturtelefon unter der Rufnummer 0431\/901-8888 und auf www.literaturtelefon-online.de liest der Kieler Autor Jul Schirren-Langowski aus seinem neuen Gedichtband <em>\u201e100 x Das Letzte. Ann\u00e4herungen\u201c<\/em>.<\/p>\n<p><!--[if lt IE 9]><script>document.createElement('audio');<\/script><![endif]-->\n<audio class=\"wp-audio-shortcode\" id=\"audio-3165-1\" preload=\"none\" style=\"width: 100%;\" controls=\"controls\"><source type=\"audio\/mpeg\" src=\"http:\/\/www.literaturtelefon-online.de\/wp-content\/uploads\/2019\/01\/jul_schirren-langowski_100_x_das_letzte.mp3?_=1\" \/><a href=\"http:\/\/www.literaturtelefon-online.de\/wp-content\/uploads\/2019\/01\/jul_schirren-langowski_100_x_das_letzte.mp3\">http:\/\/www.literaturtelefon-online.de\/wp-content\/uploads\/2019\/01\/jul_schirren-langowski_100_x_das_letzte.mp3<\/a><\/audio><br \/>\n<br \/>\n<em>\u201e100 x Das Letzte. Ann\u00e4herungen\u201c<\/em> ist ein kleiner feiner Lyrikband mit hundert kurzen Gedichten. Manche von ihnen erscheinen nahezu aphoristisch. Weder heiter noch besinnlich: Viele dieser Gedichte behandeln die Verg\u00e4nglichkeit, ohne die Themenbereiche \u201eSterben\u201c und \u201eTod\u201c direkt anzusprechen. Manche seiner Texte sind fast bodennah, w\u00e4hrend andere zu schweben scheinen. Zwischen wirr und virtuos h\u00e4lt Schirren-Langowski gekonnt die Ballons. Das Meiste steht zwischen den Zeilen \u2013 die Gedichte sind dann erst vollendet, wenn man sie geh\u00f6rt und gelesen hat. Das Buch kann dementsprechend Trost vermitteln, zum Nachdenken anregen oder auch blo\u00df einen Nachklang hinterlassen. Die zumeist recht knappen Gedichte, alphabetisch von A bis Z sortiert, stehen jeweils f\u00fcr sich und bilden doch gemeinsam ein Ganzes, so ist f\u00fcr jeden etwas dabei. <em>\u201e100 x Das Letzte. Ann\u00e4herungen\u201c<\/em> ist lesenswert f\u00fcr jeden und f\u00fcr alle, denn jedem, der etwas \u2013 oder gar das Meiste \u2013 schon erlebt hat, steht das Letzte noch bevor.<\/p>\n<p><img loading=\"lazy\" decoding=\"async\" class=\"size-full wp-image-3182 alignright\" style=\"margin-left: 40px;\" src=\"http:\/\/www.literaturtelefon-online.de\/wp-content\/uploads\/2019\/01\/jul_schirren-langowski-1.jpg\" alt=\"\" width=\"300\" height=\"430\" srcset=\"http:\/\/www.literaturtelefon-online.de\/wp-content\/uploads\/2019\/01\/jul_schirren-langowski-1.jpg 300w, http:\/\/www.literaturtelefon-online.de\/wp-content\/uploads\/2019\/01\/jul_schirren-langowski-1-209x300.jpg 209w\" sizes=\"auto, (max-width: 300px) 100vw, 300px\" \/><\/p>\n<p>Jul Schirren-Langowski wurde 1963 in Kiel geboren. Er lebt (mit Ehefrau \u2013 verf\u00fcgt zudem \u00fcber Wortwitz, zwei erwachsene Kinder und eine Enkelin), arbeitet (als Physiotherapeut in eigener Praxis) und schreibt (Lyrik, Prosa, Lexika) noch immer in Kiel. Schirren-Langowski schreibt meist allein, ist dabei aber keineswegs einsam. Als Sch\u00fcler hat er in der Textwerkstatt bei Therese Chromik gelernt, ist sp\u00e4ter Teilnehmer der Kieler Schreibgruppe \u201eBandwurm\u201c gewesen; mittlerweile ist er Mitglied beim \u201eEuterpe Literaturkreis e.V.\u201c in Kiel. Er f\u00fchrt auch gut und gerne Lesungen durch.<\/p>\n<p><strong>Am Dienstag, 5.2.2019, 19 Uhr liest Jul Schirren-Langowski gemeinsam mit Therese Chromik im Literaturhaus Schleswig-Holstein.<\/strong><\/p>\n<p>Bisherige Ver\u00f6ffentlichungen: <em>\u201eDer Traum und die Wirklichkeit. Gedichte\u201c<\/em> (1984) sowie in mehreren Euterpe-Anthologien.<\/p>\n<p>Verlag: <a href=\"https:\/\/www.bod.de\/buchshop\/100-x-das-letzte-jul-schirren-langowski-9783748151845\" rel=\"noopener\" target=\"_blank\">Books on Demand<\/a><\/p>\n<p>Foto: privat<\/p>\n<p>literaturtelefon-online.de | Telefon: 0431\/901-8888<\/p>\n<\/div>\n","protected":false},"excerpt":{"rendered":"<p>Am Literaturtelefon unter der Rufnummer 0431\/901-8888 und auf www.literaturtelefon-online.de liest der Kieler Autor Jul Schirren-Langowski aus seinem neuen Gedichtband \u201e100 x Das Letzte. Ann\u00e4herungen\u201c. \u201e100 x Das Letzte. Ann\u00e4herungen\u201c ist ein kleiner feiner Lyrikband mit hundert kurzen Gedichten. Manche von ihnen erscheinen nahezu aphoristisch. Weder heiter noch besinnlich: Viele dieser Gedichte behandeln die Verg\u00e4nglichkeit, ohne [&hellip;]<\/p>\n","protected":false},"author":6,"featured_media":0,"parent":3117,"menu_order":2,"comment_status":"closed","ping_status":"closed","template":"","meta":{"footnotes":""},"class_list":["post-3165","page","type-page","status-publish","hentry"],"_links":{"self":[{"href":"http:\/\/www.literaturtelefon-online.de\/index.php?rest_route=\/wp\/v2\/pages\/3165","targetHints":{"allow":["GET"]}}],"collection":[{"href":"http:\/\/www.literaturtelefon-online.de\/index.php?rest_route=\/wp\/v2\/pages"}],"about":[{"href":"http:\/\/www.literaturtelefon-online.de\/index.php?rest_route=\/wp\/v2\/types\/page"}],"author":[{"embeddable":true,"href":"http:\/\/www.literaturtelefon-online.de\/index.php?rest_route=\/wp\/v2\/users\/6"}],"replies":[{"embeddable":true,"href":"http:\/\/www.literaturtelefon-online.de\/index.php?rest_route=%2Fwp%2Fv2%2Fcomments&post=3165"}],"version-history":[{"count":17,"href":"http:\/\/www.literaturtelefon-online.de\/index.php?rest_route=\/wp\/v2\/pages\/3165\/revisions"}],"predecessor-version":[{"id":3194,"href":"http:\/\/www.literaturtelefon-online.de\/index.php?rest_route=\/wp\/v2\/pages\/3165\/revisions\/3194"}],"up":[{"embeddable":true,"href":"http:\/\/www.literaturtelefon-online.de\/index.php?rest_route=\/wp\/v2\/pages\/3117"}],"wp:attachment":[{"href":"http:\/\/www.literaturtelefon-online.de\/index.php?rest_route=%2Fwp%2Fv2%2Fmedia&parent=3165"}],"curies":[{"name":"wp","href":"https:\/\/api.w.org\/{rel}","templated":true}]}}