{"id":3086,"date":"2018-11-26T08:26:46","date_gmt":"2018-11-26T06:26:46","guid":{"rendered":"http:\/\/www.literaturtelefon-online.de\/?page_id=3086"},"modified":"2018-11-26T09:01:57","modified_gmt":"2018-11-26T07:01:57","slug":"christopher-ecker","status":"publish","type":"page","link":"http:\/\/www.literaturtelefon-online.de\/?page_id=3086","title":{"rendered":"Christopher Ecker"},"content":{"rendered":"<div style=\"text-align: justify;\">\n<p>Am Literaturtelefon unter der Rufnummer 0431\/901-8888 und auf www.literaturtelefon-online.de liest Christopher Ecker aus seinem im Mitteldeutschen Verlag erschienenen Lyrikband <em>\u201eSchach dem Vollmond\u201c<\/em>.<\/p>\n<p><!--[if lt IE 9]><script>document.createElement('audio');<\/script><![endif]-->\n<audio class=\"wp-audio-shortcode\" id=\"audio-3086-1\" preload=\"none\" style=\"width: 100%;\" controls=\"controls\"><source type=\"audio\/mpeg\" src=\"http:\/\/www.literaturtelefon-online.de\/wp-content\/uploads\/2018\/11\/christopher_ecker_schach_dem_vollmond.mp3?_=1\" \/><a href=\"http:\/\/www.literaturtelefon-online.de\/wp-content\/uploads\/2018\/11\/christopher_ecker_schach_dem_vollmond.mp3\">http:\/\/www.literaturtelefon-online.de\/wp-content\/uploads\/2018\/11\/christopher_ecker_schach_dem_vollmond.mp3<\/a><\/audio><br \/>\n<br \/>\nChristopher Ecker schreibt im besten Sinne r\u00fccksichtslose Gedichte. Seine Lyrik fordert den Leser heraus, da oft nicht klar ersichtlich ist, ob man nun ein sehr ernstes komisches Gedicht oder ein sehr komisches ernstes Gedicht vor sich hat. Formal bedient sich Ecker \u2013 von der klassischen Volksliedstrophe bis zu visuellen Experimenten \u2013 souver\u00e4n des Instrumentariums der literarischen Postmoderne. Dazu geh\u00f6rt auch, dass jegliche Erwartungshaltung hartn\u00e4ckig torpediert wird: Nicht selten kommt es zu Verst\u00f6\u00dfen gegen poetische Ordnungssysteme wie Reim, Strophe oder Rhythmus. Was jedoch alle Gedichte eint, sind die scharfe Beobachtungsgabe, der melancholische Trotz und ein sardonischer Humor, die sich \u2013 typisch Ecker \u2013 leitmotivisch durch den gesamten Band ziehen.<\/p>\n<p><img loading=\"lazy\" decoding=\"async\" class=\"alignright size-full wp-image-3090\" style=\"margin-left: 40px;\" src=\"http:\/\/www.literaturtelefon-online.de\/wp-content\/uploads\/2018\/11\/christopher_ecker.jpg\" alt=\"\" width=\"300\" height=\"448\" srcset=\"http:\/\/www.literaturtelefon-online.de\/wp-content\/uploads\/2018\/11\/christopher_ecker.jpg 300w, http:\/\/www.literaturtelefon-online.de\/wp-content\/uploads\/2018\/11\/christopher_ecker-201x300.jpg 201w\" sizes=\"auto, (max-width: 300px) 100vw, 300px\" \/><\/p>\n<p>Nach <em>\u201edie montage der dienstage\u201c<\/em> (2010, <a href=\"http:\/\/www.literaturtelefon-online.de\/beitrag-ecker2\/beitrag-ecker2.php\">am Literaturtelefon im April 2010<\/a>) ist dies der zweite gro\u00dfe Gedichtband von Christopher Ecker, mit dem er \u00fcberzeugend zeigt, wie heute eine Lyrik geschrieben werden kann und darf, die das Pr\u00e4dikat \u201ezeitgem\u00e4\u00df\u201c verdient.<\/p>\n<p>Christopher Ecker (geb. 1967 in Saarbr\u00fccken) studierte in Kiel Germanistik und Philosophie und ist heute neben seiner Arbeit als Schriftsteller, \u00dcbersetzer und Literaturkritiker Lehrer an der Heinrich-Heine-Schule Heikendorf. Sein bisher erfolgreichstes Buch ist der 2012 erschienene Roman <a href=\"http:\/\/www.literaturtelefon-online.de\/?page_id=328\"><em>\u201eFahlmann\u201c<\/em><\/a>, den der Kritiker Denis Scheck als \u201eeines der gro\u00dfen Leseabenteuer der deutschen Gegenwartsliteratur\u201c bezeichnete und f\u00fcr den Ecker 2015 den Friedrich-Hebbel-Preis erhielt.<\/p>\n<p>Zuletzt las Christopher Ecker am Literaturtelefon im Oktober 2017 aus seinem Erz\u00e4hlungsband <em><a href=\"http:\/\/www.literaturtelefon-online.de\/?page_id=2494\">\u201eAndere H\u00e4fen\u201c<\/a><\/em>.<\/p>\n<p><a href=\"https:\/\/de.wikipedia.org\/wiki\/Christopher_Ecker\" target=\"_blank\" rel=\"noopener\">Autor bei Wikipedia<\/a><\/p>\n<p>Verlag: <a href=\"https:\/\/www.mitteldeutscherverlag.de\/literatur\/alle-titel-literatur\/ecker,-christopher-schach-dem-vollmond-detail\" target=\"_blank\" rel=\"noopener\">Mitteldeutscher Verlag<\/a><\/p>\n<p>Foto: \u00f6gyr<\/p>\n<p>literaturtelefon-online.de | Telefon: 0431\/901-8888<\/p>\n<\/div>\n","protected":false},"excerpt":{"rendered":"<p>Am Literaturtelefon unter der Rufnummer 0431\/901-8888 und auf www.literaturtelefon-online.de liest Christopher Ecker aus seinem im Mitteldeutschen Verlag erschienenen Lyrikband \u201eSchach dem Vollmond\u201c. Christopher Ecker schreibt im besten Sinne r\u00fccksichtslose Gedichte. Seine Lyrik fordert den Leser heraus, da oft nicht klar ersichtlich ist, ob man nun ein sehr ernstes komisches Gedicht oder ein sehr komisches ernstes [&hellip;]<\/p>\n","protected":false},"author":6,"featured_media":0,"parent":3056,"menu_order":2,"comment_status":"closed","ping_status":"closed","template":"","meta":{"footnotes":""},"class_list":["post-3086","page","type-page","status-publish","hentry"],"_links":{"self":[{"href":"http:\/\/www.literaturtelefon-online.de\/index.php?rest_route=\/wp\/v2\/pages\/3086","targetHints":{"allow":["GET"]}}],"collection":[{"href":"http:\/\/www.literaturtelefon-online.de\/index.php?rest_route=\/wp\/v2\/pages"}],"about":[{"href":"http:\/\/www.literaturtelefon-online.de\/index.php?rest_route=\/wp\/v2\/types\/page"}],"author":[{"embeddable":true,"href":"http:\/\/www.literaturtelefon-online.de\/index.php?rest_route=\/wp\/v2\/users\/6"}],"replies":[{"embeddable":true,"href":"http:\/\/www.literaturtelefon-online.de\/index.php?rest_route=%2Fwp%2Fv2%2Fcomments&post=3086"}],"version-history":[{"count":10,"href":"http:\/\/www.literaturtelefon-online.de\/index.php?rest_route=\/wp\/v2\/pages\/3086\/revisions"}],"predecessor-version":[{"id":3098,"href":"http:\/\/www.literaturtelefon-online.de\/index.php?rest_route=\/wp\/v2\/pages\/3086\/revisions\/3098"}],"up":[{"embeddable":true,"href":"http:\/\/www.literaturtelefon-online.de\/index.php?rest_route=\/wp\/v2\/pages\/3056"}],"wp:attachment":[{"href":"http:\/\/www.literaturtelefon-online.de\/index.php?rest_route=%2Fwp%2Fv2%2Fmedia&parent=3086"}],"curies":[{"name":"wp","href":"https:\/\/api.w.org\/{rel}","templated":true}]}}