{"id":3058,"date":"2018-10-22T00:08:35","date_gmt":"2018-10-21T22:08:35","guid":{"rendered":"http:\/\/www.literaturtelefon-online.de\/?page_id=3058"},"modified":"2018-10-22T00:43:47","modified_gmt":"2018-10-21T22:43:47","slug":"heidrun-borgwardt","status":"publish","type":"page","link":"http:\/\/www.literaturtelefon-online.de\/?page_id=3058","title":{"rendered":"Heidrun Borgwardt"},"content":{"rendered":"<div style=\"text-align: justify;\">\n<p>Am Literaturtelefon unter 0431\/901-8888 und www.literaturtelefon-online.de liest Heidrun Borgwardt aus ihrem 2018 erschienenen Lyrik- und Bild-Band <em>\u201eMein Kunstbuch. Malerei \u2013 Zeichnungen \u2013 Sprache. 1967-2017\u201c<\/em>.<\/p>\n<p><!--[if lt IE 9]><script>document.createElement('audio');<\/script><![endif]-->\n<audio class=\"wp-audio-shortcode\" id=\"audio-3058-1\" preload=\"none\" style=\"width: 100%;\" controls=\"controls\"><source type=\"audio\/mpeg\" src=\"http:\/\/www.literaturtelefon-online.de\/wp-content\/uploads\/2018\/10\/heidrun_borgwardt_mein_kunstbuch.mp3?_=1\" \/><a href=\"http:\/\/www.literaturtelefon-online.de\/wp-content\/uploads\/2018\/10\/heidrun_borgwardt_mein_kunstbuch.mp3\">http:\/\/www.literaturtelefon-online.de\/wp-content\/uploads\/2018\/10\/heidrun_borgwardt_mein_kunstbuch.mp3<\/a><\/audio><br \/>\n<br \/>\nHeidrun Borgwardt, eigentlich Malerin und Zeichnerin, begann erst vor 14 Jahren, Gedichte zu schreiben. Ein erklecklicher Teil der in bisher 12 Oktavheften mit Zeichnungen erschienenen Gedichte ist in <em>\u201eMein Kunstbuch\u201c<\/em> versammelt. Die Gedichte setzen sich mit Kunst und Leben auseinander, mit beider Einheit, zuweilen auch den Widerspr\u00fcchen eines \u201eIch und Ich\u201c (Titel eines ihrer Gem\u00e4lde) in den beiden an sich unterschiedlichen, bei Borgwardt aber korrespondierenden und sich gegenseitig kommentierenden Bereichen von bildender und poetischer Kunst.<\/p>\n<p><img loading=\"lazy\" decoding=\"async\" style=\"margin-left: 40px;\" src=\"http:\/\/www.literaturtelefon-online.de\/wp-content\/uploads\/2018\/10\/heidrun_borgwardt.jpg\" alt=\"\" width=\"300\" height=\"460\" class=\"alignright size-full wp-image-3063\" srcset=\"http:\/\/www.literaturtelefon-online.de\/wp-content\/uploads\/2018\/10\/heidrun_borgwardt.jpg 300w, http:\/\/www.literaturtelefon-online.de\/wp-content\/uploads\/2018\/10\/heidrun_borgwardt-196x300.jpg 196w\" sizes=\"auto, (max-width: 300px) 100vw, 300px\" \/><\/p>\n<p>B\u00e4rbel Manitz schreibt in ihrem Vorwort treffend: \u201eVorstellungen von Malen und Dichten, von Reflexion und Selbstreflexion sowie von Mehrschichtigkeit tun sich sogleich auf (&#8230;). Von lyrischen Meditationen haben wir durch Sarah Kirsch einen Begriff, die (&#8230;) mehr und mehr dazu gekommen war, ihre Editionen mit eigenen Bildern (&#8230;), zeichenhaft und abstrakt zugleich, auszustatten. Man kommt unweigerlich auf diese Lyrikern, wenn man sich mit den beiden \u2019Ichs\u2019 Heidrun Borgwardts auseinandersetzt.\u201c<\/p>\n<p>Heidrun Borgwardt wurde 1934 als Tochter des bildenden K\u00fcnstlers Matthias Lindner (1895-1987) in Stettin geboren. Nach der Flucht am Ende des 2. Weltkriegs nach Schleswig-Holstein studierte sie von 1951 bis 1955 an der Muthesius Kunsthochschule in Kiel. Bis 1958 arbeitete sie u.a. als Zeichnerin f\u00fcr Ausgrabungen der Vor- und Fr\u00fchgeschichte im Landesmuseum Schloss Gottorf. 1969 begann sie ihre k\u00fcnstlerische Laufbahn mit farbstarken Stiftzeichnungen, sp\u00e4ter gro\u00dfformatigen Aquarellen und seit Ende der 1980er Jahre auch \u00d6lgem\u00e4lden. 2004 begann sie \u2013 als zweites k\u00fcnstlerisches Ausdrucksmittel, Gedichte zu schreiben und hat bisher 12 B\u00e4nde mit Zeichnungen aus der jeweils aktuellen Produktion ver\u00f6ffentlicht.<\/p>\n<p><a href=\"https:\/\/de.wikipedia.org\/wiki\/Heidrun_Borgwardt\" target=\"_blank\" rel=\"noopener\">Autorin bei Wikipedia<\/a><\/p>\n<p>Foto: Heidrun Borgwardt, Selbstportr\u00e4t 2017<\/p>\n<p>literaturtelefon-online.de | Telefon: 0431\/901-8888<\/p>\n<\/div>\n","protected":false},"excerpt":{"rendered":"<p>Am Literaturtelefon unter 0431\/901-8888 und www.literaturtelefon-online.de liest Heidrun Borgwardt aus ihrem 2018 erschienenen Lyrik- und Bild-Band \u201eMein Kunstbuch. Malerei \u2013 Zeichnungen \u2013 Sprache. 1967-2017\u201c. Heidrun Borgwardt, eigentlich Malerin und Zeichnerin, begann erst vor 14 Jahren, Gedichte zu schreiben. Ein erklecklicher Teil der in bisher 12 Oktavheften mit Zeichnungen erschienenen Gedichte ist in \u201eMein Kunstbuch\u201c versammelt. [&hellip;]<\/p>\n","protected":false},"author":6,"featured_media":0,"parent":3023,"menu_order":3,"comment_status":"closed","ping_status":"closed","template":"","meta":{"footnotes":""},"class_list":["post-3058","page","type-page","status-publish","hentry"],"_links":{"self":[{"href":"http:\/\/www.literaturtelefon-online.de\/index.php?rest_route=\/wp\/v2\/pages\/3058","targetHints":{"allow":["GET"]}}],"collection":[{"href":"http:\/\/www.literaturtelefon-online.de\/index.php?rest_route=\/wp\/v2\/pages"}],"about":[{"href":"http:\/\/www.literaturtelefon-online.de\/index.php?rest_route=\/wp\/v2\/types\/page"}],"author":[{"embeddable":true,"href":"http:\/\/www.literaturtelefon-online.de\/index.php?rest_route=\/wp\/v2\/users\/6"}],"replies":[{"embeddable":true,"href":"http:\/\/www.literaturtelefon-online.de\/index.php?rest_route=%2Fwp%2Fv2%2Fcomments&post=3058"}],"version-history":[{"count":8,"href":"http:\/\/www.literaturtelefon-online.de\/index.php?rest_route=\/wp\/v2\/pages\/3058\/revisions"}],"predecessor-version":[{"id":3070,"href":"http:\/\/www.literaturtelefon-online.de\/index.php?rest_route=\/wp\/v2\/pages\/3058\/revisions\/3070"}],"up":[{"embeddable":true,"href":"http:\/\/www.literaturtelefon-online.de\/index.php?rest_route=\/wp\/v2\/pages\/3023"}],"wp:attachment":[{"href":"http:\/\/www.literaturtelefon-online.de\/index.php?rest_route=%2Fwp%2Fv2%2Fmedia&parent=3058"}],"curies":[{"name":"wp","href":"https:\/\/api.w.org\/{rel}","templated":true}]}}