{"id":3036,"date":"2018-09-24T23:28:48","date_gmt":"2018-09-24T21:28:48","guid":{"rendered":"http:\/\/www.literaturtelefon-online.de\/?page_id=3036"},"modified":"2018-10-08T19:03:13","modified_gmt":"2018-10-08T17:03:13","slug":"regine-moenkemeier","status":"publish","type":"page","link":"http:\/\/www.literaturtelefon-online.de\/?page_id=3036","title":{"rendered":"Regine M\u00f6nkemeier"},"content":{"rendered":"<div style=\"text-align: justify;\">\n<p>Am Literaturtelefon unter 0431\/901-8888 und www.literaturtelefon-online.de liest Regine M\u00f6nkmeier neuere Gedichte.<\/p>\n<p><!--[if lt IE 9]><script>document.createElement('audio');<\/script><![endif]-->\n<audio class=\"wp-audio-shortcode\" id=\"audio-3036-1\" preload=\"none\" style=\"width: 100%;\" controls=\"controls\"><source type=\"audio\/mpeg\" src=\"http:\/\/www.literaturtelefon-online.de\/wp-content\/uploads\/2018\/09\/regine_moenkemeier_gedichte.mp3?_=1\" \/><a href=\"http:\/\/www.literaturtelefon-online.de\/wp-content\/uploads\/2018\/09\/regine_moenkemeier_gedichte.mp3\">http:\/\/www.literaturtelefon-online.de\/wp-content\/uploads\/2018\/09\/regine_moenkemeier_gedichte.mp3<\/a><\/audio><br \/>\n<br \/>\n<img loading=\"lazy\" decoding=\"async\" class=\"alignright size-full wp-image-3048\" style=\"margin-left: 40px;\" src=\"http:\/\/www.literaturtelefon-online.de\/wp-content\/uploads\/2018\/10\/regine_mo\u0308nkemeier_neu.jpg\" alt=\"\" width=\"300\" height=\"380\" srcset=\"http:\/\/www.literaturtelefon-online.de\/wp-content\/uploads\/2018\/10\/regine_mo\u0308nkemeier_neu.jpg 300w, http:\/\/www.literaturtelefon-online.de\/wp-content\/uploads\/2018\/10\/regine_mo\u0308nkemeier_neu-237x300.jpg 237w\" sizes=\"auto, (max-width: 300px) 100vw, 300px\" \/> Regine M\u00f6nkemeier, geb. 1938 in Prenzlau\/Uckermark, Juristin, lebt in L\u00fcbeck, schreibt Lyrik und Kurzprosa. Sie ist seit 1993 kontinuierlich mit Gedichten aus Literaturwettbewerben und Beitr\u00e4gen in Literaturzeitschriften an die \u00d6ffentlichkeit getreten (Beitr\u00e4ge in <em>\u201eHab gelernt durch W\u00e4nde zu gehen\u201c<\/em>. Wallstein Verlag; Literaturzeitschrift <em>\u201eZeichen und Wunder\u201c<\/em>, beide 1993). 1995 geh\u00f6rte sie zu den Nominierten des D\u00fcsseldorfer Dichterpreises, auch 2004 beim 1. Literaturpreis Pablo Neruda, <em>\u201eDie Schallmauer an Ungesagtem\u201c<\/em> (BS-Verlag Rostock 2005).<\/p>\n<p>1996 gr\u00fcndete sie den Marien-Blatt Verlag mit Sitz unter den T\u00fcrmen von St. Marien und hat 21 Jahre lang regelm\u00e4\u00dfige Ausgaben der Literaturzeitschrift <em>\u201eDer Dreischneu\u00df\u201c<\/em> sowie Einzeltitel und Titel mit eigenen Gedichten herausgegeben, die in Literaturzeitschriften, Anthologien aus Wettbewerben, K\u00fcnstlerb\u00fcchern und Einblattdrucken aus ihrer Bleisatzwerkstatt in Ausstellungen und Zeitschriften bereits ver\u00f6ffentlicht waren.<\/p>\n<p style=\"text-align: left;\">Autorin: <a href=\"http:\/\/www.dreischneuss.de\" target=\"_blank\" rel=\"noopener\">www.dreischneuss.de<\/a>, <a href=\"http:\/\/www.bleisatzwerkstatt.de\" target=\"_blank\" rel=\"noopener\">www.bleisatzwerkstatt.de<\/a><\/p>\n<p>Foto: privat<\/p>\n<p>literaturtelefon-online.de | Telefon: 0431\/901-8888<\/p>\n<\/div>\n","protected":false},"excerpt":{"rendered":"<p>Am Literaturtelefon unter 0431\/901-8888 und www.literaturtelefon-online.de liest Regine M\u00f6nkmeier neuere Gedichte. Regine M\u00f6nkemeier, geb. 1938 in Prenzlau\/Uckermark, Juristin, lebt in L\u00fcbeck, schreibt Lyrik und Kurzprosa. Sie ist seit 1993 kontinuierlich mit Gedichten aus Literaturwettbewerben und Beitr\u00e4gen in Literaturzeitschriften an die \u00d6ffentlichkeit getreten (Beitr\u00e4ge in \u201eHab gelernt durch W\u00e4nde zu gehen\u201c. Wallstein Verlag; Literaturzeitschrift \u201eZeichen und [&hellip;]<\/p>\n","protected":false},"author":6,"featured_media":0,"parent":3023,"menu_order":2,"comment_status":"closed","ping_status":"closed","template":"","meta":{"footnotes":""},"class_list":["post-3036","page","type-page","status-publish","hentry"],"_links":{"self":[{"href":"http:\/\/www.literaturtelefon-online.de\/index.php?rest_route=\/wp\/v2\/pages\/3036","targetHints":{"allow":["GET"]}}],"collection":[{"href":"http:\/\/www.literaturtelefon-online.de\/index.php?rest_route=\/wp\/v2\/pages"}],"about":[{"href":"http:\/\/www.literaturtelefon-online.de\/index.php?rest_route=\/wp\/v2\/types\/page"}],"author":[{"embeddable":true,"href":"http:\/\/www.literaturtelefon-online.de\/index.php?rest_route=\/wp\/v2\/users\/6"}],"replies":[{"embeddable":true,"href":"http:\/\/www.literaturtelefon-online.de\/index.php?rest_route=%2Fwp%2Fv2%2Fcomments&post=3036"}],"version-history":[{"count":10,"href":"http:\/\/www.literaturtelefon-online.de\/index.php?rest_route=\/wp\/v2\/pages\/3036\/revisions"}],"predecessor-version":[{"id":3053,"href":"http:\/\/www.literaturtelefon-online.de\/index.php?rest_route=\/wp\/v2\/pages\/3036\/revisions\/3053"}],"up":[{"embeddable":true,"href":"http:\/\/www.literaturtelefon-online.de\/index.php?rest_route=\/wp\/v2\/pages\/3023"}],"wp:attachment":[{"href":"http:\/\/www.literaturtelefon-online.de\/index.php?rest_route=%2Fwp%2Fv2%2Fmedia&parent=3036"}],"curies":[{"name":"wp","href":"https:\/\/api.w.org\/{rel}","templated":true}]}}

Regine Mönkemeier

<div style="text-align: justify;">
<p>Am Literaturtelefon unter 0431/901-8888 und www.literaturtelefon-online.de liest Regine Mönkmeier neuere Gedichte.</p>
<p><!--[if lt IE 9]><script>document.createElement('audio');</script><![endif]-->
<audio class="wp-audio-shortcode" id="audio-3036-1" preload="none" style="width: 100%;" controls="controls"><source type="audio/mpeg" src="http://www.literaturtelefon-online.de/wp-content/uploads/2018/09/regine_moenkemeier_gedichte.mp3?_=1" /><a href="http://www.literaturtelefon-online.de/wp-content/uploads/2018/09/regine_moenkemeier_gedichte.mp3">http://www.literaturtelefon-online.de/wp-content/uploads/2018/09/regine_moenkemeier_gedichte.mp3</a></audio><br />
<br />
<img loading="lazy" decoding="async" class="alignright size-full wp-image-3048" style="margin-left: 40px;" src="http://www.literaturtelefon-online.de/wp-content/uploads/2018/10/regine_mönkemeier_neu.jpg" alt="" width="300" height="380" srcset="http://www.literaturtelefon-online.de/wp-content/uploads/2018/10/regine_mönkemeier_neu.jpg 300w, http://www.literaturtelefon-online.de/wp-content/uploads/2018/10/regine_mönkemeier_neu-237x300.jpg 237w" sizes="auto, (max-width: 300px) 100vw, 300px" /> Regine Mönkemeier, geb. 1938 in Prenzlau/Uckermark, Juristin, lebt in Lübeck, schreibt Lyrik und Kurzprosa. Sie ist seit 1993 kontinuierlich mit Gedichten aus Literaturwettbewerben und Beiträgen in Literaturzeitschriften an die Öffentlichkeit getreten (Beiträge in <em>„Hab gelernt durch Wände zu gehen“</em>. Wallstein Verlag; Literaturzeitschrift <em>„Zeichen und Wunder“</em>, beide 1993). 1995 gehörte sie zu den Nominierten des Düsseldorfer Dichterpreises, auch 2004 beim 1. Literaturpreis Pablo Neruda, <em>„Die Schallmauer an Ungesagtem“</em> (BS-Verlag Rostock 2005).</p>
<p>1996 gründete sie den Marien-Blatt Verlag mit Sitz unter den Türmen von St. Marien und hat 21 Jahre lang regelmäßige Ausgaben der Literaturzeitschrift <em>„Der Dreischneuß“</em> sowie Einzeltitel und Titel mit eigenen Gedichten herausgegeben, die in Literaturzeitschriften, Anthologien aus Wettbewerben, Künstlerbüchern und Einblattdrucken aus ihrer Bleisatzwerkstatt in Ausstellungen und Zeitschriften bereits veröffentlicht waren.</p>
<p style="text-align: left;">Autorin: <a href="http://www.dreischneuss.de" target="_blank" rel="noopener">www.dreischneuss.de</a>, <a href="http://www.bleisatzwerkstatt.de" target="_blank" rel="noopener">www.bleisatzwerkstatt.de</a></p>
<p>Foto: privat</p>
<p>literaturtelefon-online.de | Telefon: 0431/901-8888</p>
</div>

<p>Am Literaturtelefon unter 0431/901-8888 und www.literaturtelefon-online.de liest Regine Mönkmeier neuere Gedichte. Regine Mönkemeier, geb. 1938 in Prenzlau/Uckermark, Juristin, lebt in Lübeck, schreibt Lyrik und Kurzprosa. Sie ist seit 1993 kontinuierlich mit Gedichten aus Literaturwettbewerben und Beiträgen in Literaturzeitschriften an die Öffentlichkeit getreten (Beiträge in „Hab gelernt durch Wände zu gehen“. Wallstein Verlag; Literaturzeitschrift „Zeichen und [&hellip;]</p>
