{"id":3025,"date":"2018-09-19T23:42:30","date_gmt":"2018-09-19T21:42:30","guid":{"rendered":"http:\/\/www.literaturtelefon-online.de\/?page_id=3025"},"modified":"2018-09-24T13:24:00","modified_gmt":"2018-09-24T11:24:00","slug":"brigitte-halenta","status":"publish","type":"page","link":"http:\/\/www.literaturtelefon-online.de\/?page_id=3025","title":{"rendered":"Brigitte Halenta"},"content":{"rendered":"<div style=\"text-align: justify;\">\n<p>Am Literaturtelefon unter 0431\/901-8888 und www.literaturtelefon-online.de liest Brigitte Halenta aus ihrem 2017 bei Tredition, Hamburg erschienenen Roman <em>\u201eEmilia schlie\u00dft eine T\u00fcr\u201c<\/em>.<\/p>\n<p><!--[if lt IE 9]><script>document.createElement('audio');<\/script><![endif]-->\n<audio class=\"wp-audio-shortcode\" id=\"audio-3025-1\" preload=\"none\" style=\"width: 100%;\" controls=\"controls\"><source type=\"audio\/mpeg\" src=\"http:\/\/www.literaturtelefon-online.de\/wp-content\/uploads\/2018\/09\/brigitte_halenta_emilia.mp3?_=1\" \/><a href=\"http:\/\/www.literaturtelefon-online.de\/wp-content\/uploads\/2018\/09\/brigitte_halenta_emilia.mp3\">http:\/\/www.literaturtelefon-online.de\/wp-content\/uploads\/2018\/09\/brigitte_halenta_emilia.mp3<\/a><\/audio><br \/>\n<br \/>\nDer Roman setzt sich mit der zentralen Frage nach der inneren Freiheit des Menschen auseinander: Wie frei sind wir wirklich in unseren Entscheidungen, und inwieweit ist das, was wir unser Leben oder gar unser Schicksal nennen, das Ergebnis unserer Wahlen, die ihrerseits auf unbewussten Identifizierungen beruhen.<\/p>\n<p>In dem Roman erz\u00e4hlt der Gef\u00e4ngnispsychologe Paavo die Lebensgeschichte der Untersuchungsgefangenen Emilia, der im reifen Alter noch ein Schwerverbrechen zur Last gelegt wird. Emilia ist eine Frau, die nicht nein sagen kann und, um geliebt zu werden, von sich aus Angebote macht, die eigentlich \u00fcber ihr Verm\u00f6gen gehen. Eine Frau, die sich in jede ihr zugemutete Situation f\u00fcgt. Sie ist jeweils die ma\u00dfgeschneiderte Frau f\u00fcr den Mann an ihrer Seite. Ihre lebenslange Herausforderung und Verunsicherung bleibt die Mutter, die immer auch das Leben der Tochter mitlebt, ihr nichts g\u00f6nnt und mit ihren scheinbar positiv gemeinten Interventionen Emilias Beziehungen  zerst\u00f6rt \u2013 zu den Kindern, zu den M\u00e4nnern, zu ihr selbst.<\/p>\n<p><img loading=\"lazy\" decoding=\"async\" style=\"margin-left: 40px;\" src=\"http:\/\/www.literaturtelefon-online.de\/wp-content\/uploads\/2018\/09\/brigitte_halenta.jpg\" alt=\"\" width=\"300\" height=\"448\" class=\"alignright size-full wp-image-3029\" srcset=\"http:\/\/www.literaturtelefon-online.de\/wp-content\/uploads\/2018\/09\/brigitte_halenta.jpg 300w, http:\/\/www.literaturtelefon-online.de\/wp-content\/uploads\/2018\/09\/brigitte_halenta-201x300.jpg 201w\" sizes=\"auto, (max-width: 300px) 100vw, 300px\" \/><\/p>\n<p>Brigitte Halenta hat bis 2010 als Psychotherapeutin in eigener Praxis gearbeitet. 2000 erhielt sie f\u00fcr das Drehbuch <em>\u201eLavendel ist blau\u201c<\/em> (nach dem gleichnamigen Roman) den F\u00f6rderpreis der Gesellschaft zur F\u00f6rderung audiovisueller Werke Schleswig-Holstein. Im M\u00e4rz 2007 erschien ihr Roman <em>\u201eDie Breite der Zeit\u201c<\/em> stark gek\u00fcrzt im Orlanda Verlag, Berlin. Seitdem ver\u00f6ffentlichte sie Kurzprosa in den Literaturzeitschriften \u201eDer Dreischneu\u00df\u201c, \u201eMacondo\u201c, \u201eEntw\u00fcrfe\u201c.<\/p>\n<p>Die Neuauflage des Romans <em>\u201eDie Breite der Zeit\u201c<\/em> erschien 2017 in ungek\u00fcrzter Form bei Tredition, Hamburg. Ebenfalls bei Tredition erschienen sind die Romane <em>\u201eDas letzte Wort hat Dorothee\u201c<\/em>, <em>\u201eLavendel ist blau\u201c<\/em>, <em>\u201eDer Eine\u201c<\/em> und zuletzt <em>\u201eEmilia schlie\u00dft eine T\u00fcr\u201c<\/em>.<\/p>\n<p>Autorin: <a href=\"http:\/\/www.brigittehalenta.de\" rel=\"noopener\" target=\"_blank\">www.brigittehalenta.de<\/a><\/p>\n<p>Verlag: <a href=\"https:\/\/tredition.de\/autoren\/brigitte-halenta-18245\/\" rel=\"noopener\" target=\"_blank\">Tredition, Hamburg<\/a><\/p>\n<p>Foto: <a href=\"http:\/\/www.photography-studioart.de\" rel=\"noopener\" target=\"_blank\">www.photography-studioart.de<\/a><\/p>\n<p>literaturtelefon-online.de | Telefon: 0431\/901-8888<\/p>\n<\/div>\n","protected":false},"excerpt":{"rendered":"<p>Am Literaturtelefon unter 0431\/901-8888 und www.literaturtelefon-online.de liest Brigitte Halenta aus ihrem 2017 bei Tredition, Hamburg erschienenen Roman \u201eEmilia schlie\u00dft eine T\u00fcr\u201c. Der Roman setzt sich mit der zentralen Frage nach der inneren Freiheit des Menschen auseinander: Wie frei sind wir wirklich in unseren Entscheidungen, und inwieweit ist das, was wir unser Leben oder gar unser [&hellip;]<\/p>\n","protected":false},"author":6,"featured_media":0,"parent":3023,"menu_order":1,"comment_status":"closed","ping_status":"closed","template":"","meta":{"footnotes":""},"class_list":["post-3025","page","type-page","status-publish","hentry"],"_links":{"self":[{"href":"http:\/\/www.literaturtelefon-online.de\/index.php?rest_route=\/wp\/v2\/pages\/3025","targetHints":{"allow":["GET"]}}],"collection":[{"href":"http:\/\/www.literaturtelefon-online.de\/index.php?rest_route=\/wp\/v2\/pages"}],"about":[{"href":"http:\/\/www.literaturtelefon-online.de\/index.php?rest_route=\/wp\/v2\/types\/page"}],"author":[{"embeddable":true,"href":"http:\/\/www.literaturtelefon-online.de\/index.php?rest_route=\/wp\/v2\/users\/6"}],"replies":[{"embeddable":true,"href":"http:\/\/www.literaturtelefon-online.de\/index.php?rest_route=%2Fwp%2Fv2%2Fcomments&post=3025"}],"version-history":[{"count":3,"href":"http:\/\/www.literaturtelefon-online.de\/index.php?rest_route=\/wp\/v2\/pages\/3025\/revisions"}],"predecessor-version":[{"id":3030,"href":"http:\/\/www.literaturtelefon-online.de\/index.php?rest_route=\/wp\/v2\/pages\/3025\/revisions\/3030"}],"up":[{"embeddable":true,"href":"http:\/\/www.literaturtelefon-online.de\/index.php?rest_route=\/wp\/v2\/pages\/3023"}],"wp:attachment":[{"href":"http:\/\/www.literaturtelefon-online.de\/index.php?rest_route=%2Fwp%2Fv2%2Fmedia&parent=3025"}],"curies":[{"name":"wp","href":"https:\/\/api.w.org\/{rel}","templated":true}]}}

<div style="text-align: justify;">
<p>Am Literaturtelefon unter 0431/901-8888 und www.literaturtelefon-online.de liest Brigitte Halenta aus ihrem 2017 bei Tredition, Hamburg erschienenen Roman <em>„Emilia schließt eine Tür“</em>.</p>
<p><!--[if lt IE 9]><script>document.createElement('audio');</script><![endif]-->
<audio class="wp-audio-shortcode" id="audio-3025-1" preload="none" style="width: 100%;" controls="controls"><source type="audio/mpeg" src="http://www.literaturtelefon-online.de/wp-content/uploads/2018/09/brigitte_halenta_emilia.mp3?_=1" /><a href="http://www.literaturtelefon-online.de/wp-content/uploads/2018/09/brigitte_halenta_emilia.mp3">http://www.literaturtelefon-online.de/wp-content/uploads/2018/09/brigitte_halenta_emilia.mp3</a></audio><br />
<br />
Der Roman setzt sich mit der zentralen Frage nach der inneren Freiheit des Menschen auseinander: Wie frei sind wir wirklich in unseren Entscheidungen, und inwieweit ist das, was wir unser Leben oder gar unser Schicksal nennen, das Ergebnis unserer Wahlen, die ihrerseits auf unbewussten Identifizierungen beruhen.</p>
<p>In dem Roman erzählt der Gefängnispsychologe Paavo die Lebensgeschichte der Untersuchungsgefangenen Emilia, der im reifen Alter noch ein Schwerverbrechen zur Last gelegt wird. Emilia ist eine Frau, die nicht nein sagen kann und, um geliebt zu werden, von sich aus Angebote macht, die eigentlich über ihr Vermögen gehen. Eine Frau, die sich in jede ihr zugemutete Situation fügt. Sie ist jeweils die maßgeschneiderte Frau für den Mann an ihrer Seite. Ihre lebenslange Herausforderung und Verunsicherung bleibt die Mutter, die immer auch das Leben der Tochter mitlebt, ihr nichts gönnt und mit ihren scheinbar positiv gemeinten Interventionen Emilias Beziehungen  zerstört – zu den Kindern, zu den Männern, zu ihr selbst.</p>
<p><img loading="lazy" decoding="async" style="margin-left: 40px;" src="http://www.literaturtelefon-online.de/wp-content/uploads/2018/09/brigitte_halenta.jpg" alt="" width="300" height="448" class="alignright size-full wp-image-3029" srcset="http://www.literaturtelefon-online.de/wp-content/uploads/2018/09/brigitte_halenta.jpg 300w, http://www.literaturtelefon-online.de/wp-content/uploads/2018/09/brigitte_halenta-201x300.jpg 201w" sizes="auto, (max-width: 300px) 100vw, 300px" /></p>
<p>Brigitte Halenta hat bis 2010 als Psychotherapeutin in eigener Praxis gearbeitet. 2000 erhielt sie für das Drehbuch <em>„Lavendel ist blau“</em> (nach dem gleichnamigen Roman) den Förderpreis der Gesellschaft zur Förderung audiovisueller Werke Schleswig-Holstein. Im März 2007 erschien ihr Roman <em>„Die Breite der Zeit“</em> stark gekürzt im Orlanda Verlag, Berlin. Seitdem veröffentlichte sie Kurzprosa in den Literaturzeitschriften „Der Dreischneuß“, „Macondo“, „Entwürfe“.</p>
<p>Die Neuauflage des Romans <em>„Die Breite der Zeit“</em> erschien 2017 in ungekürzter Form bei Tredition, Hamburg. Ebenfalls bei Tredition erschienen sind die Romane <em>„Das letzte Wort hat Dorothee“</em>, <em>„Lavendel ist blau“</em>, <em>„Der Eine“</em> und zuletzt <em>„Emilia schließt eine Tür“</em>.</p>
<p>Autorin: <a href="http://www.brigittehalenta.de" rel="noopener" target="_blank">www.brigittehalenta.de</a></p>
<p>Verlag: <a href="https://tredition.de/autoren/brigitte-halenta-18245/" rel="noopener" target="_blank">Tredition, Hamburg</a></p>
<p>Foto: <a href="http://www.photography-studioart.de" rel="noopener" target="_blank">www.photography-studioart.de</a></p>
<p>literaturtelefon-online.de | Telefon: 0431/901-8888</p>
</div>

<p>Am Literaturtelefon unter 0431/901-8888 und www.literaturtelefon-online.de liest Brigitte Halenta aus ihrem 2017 bei Tredition, Hamburg erschienenen Roman „Emilia schließt eine Tür“. Der Roman setzt sich mit der zentralen Frage nach der inneren Freiheit des Menschen auseinander: Wie frei sind wir wirklich in unseren Entscheidungen, und inwieweit ist das, was wir unser Leben oder gar unser [&hellip;]</p>
