{"id":2942,"date":"2018-06-29T17:44:28","date_gmt":"2018-06-29T15:44:28","guid":{"rendered":"http:\/\/www.literaturtelefon-online.de\/?page_id=2942"},"modified":"2018-07-01T22:03:29","modified_gmt":"2018-07-01T20:03:29","slug":"stefan-schwarck","status":"publish","type":"page","link":"http:\/\/www.literaturtelefon-online.de\/?page_id=2942","title":{"rendered":"Stefan Schwarck"},"content":{"rendered":"<div style=\"text-align: justify;\">\n<p>Am Literaturtelefon unter der Rufnummer 0431\/901-8888 und auf www.literaturtelefon-online.de liest Stefan Schwarck seinen Text <em>\u201eH\u00f6hennetzl\u00e4ufer\u201c<\/em>.<\/p>\n<p><!--[if lt IE 9]><script>document.createElement('audio');<\/script><![endif]-->\n<audio class=\"wp-audio-shortcode\" id=\"audio-2942-1\" preload=\"none\" style=\"width: 100%;\" controls=\"controls\"><source type=\"audio\/mpeg\" src=\"http:\/\/www.literaturtelefon-online.de\/wp-content\/uploads\/2018\/06\/stefan_schwarck_hoehennetzlaeufer.mp3?_=1\" \/><a href=\"http:\/\/www.literaturtelefon-online.de\/wp-content\/uploads\/2018\/06\/stefan_schwarck_hoehennetzlaeufer.mp3\">http:\/\/www.literaturtelefon-online.de\/wp-content\/uploads\/2018\/06\/stefan_schwarck_hoehennetzlaeufer.mp3<\/a><\/audio><br \/>\n<br \/>\n<em>\u201eVor einiger Zeit h\u00f6rten wir zum ersten Mal, dass es ein H\u00f6hennetz gibt. Ein virtuelles Netz, das um die ganze Erde gespannt die unterschiedlichen, als Normal Null definierten Messpunkte miteinander verbindet. Ein Netz, das uns zeigt, wo sich der gedachte normale Meeresspiegel befindet. Ein Netz, das uns zeigt, wie hoch oder tief wir gerade auf der Welt stehen, das uns zeigt, wo wir uns befinden zwischen oben und unten.\u201c<\/em><\/p>\n<p>Der Text beschreibt die Idee, dass das H\u00f6hennetz ein Weg sein kann, die Welt zu bereisen. Ein Weg, auf dem weltumspannenden und verbindenden Netz zu wandern, anderen Menschen zu begegnen, ferne Orte zu erreichen.<\/p>\n<p>In dem gemeinsamen Projekt <em>\u201eH\u00f6hennetzl\u00e4ufer\u201c<\/em> (<a href=\"http:\/\/www.h\u00f6hennetzl\u00e4ufer.de\" rel=\"noopener\" target=\"_blank\">www.h\u00f6hennetzl\u00e4ufer.de<\/a>) wird die Flensburger Landart-K\u00fcnstlerin Inga Momsen dieses virtuelle Netz an den Orten, an denen es offensichtlich ist, aber auch dort, wo wir es nicht vermuten, sichtbar machen. Sie spinnt dieses Netz, zeigt dem Betrachter, wie es aussieht, wenn es sich aus der reinen Vorstellung zu etwas Begreifbarem manifestiert. Sie bereitet mit ihrem gesponnenen Netz den Netzl\u00e4ufern ihren Weg, folgt dem Netz auf seinem Weg um die Welt. Es gibt viel zu entdecken.<\/p>\n<p><img loading=\"lazy\" decoding=\"async\" style=\"margin-left: 40px;\" src=\"http:\/\/www.literaturtelefon-online.de\/wp-content\/uploads\/2018\/06\/stefan_schwarck_2018.jpg\" alt=\"\" width=\"300\" height=\"306\" class=\"alignright size-full wp-image-2945\" srcset=\"http:\/\/www.literaturtelefon-online.de\/wp-content\/uploads\/2018\/06\/stefan_schwarck_2018.jpg 300w, http:\/\/www.literaturtelefon-online.de\/wp-content\/uploads\/2018\/06\/stefan_schwarck_2018-294x300.jpg 294w\" sizes=\"auto, (max-width: 300px) 100vw, 300px\" \/><\/p>\n<p>Stefan Schwarck ist Lyriker, Autor und Poetry Slammer und lebt in Kiel. Seit 2010 tritt er regelm\u00e4\u00dfig bei Vernissagen, Lesungen, Poetry Slams und Spokenword-Veranstaltungen im In- und Ausland auf.<\/p>\n<p>Schwarck veranstaltet regelm\u00e4\u00dfig Workshops f\u00fcr kreatives Schreiben und Poetry Slam. Er ist Stammmitglied der Kieler Leseb\u00fchne \u201eIrgendwas mit M\u00f6wen\u201c und Mitorganisator des Internationalen Festivals f\u00fcr B\u00fchnenliteratur \u2013 spokenwords.sh. J\u00fcngst rief er die spendenfinanzierte gemeinn\u00fctzige <a href=\"http:\/\/www.dieblauestadt.de\/?p=1000\" rel=\"noopener\" target=\"_blank\">Treuhandstiftung \u201edie blaue stadt\u201c<\/a> ins Leben. Sie organisiert und finanziert Literatur- und Kulturprojekte f\u00fcr Menschen in besonderen Lebenssituationen.<\/p>\n<p>Am Literaturtelefon war Stefan Schwarck zuletzt im <a href=\"http:\/\/www.literaturtelefon-online.de\/?page_id=2572\">November 2017 mit seinen <em>\u201eDrive-by Poems\u201c<\/a><\/em> zu h\u00f6ren.<\/p>\n<p>Autor: <a href=\"http:\/\/www.dieblauestadt.de\" rel=\"noopener\" target=\"_blank\">www.dieblauestadt.de<\/a> <\/p>\n<p>Foto: Uwe Lehmann<\/p>\n<p>literaturtelefon-online.de | Telefon: 0431\/901-8888<\/p>\n<\/div>\n","protected":false},"excerpt":{"rendered":"<p>Am Literaturtelefon unter der Rufnummer 0431\/901-8888 und auf www.literaturtelefon-online.de liest Stefan Schwarck seinen Text \u201eH\u00f6hennetzl\u00e4ufer\u201c. \u201eVor einiger Zeit h\u00f6rten wir zum ersten Mal, dass es ein H\u00f6hennetz gibt. Ein virtuelles Netz, das um die ganze Erde gespannt die unterschiedlichen, als Normal Null definierten Messpunkte miteinander verbindet. Ein Netz, das uns zeigt, wo sich der gedachte [&hellip;]<\/p>\n","protected":false},"author":6,"featured_media":0,"parent":2940,"menu_order":1,"comment_status":"closed","ping_status":"closed","template":"","meta":{"footnotes":""},"class_list":["post-2942","page","type-page","status-publish","hentry"],"_links":{"self":[{"href":"http:\/\/www.literaturtelefon-online.de\/index.php?rest_route=\/wp\/v2\/pages\/2942","targetHints":{"allow":["GET"]}}],"collection":[{"href":"http:\/\/www.literaturtelefon-online.de\/index.php?rest_route=\/wp\/v2\/pages"}],"about":[{"href":"http:\/\/www.literaturtelefon-online.de\/index.php?rest_route=\/wp\/v2\/types\/page"}],"author":[{"embeddable":true,"href":"http:\/\/www.literaturtelefon-online.de\/index.php?rest_route=\/wp\/v2\/users\/6"}],"replies":[{"embeddable":true,"href":"http:\/\/www.literaturtelefon-online.de\/index.php?rest_route=%2Fwp%2Fv2%2Fcomments&post=2942"}],"version-history":[{"count":9,"href":"http:\/\/www.literaturtelefon-online.de\/index.php?rest_route=\/wp\/v2\/pages\/2942\/revisions"}],"predecessor-version":[{"id":2957,"href":"http:\/\/www.literaturtelefon-online.de\/index.php?rest_route=\/wp\/v2\/pages\/2942\/revisions\/2957"}],"up":[{"embeddable":true,"href":"http:\/\/www.literaturtelefon-online.de\/index.php?rest_route=\/wp\/v2\/pages\/2940"}],"wp:attachment":[{"href":"http:\/\/www.literaturtelefon-online.de\/index.php?rest_route=%2Fwp%2Fv2%2Fmedia&parent=2942"}],"curies":[{"name":"wp","href":"https:\/\/api.w.org\/{rel}","templated":true}]}}

<div style="text-align: justify;">
<p>Am Literaturtelefon unter der Rufnummer 0431/901-8888 und auf www.literaturtelefon-online.de liest Stefan Schwarck seinen Text <em>„Höhennetzläufer“</em>.</p>
<p><!--[if lt IE 9]><script>document.createElement('audio');</script><![endif]-->
<audio class="wp-audio-shortcode" id="audio-2942-1" preload="none" style="width: 100%;" controls="controls"><source type="audio/mpeg" src="http://www.literaturtelefon-online.de/wp-content/uploads/2018/06/stefan_schwarck_hoehennetzlaeufer.mp3?_=1" /><a href="http://www.literaturtelefon-online.de/wp-content/uploads/2018/06/stefan_schwarck_hoehennetzlaeufer.mp3">http://www.literaturtelefon-online.de/wp-content/uploads/2018/06/stefan_schwarck_hoehennetzlaeufer.mp3</a></audio><br />
<br />
<em>„Vor einiger Zeit hörten wir zum ersten Mal, dass es ein Höhennetz gibt. Ein virtuelles Netz, das um die ganze Erde gespannt die unterschiedlichen, als Normal Null definierten Messpunkte miteinander verbindet. Ein Netz, das uns zeigt, wo sich der gedachte normale Meeresspiegel befindet. Ein Netz, das uns zeigt, wie hoch oder tief wir gerade auf der Welt stehen, das uns zeigt, wo wir uns befinden zwischen oben und unten.“</em></p>
<p>Der Text beschreibt die Idee, dass das Höhennetz ein Weg sein kann, die Welt zu bereisen. Ein Weg, auf dem weltumspannenden und verbindenden Netz zu wandern, anderen Menschen zu begegnen, ferne Orte zu erreichen.</p>
<p>In dem gemeinsamen Projekt <em>„Höhennetzläufer“</em> (<a href="http://www.höhennetzläufer.de" rel="noopener" target="_blank">www.höhennetzläufer.de</a>) wird die Flensburger Landart-Künstlerin Inga Momsen dieses virtuelle Netz an den Orten, an denen es offensichtlich ist, aber auch dort, wo wir es nicht vermuten, sichtbar machen. Sie spinnt dieses Netz, zeigt dem Betrachter, wie es aussieht, wenn es sich aus der reinen Vorstellung zu etwas Begreifbarem manifestiert. Sie bereitet mit ihrem gesponnenen Netz den Netzläufern ihren Weg, folgt dem Netz auf seinem Weg um die Welt. Es gibt viel zu entdecken.</p>
<p><img loading="lazy" decoding="async" style="margin-left: 40px;" src="http://www.literaturtelefon-online.de/wp-content/uploads/2018/06/stefan_schwarck_2018.jpg" alt="" width="300" height="306" class="alignright size-full wp-image-2945" srcset="http://www.literaturtelefon-online.de/wp-content/uploads/2018/06/stefan_schwarck_2018.jpg 300w, http://www.literaturtelefon-online.de/wp-content/uploads/2018/06/stefan_schwarck_2018-294x300.jpg 294w" sizes="auto, (max-width: 300px) 100vw, 300px" /></p>
<p>Stefan Schwarck ist Lyriker, Autor und Poetry Slammer und lebt in Kiel. Seit 2010 tritt er regelmäßig bei Vernissagen, Lesungen, Poetry Slams und Spokenword-Veranstaltungen im In- und Ausland auf.</p>
<p>Schwarck veranstaltet regelmäßig Workshops für kreatives Schreiben und Poetry Slam. Er ist Stammmitglied der Kieler Lesebühne „Irgendwas mit Möwen“ und Mitorganisator des Internationalen Festivals für Bühnenliteratur – spokenwords.sh. Jüngst rief er die spendenfinanzierte gemeinnützige <a href="http://www.dieblauestadt.de/?p=1000" rel="noopener" target="_blank">Treuhandstiftung „die blaue stadt“</a> ins Leben. Sie organisiert und finanziert Literatur- und Kulturprojekte für Menschen in besonderen Lebenssituationen.</p>
<p>Am Literaturtelefon war Stefan Schwarck zuletzt im <a href="http://www.literaturtelefon-online.de/?page_id=2572">November 2017 mit seinen <em>„Drive-by Poems“</a></em> zu hören.</p>
<p>Autor: <a href="http://www.dieblauestadt.de" rel="noopener" target="_blank">www.dieblauestadt.de</a> </p>
<p>Foto: Uwe Lehmann</p>
<p>literaturtelefon-online.de | Telefon: 0431/901-8888</p>
</div>

<p>Am Literaturtelefon unter der Rufnummer 0431/901-8888 und auf www.literaturtelefon-online.de liest Stefan Schwarck seinen Text „Höhennetzläufer“. „Vor einiger Zeit hörten wir zum ersten Mal, dass es ein Höhennetz gibt. Ein virtuelles Netz, das um die ganze Erde gespannt die unterschiedlichen, als Normal Null definierten Messpunkte miteinander verbindet. Ein Netz, das uns zeigt, wo sich der gedachte [&hellip;]</p>
