{"id":2730,"date":"2018-01-19T02:08:27","date_gmt":"2018-01-19T00:08:27","guid":{"rendered":"http:\/\/www.literaturtelefon-online.de\/?page_id=2730"},"modified":"2018-01-29T16:42:17","modified_gmt":"2018-01-29T14:42:17","slug":"iris-radisch","status":"publish","type":"page","link":"http:\/\/www.literaturtelefon-online.de\/?page_id=2730","title":{"rendered":"Iris Radisch"},"content":{"rendered":"<div style=\"text-align: justify;\">\n<p>Am Literaturtelefon unter der Rufnummer 0431\/901-8888 und auf www.literaturtelefon-online.de liest die Literaturkritikerin Iris Radisch aus ihrem bei Rowohlt erschienenen Sachbuch <em>\u201eWarum die Franzosen so gute B\u00fccher schreiben\u201c<\/em>. Die Aufnahme entstand bei einer Lesung im Literaturhaus Schleswig-Holstein am 17.1.2018.<\/p>\n<p><!--[if lt IE 9]><script>document.createElement('audio');<\/script><![endif]-->\n<audio class=\"wp-audio-shortcode\" id=\"audio-2730-1\" preload=\"none\" style=\"width: 100%;\" controls=\"controls\"><source type=\"audio\/mpeg\" src=\"http:\/\/www.literaturtelefon-online.de\/wp-content\/uploads\/2018\/01\/iris_radisch_warum_die_franzosen_lang.mp3?_=1\" \/><a href=\"http:\/\/www.literaturtelefon-online.de\/wp-content\/uploads\/2018\/01\/iris_radisch_warum_die_franzosen_lang.mp3\">http:\/\/www.literaturtelefon-online.de\/wp-content\/uploads\/2018\/01\/iris_radisch_warum_die_franzosen_lang.mp3<\/a><\/audio><br \/>\n<br \/>\nIn ihrem Buch stellt Radisch einen pers\u00f6nlichen Kanon der bedeutendsten franz\u00f6sischen Nachkriegs-Autor*innen von Sartre bis Houellebecq zusammen. Die lebendig erz\u00e4hlten Portraits \u00fcber Simone de Beauvoir, Albert Camus oder Jean-Paul Sartre tragen einen wichtigen Teil zur Debatte \u00fcber die Literarizit\u00e4t unseres Nachbarlandes bei. Radisch gelingt es in brillanter Sprache, die facettenreichen Motive der neueren Nachkriegsliteratur auszuloten, die sie als existenzialistisch, mal politisch, immer verf\u00fchrerisch herausstreicht. Lebendig zeichnet die Autorin auch den Paradigmenwechsel der franz\u00f6sischen Literatur zur Gegenwart nach, den sie von einer \u201eNeuen Aufrichtigkeit\u201c und \u201eAutofiction\u201c charakterisiert sieht.<\/p>\n<p><img loading=\"lazy\" decoding=\"async\" style=\"margin-left: 40px;\" src=\"http:\/\/www.literaturtelefon-online.de\/wp-content\/uploads\/2018\/01\/iris_radisch.jpg\" alt=\"\" width=\"300\" height=\"417\" class=\"alignright size-full wp-image-2734\" srcset=\"http:\/\/www.literaturtelefon-online.de\/wp-content\/uploads\/2018\/01\/iris_radisch.jpg 300w, http:\/\/www.literaturtelefon-online.de\/wp-content\/uploads\/2018\/01\/iris_radisch-216x300.jpg 216w\" sizes=\"auto, (max-width: 300px) 100vw, 300px\" \/><\/p>\n<p>Iris Radisch, geboren 1959 in Berlin, studierte Germanistik, Romanistik und Philosophie in Frankfurt a.M. und T\u00fcbingen. Seit 1990 ist sie als Literaturkritikerin bei der Wochenzeitung DIE ZEIT t\u00e4tig, seit 2013 auch als Leiterin des ZEIT-Feuilletons. Daneben wurde sie als Fernsehmoderatorin bekannt, u.a. im \u201eLiterarischen Quartett\u201c. 2008 wurde sie mit dem Medienpreis f\u00fcr Sprachkultur der Gesellschaft f\u00fcr deutsche Sprache ausgezeichnet. 2009 ernannte die franz\u00f6sische Kulturministerin Iris Radisch zum \u201eChevalier des Arts et Lettres\u201c.<\/p>\n<p>Im 40. Jahr des Literaturtelefons Kiel wagen wir mit Radischs Beitrag auch ein Experiment: Aus technischen Gr\u00fcnden k\u00f6nnen am \u201eoldschool\u201c Telefon nur maximal 10 Minuten \u201egesendet\u201c werden. Iris Radischs ausf\u00fchrliche, fast doppelt so lange Lesung f\u00fcr das Literaturtelefon ist hier online zu h\u00f6ren.<\/p>\n<p><a href=\"https:\/\/de.wikipedia.org\/wiki\/Iris_Radisch\" rel=\"noopener\" target=\"_blank\">Wikipedia \u00fcber die Autorin<\/a><\/p>\n<p>Verlag: <a href=\"https:\/\/www.rowohlt.de\/hardcover\/iris-radisch-warum-die-franzosen-so-gute-buecher-schreiben.html\" rel=\"noopener\" target=\"_blank\">Rowohlt Verlag<\/a><\/p>\n<p>Foto: Thorsten Wulff<\/p>\n<p>literaturtelefon-online.de | Telefon: 0431\/901-8888<\/p>\n<\/div>\n","protected":false},"excerpt":{"rendered":"<p>Am Literaturtelefon unter der Rufnummer 0431\/901-8888 und auf www.literaturtelefon-online.de liest die Literaturkritikerin Iris Radisch aus ihrem bei Rowohlt erschienenen Sachbuch \u201eWarum die Franzosen so gute B\u00fccher schreiben\u201c. Die Aufnahme entstand bei einer Lesung im Literaturhaus Schleswig-Holstein am 17.1.2018. In ihrem Buch stellt Radisch einen pers\u00f6nlichen Kanon der bedeutendsten franz\u00f6sischen Nachkriegs-Autor*innen von Sartre bis Houellebecq zusammen. [&hellip;]<\/p>\n","protected":false},"author":6,"featured_media":0,"parent":2744,"menu_order":1,"comment_status":"closed","ping_status":"closed","template":"","meta":{"footnotes":""},"class_list":["post-2730","page","type-page","status-publish","hentry"],"_links":{"self":[{"href":"http:\/\/www.literaturtelefon-online.de\/index.php?rest_route=\/wp\/v2\/pages\/2730","targetHints":{"allow":["GET"]}}],"collection":[{"href":"http:\/\/www.literaturtelefon-online.de\/index.php?rest_route=\/wp\/v2\/pages"}],"about":[{"href":"http:\/\/www.literaturtelefon-online.de\/index.php?rest_route=\/wp\/v2\/types\/page"}],"author":[{"embeddable":true,"href":"http:\/\/www.literaturtelefon-online.de\/index.php?rest_route=\/wp\/v2\/users\/6"}],"replies":[{"embeddable":true,"href":"http:\/\/www.literaturtelefon-online.de\/index.php?rest_route=%2Fwp%2Fv2%2Fcomments&post=2730"}],"version-history":[{"count":7,"href":"http:\/\/www.literaturtelefon-online.de\/index.php?rest_route=\/wp\/v2\/pages\/2730\/revisions"}],"predecessor-version":[{"id":2741,"href":"http:\/\/www.literaturtelefon-online.de\/index.php?rest_route=\/wp\/v2\/pages\/2730\/revisions\/2741"}],"up":[{"embeddable":true,"href":"http:\/\/www.literaturtelefon-online.de\/index.php?rest_route=\/wp\/v2\/pages\/2744"}],"wp:attachment":[{"href":"http:\/\/www.literaturtelefon-online.de\/index.php?rest_route=%2Fwp%2Fv2%2Fmedia&parent=2730"}],"curies":[{"name":"wp","href":"https:\/\/api.w.org\/{rel}","templated":true}]}}