{"id":2106,"date":"2016-10-11T00:04:15","date_gmt":"2016-10-10T22:04:15","guid":{"rendered":"http:\/\/www.literaturtelefon-online.de\/?page_id=2106"},"modified":"2016-11-14T03:03:01","modified_gmt":"2016-11-14T01:03:01","slug":"isabel-bogdan","status":"publish","type":"page","link":"http:\/\/www.literaturtelefon-online.de\/?page_id=2106","title":{"rendered":"Isabel Bogdan"},"content":{"rendered":"<div style=\"text-align: justify;\">\nAm Literaturtelefon unter der Rufnummer 0431\/901-8888 und auf www.literaturtelefon-online.de liest Isabel Bogdan aus ihrem bei Kiepenheuer &#038; Witsch erschienenen Roman \u201eDer Pfau\u201c. Die Aufnahme entstand bei einer Lesung im Literaturhaus Schleswig-Holstein am 10.10.2016.<\/p>\n<p><!--[if lt IE 9]><script>document.createElement('audio');<\/script><![endif]-->\n<audio class=\"wp-audio-shortcode\" id=\"audio-2106-1\" preload=\"none\" style=\"width: 100%;\" controls=\"controls\"><source type=\"audio\/mpeg\" src=\"http:\/\/www.literaturtelefon-online.de\/wp-content\/uploads\/2016\/10\/isabel_bogdan_der_pfau.mp3?_=1\" \/><a href=\"http:\/\/www.literaturtelefon-online.de\/wp-content\/uploads\/2016\/10\/isabel_bogdan_der_pfau.mp3\">http:\/\/www.literaturtelefon-online.de\/wp-content\/uploads\/2016\/10\/isabel_bogdan_der_pfau.mp3<\/a><\/audio><br \/>\n<br \/>\nLord und Lady McIntosh betreiben in den schottischen Highlands eine Ferienanlage, zu der auch f\u00fcnf Pfauen geh\u00f6ren. Eines Tages wird einer der Pfauen verr\u00fcckt, ihn erz\u00fcrnt die Farbe Blau. Als Liz, die Chefin einer Investmentabteilung und im Besitz eines blaumetallicfarbenen Sportwagens, samt ihrer Belegschaft zum Teambuilding in die Ferienanlage einzieht, nimmt das Drama in den schottischen Bergen seinen Lauf. Bogdan erz\u00e4hlt eine subtile Kom\u00f6die in bester britischer Manier.<\/p>\n<p><img loading=\"lazy\" decoding=\"async\" style=\"margin-left:40px;\" src=\"http:\/\/www.literaturtelefon-online.de\/wp-content\/uploads\/2016\/10\/isabel_bogdan.jpg\" alt=\"isabel_bogdan\" width=\"140\" height=\"178\" class=\"alignright size-full wp-image-2121\" \/><\/p>\n<p>Isabel Bogdan, geboren 1968 in K\u00f6ln, studierte Anglistik und Japanologie in Heidelberg und Tokyo. Sie lebt in Hamburg, \u201eweil es da so sch\u00f6n ist\u201c. Sie liest, <a href=\"http:\/\/isabelbogdan.de\/kolumne\/\" target=\"_blank\">schreibt<\/a>, <a href=\"http:\/\/isabelbogdan.de\/veroffentlichte-ubersetzungen-auswahl\/\" target=\"_blank\">\u00fcbersetzt<\/a> (u.a. Jane Gardam, Jonathan Safran Foer, Nick Hornby, Jasper Fforde). 2012 erschien ihr erstes eigenes Buch \u201eSachen machen\u201c bei Rowohlt, 2016 der erste Roman \u201eDer Pfau\u201c bei Kiepenheuer &#038; Witsch. Sie ist Vorsitzende des <a href=\"http:\/\/xrays.antville.org\/stories\/1071579\/\" target=\"_blank\">Vereins zur Rettung des \u201eanderthalb\u201c<\/a>. 2006 erhielt sie den <a href=\"http:\/\/www.literaturpreise-hamburg.de\/\" target=\"_blank\">Hamburger F\u00f6rderpreis<\/a> f\u00fcr literarische \u00dcbersetzung, 2011 den f\u00fcr Literatur. <a href=\"http:\/\/blog.franziskript.de\/2015\/01\/12\/goldene-blogger2014\/\" target=\"_blank\">Bloggerin des Jahres 2014<\/a> zusammen mit Maximilian Buddenbohm f\u00fcr das Interviewprojekt <a href=\"http:\/\/wasmachendieda.de\/\" target=\"_blank\">\u201eWas machen die da?\u201c<\/a>.<\/p>\n<p>Autorin: <a href=\"http:\/\/www.isabelbogdan.de\" target=\"_blank\">www.isabelbogdan.de<\/a><\/p>\n<p>Verlag: <a href=\"http:\/\/www.kiwi-verlag.de\/buch\/der-pfau\/978-3-462-04800-1\/\" target=\"_blank\">Kiepenheuer &#038; Witsch<\/a><\/p>\n<p>Foto: Ursel Allenstein<\/p>\n<p>literaturtelefon-online.de | Telefon: 0431\/901-8888\n<\/p><\/div>\n","protected":false},"excerpt":{"rendered":"<p>Am Literaturtelefon unter der Rufnummer 0431\/901-8888 und auf www.literaturtelefon-online.de liest Isabel Bogdan aus ihrem bei Kiepenheuer &#038; Witsch erschienenen Roman \u201eDer Pfau\u201c. Die Aufnahme entstand bei einer Lesung im Literaturhaus Schleswig-Holstein am 10.10.2016. Lord und Lady McIntosh betreiben in den schottischen Highlands eine Ferienanlage, zu der auch f\u00fcnf Pfauen geh\u00f6ren. Eines Tages wird einer der [&hellip;]<\/p>\n","protected":false},"author":6,"featured_media":0,"parent":2111,"menu_order":2,"comment_status":"closed","ping_status":"closed","template":"","meta":{"footnotes":""},"class_list":["post-2106","page","type-page","status-publish","hentry"],"_links":{"self":[{"href":"http:\/\/www.literaturtelefon-online.de\/index.php?rest_route=\/wp\/v2\/pages\/2106","targetHints":{"allow":["GET"]}}],"collection":[{"href":"http:\/\/www.literaturtelefon-online.de\/index.php?rest_route=\/wp\/v2\/pages"}],"about":[{"href":"http:\/\/www.literaturtelefon-online.de\/index.php?rest_route=\/wp\/v2\/types\/page"}],"author":[{"embeddable":true,"href":"http:\/\/www.literaturtelefon-online.de\/index.php?rest_route=\/wp\/v2\/users\/6"}],"replies":[{"embeddable":true,"href":"http:\/\/www.literaturtelefon-online.de\/index.php?rest_route=%2Fwp%2Fv2%2Fcomments&post=2106"}],"version-history":[{"count":6,"href":"http:\/\/www.literaturtelefon-online.de\/index.php?rest_route=\/wp\/v2\/pages\/2106\/revisions"}],"predecessor-version":[{"id":2123,"href":"http:\/\/www.literaturtelefon-online.de\/index.php?rest_route=\/wp\/v2\/pages\/2106\/revisions\/2123"}],"up":[{"embeddable":true,"href":"http:\/\/www.literaturtelefon-online.de\/index.php?rest_route=\/wp\/v2\/pages\/2111"}],"wp:attachment":[{"href":"http:\/\/www.literaturtelefon-online.de\/index.php?rest_route=%2Fwp%2Fv2%2Fmedia&parent=2106"}],"curies":[{"name":"wp","href":"https:\/\/api.w.org\/{rel}","templated":true}]}}