{"id":2052,"date":"2016-09-08T02:35:27","date_gmt":"2016-09-08T00:35:27","guid":{"rendered":"http:\/\/www.literaturtelefon-online.de\/?page_id=2052"},"modified":"2016-09-19T01:48:39","modified_gmt":"2016-09-18T23:48:39","slug":"spokenwords-sh-trailer-bas-boettcher-harry-baker","status":"publish","type":"page","link":"http:\/\/www.literaturtelefon-online.de\/?page_id=2052","title":{"rendered":"Spokenwords.sh \u2013 Trailer (Bas B\u00f6ttcher &#038; Harry Baker)"},"content":{"rendered":"<div style=\"text-align: justify;\">\nVom 22. bis 25. September 2016 versammeln sich erstmalig im Rahmen eines Festivals der B\u00fchnenliteratur herausragende Spoken-Word-K\u00fcnstler aus zehn L\u00e4ndern in Schleswig-Holstein. Das Festival Spokenwords.sh l\u00e4dt zu seinem Debut in f\u00fcnf norddeutsche St\u00e4dte ein \u2013 Neum\u00fcnster, Flensburg, Kiel, L\u00fcbeck und B\u00fcdelsdorf. Als kleiner \u201eTrailer\u201c zu Spokenwords.sh lesen am Literaturtelefon der deutsche mehrfach preisgekr\u00f6nte Slam-Poet Bas B\u00f6ttcher und der amtierende Weltmeister im Poetry Slam Harry Baker aus Gro\u00dfbritannien.<\/p>\n<p><!--[if lt IE 9]><script>document.createElement('audio');<\/script><![endif]-->\n<audio class=\"wp-audio-shortcode\" id=\"audio-2052-1\" preload=\"none\" style=\"width: 100%;\" controls=\"controls\"><source type=\"audio\/mpeg\" src=\"http:\/\/www.literaturtelefon-online.de\/wp-content\/uploads\/2016\/09\/spokenwords_sh_trailer.mp3?_=1\" \/><a href=\"http:\/\/www.literaturtelefon-online.de\/wp-content\/uploads\/2016\/09\/spokenwords_sh_trailer.mp3\">http:\/\/www.literaturtelefon-online.de\/wp-content\/uploads\/2016\/09\/spokenwords_sh_trailer.mp3<\/a><\/audio><br \/>\n<\/p>\n<p><strong>Bas B\u00f6ttcher<\/strong><br \/>\n<img loading=\"lazy\" decoding=\"async\" style=\"margin-left:40px;\" src=\"http:\/\/www.literaturtelefon-online.de\/wp-content\/uploads\/2016\/09\/bas_boettcher.jpg\" alt=\"Bas B\u009attcher\" width=\"140\" height=\"172\" class=\"alignright size-full wp-image-2057\" \/><br \/>\n\u201eMeine Texte betrachte ich als sinnliche Ereignisse. Sie finden auf Leseb\u00fchnen, im Fernsehen, in Literaturh\u00e4usern, in Diskotheken, in Bibliotheken, in B\u00fcchern, auf Festivals und auf CD statt\u201c, schreibt Bas B\u00f6ttcher \u00fcber sich und seine Texte. Er z\u00e4hlt zu den Mitbegr\u00fcndern der deutschen Spoken-Word-Szene. Seine Texte sind Klassiker der B\u00fchnenlyrik und erscheinen in wichtigen Sammlungen deutscher Dichtung. Neben Gedichtb\u00e4nden ver\u00f6ffentlichte er mit Wolf Hogekamp die erste Poetry-Clip-DVD. Auftritte in Paris, San Francisco und auf der Buchmesse in Peking. Am Literaturtelefon h\u00f6ren Sie einen Live-Mitschnitt seines Texts \u201eDran glauben\u201c.<\/p>\n<p><strong>Harry Baker (GB)<\/strong><br \/>\n<img loading=\"lazy\" decoding=\"async\" style=\"margin-left:40px;\" src=\"http:\/\/www.literaturtelefon-online.de\/wp-content\/uploads\/2016\/09\/harry_baker.jpg\" alt=\"harry_baker\" width=\"140\" height=\"168\" class=\"alignright size-full wp-image-2058\" \/><br \/>\nPoetry Slam-Weltmeister Harry Baker ver\u00f6ffentlichte 2014 seine Debut-Anthologie \u201eThe Sunshine Kid\u201c. Die gleichnamige Live-Show wurde beim Edinburgh Fringe Festival zur besten Spoken-Word-Show 2015 gew\u00e4hlt. Zahlreiche seiner Texte und Liveaufnahmen wurden \u00fcber TED.com ver\u00f6ffentlicht, von Millionen von Menschen weltweit aufgerufen sowie in 15 Sprachen \u00fcbersetzt. Nach der UK- und Europatournee und Auftritten in Nordamerika und S\u00fcdafrika begeisterte Harry Baker 2016 f\u00fcr drei Monate das Publikum in Australien und Neuseeland. Am Literaturtelefon h\u00f6ren Sie einen Live-Mitschnitt seines \u201eLovepoem for Prime Numbers\u201c.<\/p>\n<p>Infos: <a href=\"http:\/\/www.spokenwords.sh\" target=\"_blank\">www.spokenwords.sh<\/a> &#038; <a href=\"http:\/\/www.facebook.com\/spokenwords.sh\" target=\"_blank\">www.facebook.com\/spokenwords.sh<\/a><\/p>\n<p>Fotos: B\u00fc\u00dfemeier (Bas B\u00f6ttcher) &#038; Uwe Lehmann (Harry Baker)<\/p>\n<p>literaturtelefon-online.de | Telefon: 0431\/901-8888\n<\/p><\/div>\n","protected":false},"excerpt":{"rendered":"<p>Vom 22. bis 25. September 2016 versammeln sich erstmalig im Rahmen eines Festivals der B\u00fchnenliteratur herausragende Spoken-Word-K\u00fcnstler aus zehn L\u00e4ndern in Schleswig-Holstein. Das Festival Spokenwords.sh l\u00e4dt zu seinem Debut in f\u00fcnf norddeutsche St\u00e4dte ein \u2013 Neum\u00fcnster, Flensburg, Kiel, L\u00fcbeck und B\u00fcdelsdorf. Als kleiner \u201eTrailer\u201c zu Spokenwords.sh lesen am Literaturtelefon der deutsche mehrfach preisgekr\u00f6nte Slam-Poet Bas [&hellip;]<\/p>\n","protected":false},"author":6,"featured_media":0,"parent":2033,"menu_order":2,"comment_status":"closed","ping_status":"open","template":"","meta":{"footnotes":""},"class_list":["post-2052","page","type-page","status-publish","hentry"],"_links":{"self":[{"href":"http:\/\/www.literaturtelefon-online.de\/index.php?rest_route=\/wp\/v2\/pages\/2052","targetHints":{"allow":["GET"]}}],"collection":[{"href":"http:\/\/www.literaturtelefon-online.de\/index.php?rest_route=\/wp\/v2\/pages"}],"about":[{"href":"http:\/\/www.literaturtelefon-online.de\/index.php?rest_route=\/wp\/v2\/types\/page"}],"author":[{"embeddable":true,"href":"http:\/\/www.literaturtelefon-online.de\/index.php?rest_route=\/wp\/v2\/users\/6"}],"replies":[{"embeddable":true,"href":"http:\/\/www.literaturtelefon-online.de\/index.php?rest_route=%2Fwp%2Fv2%2Fcomments&post=2052"}],"version-history":[{"count":11,"href":"http:\/\/www.literaturtelefon-online.de\/index.php?rest_route=\/wp\/v2\/pages\/2052\/revisions"}],"predecessor-version":[{"id":2066,"href":"http:\/\/www.literaturtelefon-online.de\/index.php?rest_route=\/wp\/v2\/pages\/2052\/revisions\/2066"}],"up":[{"embeddable":true,"href":"http:\/\/www.literaturtelefon-online.de\/index.php?rest_route=\/wp\/v2\/pages\/2033"}],"wp:attachment":[{"href":"http:\/\/www.literaturtelefon-online.de\/index.php?rest_route=%2Fwp%2Fv2%2Fmedia&parent=2052"}],"curies":[{"name":"wp","href":"https:\/\/api.w.org\/{rel}","templated":true}]}}