{"id":2022,"date":"2016-07-20T21:22:26","date_gmt":"2016-07-20T19:22:26","guid":{"rendered":"http:\/\/www.literaturtelefon-online.de\/?page_id=2022"},"modified":"2016-08-22T13:54:24","modified_gmt":"2016-08-22T11:54:24","slug":"adolf-muschg","status":"publish","type":"page","link":"http:\/\/www.literaturtelefon-online.de\/?page_id=2022","title":{"rendered":"Adolf Muschg"},"content":{"rendered":"<div style=\"text-align: justify;\">\nAm Literaturtelefon unter der Rufnummer 0431\/901-8888 und auf www.literaturtelefon-online.de liest Adolf Muschg aus seinem bei C. H. Beck erschienenen Roman \u201eDie japanische Tasche\u201c. Die Aufnahme entstand beim Literatursommer Schweiz 2016 im Rahmen einer Lesung im Literaturhaus Schleswig-Holstein am 20.7.2016.<\/p>\n<p><!--[if lt IE 9]><script>document.createElement('audio');<\/script><![endif]-->\n<audio class=\"wp-audio-shortcode\" id=\"audio-2022-1\" preload=\"none\" style=\"width: 100%;\" controls=\"controls\"><source type=\"audio\/mpeg\" src=\"http:\/\/www.literaturtelefon-online.de\/wp-content\/uploads\/2016\/07\/adolf_muschg_die_japanische_tasche.mp3?_=1\" \/><a href=\"http:\/\/www.literaturtelefon-online.de\/wp-content\/uploads\/2016\/07\/adolf_muschg_die_japanische_tasche.mp3\">http:\/\/www.literaturtelefon-online.de\/wp-content\/uploads\/2016\/07\/adolf_muschg_die_japanische_tasche.mp3<\/a><\/audio><br \/>\n<br \/>\nBeat Schneider hat etwas Unverzeihliches getan, was ihn seine Ehe mit LouAnne kostet. Sie ist eine au\u00dfergew\u00f6hnliche Zeichnerin, die nicht nur auf seine Liebe, sondern auch auf seine F\u00fcrsorge angewiesen ist. Umso kostbarer ist ihm die japanische Tasche, die ihm LouAnne geschenkt hat und die er nicht aus den Augen l\u00e4sst. Bis er auch sie verliert. Das Leben Schneiders, eines originellen Historikers, der an Karriere nicht interessiert ist, steht unter dem besonderen Schutz seiner einstigen Kinderfrau, die er Alcina nennt und die ihm nach ihrem Verschwinden ein betr\u00e4chtliches Erbe hinterlassen hat. Sie hat ihm M\u00e4rchen erz\u00e4hlt, und die Traumlogik der M\u00e4rchen scheint auch in Schneiders Leben zu walten. Nicht nur dieses Motiv verbindet Adolf Muschgs neuen Roman mit \u201eSutters Gl\u00fcck\u201c (2001). Denn auch dessen Hauptfigur, der ehemalige Gerichtsreporter Emil Gygax, den seine Frau Ruth \u201eSutter\u201c nannte, taucht hier wieder auf \u2013 aus gutem Grund. Freundschaft und Liebe, Abschied und Verluste, die r\u00e4tselhaften Verbindungen im Leben der Menschen, famili\u00e4re Bande und solche jenseits der Familie, die vielleicht noch st\u00e4rker sind, spielen eine zentrale Rolle in diesem schwebend-geheimnisvollen Roman, der von einer gro\u00dfen Liebe und ihrem tragischen Verlauf erz\u00e4hlt.<\/p>\n<p><img loading=\"lazy\" decoding=\"async\" style=\"margin-left:40px;\" src=\"http:\/\/www.literaturtelefon-online.de\/wp-content\/uploads\/2016\/07\/adolf_muschg.jpg\" alt=\"adolf_muschg\" width=\"140\" height=\"197\" class=\"alignright size-full wp-image-2024\" \/><\/p>\n<p>Adolf Muschg, geboren 1934 in Z\u00fcrich, war von 1970 bis 1999 Professor f\u00fcr deutsche Sprache und Literatur an der ETH in Z\u00fcrich und von 2003 bis 2006 Pr\u00e4sident der Akademie der K\u00fcnste Berlin. Sein umfangreiches Werk, darunter die Romane \u201eIm Sommer des Hasen\u201c (1965), \u201eDer Rote Ritter\u201c (1993) und \u201eSutters Gl\u00fcck\u201c (2001), wurde mit zahlreichen Preisen ausgezeichnet, u.a. mit dem Hermann-Hesse-Preis, dem Georg-B\u00fcchner-Preis, dem Grimmelshausen-Preis und zuletzt mit dem zum ersten Mal vergebenen Grand Prix de Litt\u00e9rature der Schweiz.<\/p>\n<p>Autor: <a href=\"http:\/\/adolfmuschg.com\" target=\"_blank\">adolfmuschg.com<\/a><\/p>\n<p>Verlag: <a href=\"http:\/\/www.chbeck.de\/Muschg-Japanische-Tasche\/productview.aspx?product=14858540\" target=\"_blank\">C. H. Beck<\/a><\/p>\n<p>Foto: Atsuko Muschg<\/p>\n<p>literaturtelefon-online.de | Telefon: 0431\/901-8888\n<\/p><\/div>\n","protected":false},"excerpt":{"rendered":"<p>Am Literaturtelefon unter der Rufnummer 0431\/901-8888 und auf www.literaturtelefon-online.de liest Adolf Muschg aus seinem bei C. H. Beck erschienenen Roman \u201eDie japanische Tasche\u201c. Die Aufnahme entstand beim Literatursommer Schweiz 2016 im Rahmen einer Lesung im Literaturhaus Schleswig-Holstein am 20.7.2016. Beat Schneider hat etwas Unverzeihliches getan, was ihn seine Ehe mit LouAnne kostet. Sie ist eine [&hellip;]<\/p>\n","protected":false},"author":6,"featured_media":0,"parent":1997,"menu_order":3,"comment_status":"closed","ping_status":"open","template":"","meta":{"footnotes":""},"class_list":["post-2022","page","type-page","status-publish","hentry"],"_links":{"self":[{"href":"http:\/\/www.literaturtelefon-online.de\/index.php?rest_route=\/wp\/v2\/pages\/2022","targetHints":{"allow":["GET"]}}],"collection":[{"href":"http:\/\/www.literaturtelefon-online.de\/index.php?rest_route=\/wp\/v2\/pages"}],"about":[{"href":"http:\/\/www.literaturtelefon-online.de\/index.php?rest_route=\/wp\/v2\/types\/page"}],"author":[{"embeddable":true,"href":"http:\/\/www.literaturtelefon-online.de\/index.php?rest_route=\/wp\/v2\/users\/6"}],"replies":[{"embeddable":true,"href":"http:\/\/www.literaturtelefon-online.de\/index.php?rest_route=%2Fwp%2Fv2%2Fcomments&post=2022"}],"version-history":[{"count":5,"href":"http:\/\/www.literaturtelefon-online.de\/index.php?rest_route=\/wp\/v2\/pages\/2022\/revisions"}],"predecessor-version":[{"id":2029,"href":"http:\/\/www.literaturtelefon-online.de\/index.php?rest_route=\/wp\/v2\/pages\/2022\/revisions\/2029"}],"up":[{"embeddable":true,"href":"http:\/\/www.literaturtelefon-online.de\/index.php?rest_route=\/wp\/v2\/pages\/1997"}],"wp:attachment":[{"href":"http:\/\/www.literaturtelefon-online.de\/index.php?rest_route=%2Fwp%2Fv2%2Fmedia&parent=2022"}],"curies":[{"name":"wp","href":"https:\/\/api.w.org\/{rel}","templated":true}]}}