{"id":1831,"date":"2015-12-14T14:05:42","date_gmt":"2015-12-14T12:05:42","guid":{"rendered":"http:\/\/www.literaturtelefon-online.de\/?page_id=1831"},"modified":"2017-10-31T19:01:34","modified_gmt":"2017-10-31T17:01:34","slug":"stefan-schwarck","status":"publish","type":"page","link":"http:\/\/www.literaturtelefon-online.de\/?page_id=1831","title":{"rendered":"Stefan Schwarck"},"content":{"rendered":"<div style=\"text-align: justify;\">\nAm Literaturtelefon unter 0431\/901-8888 und www.literaturtelefon-online.de liest Stefan Schwarck aus seinen Gedichtzyklen \u201enyc revisited\u201c und \u201eSKIES\u201c.<\/p>\n<p><!--[if lt IE 9]><script>document.createElement('audio');<\/script><![endif]-->\n<audio class=\"wp-audio-shortcode\" id=\"audio-1831-1\" preload=\"none\" style=\"width: 100%;\" controls=\"controls\"><source type=\"audio\/mpeg\" src=\"http:\/\/www.literaturtelefon-online.de\/wp-content\/uploads\/2015\/12\/stefan_schwarck_nyc_revisited_skies.mp3?_=1\" \/><a href=\"http:\/\/www.literaturtelefon-online.de\/wp-content\/uploads\/2015\/12\/stefan_schwarck_nyc_revisited_skies.mp3\">http:\/\/www.literaturtelefon-online.de\/wp-content\/uploads\/2015\/12\/stefan_schwarck_nyc_revisited_skies.mp3<\/a><\/audio><br \/>\n<br \/>\nStefan Schwarck (geb. 1967) liest seit 2010 regelm\u00e4\u00dfig bei Vernissagen, Lesungen, Poetry Slams und Spokenword-Veranstaltungen im In- und Ausland. Von nachdenklich-ernster Lyrik bis zu bissig-satirischen Texten reicht das Spektrum seiner Texte. Er lebt und arbeitet als Autor, K\u00fcnstler und Kulturveranstalter in Kiel.Die hier gelesenen Gedichte entstanden zu Fotografien der Serien \u201enyc revisited\u201c und \u201eSKIES\u201c, die vom 9. Januar bis 28. Februar 2016 im Kieler <a href=\"http:\/\/www.antiquariat-diderot.de\" target=\"_blank\" rel=\"noopener\">Antiquariat Diderot<\/a> (Gutenbergstr. 5) zu sehen sind. Weitere Ausstellungen in Kiel, Husum, Rendsburg und Solothurn (CH) sind geplant.<\/p>\n<p>Bei Jazz-Slams, auf Sololesungen und als Stammautor der Kieler Leseb\u00fchne \u201eLesus Christus\u201c l\u00e4sst Schwarck sich von verschiedenen Musikern begleiten. Daneben schreibt und liest er Gedichte und Kurzprosa speziell f\u00fcr Kinder. Au\u00dfer auf Deutsch schreibt er auch in englischer und d\u00e4nischer Sprache.<\/p>\n<p><img loading=\"lazy\" decoding=\"async\" class=\"alignright size-full wp-image-1836\" style=\"margin-left: 40px;\" src=\"http:\/\/www.literaturtelefon-online.de\/wp-content\/uploads\/2015\/12\/stefan_schwarck_2016.jpg\" alt=\"stefan_schwarck_2016\" width=\"140\" height=\"170\" \/><\/p>\n<p>2010 nahm er an den deutschsprachigen Meisterschaften im Poetry-Slam in Hamburg teil. 2011 war er Teilnehmer des internationalen Literaturfestivals im d\u00e4nischen Svendborg. Er war mehrmaliger Finalist der Schleswig-Holstein-Meisterschaften im Poetry Slam.<\/p>\n<p>Neben der Ver\u00f6ffentlichung von Gedichten in Literaturzeitschriften erschienen 2013 seine Kurzgeschichte \u201eDer letzte Zug\u201c in der Anthologie \u201eHeute hier \u2013 morgen tot\u201c und das Prosagedicht \u201eWovon tr\u00e4umen Schaufensterpuppen?\u201c in der Anthologie \u201ePicturature. De l\u2019image au texte\u201c.<\/p>\n<p>Am Literaturtelefon war Stefan Schwarck zuletzt im Januar 2012 mit seiner Kurzgeschichte <a href=\"http:\/\/www.literaturtelefon-online.de\/?page_id=273\">\u201eDer Seemann mit den blauen Schuhen\u201c<\/a> zu h\u00f6ren.<\/p>\n<p>Autor: <a href=\"http:\/\/www.dieblauestadt.de\" target=\"_blank\" rel=\"noopener\">www.dieblauestadt.de<\/a><\/p>\n<p>Foto: Uwe Lehmann<\/p>\n<p>literaturtelefon-online.de | Telefon: 0431\/901-8888<\/p>\n<\/div>\n","protected":false},"excerpt":{"rendered":"<p>Am Literaturtelefon unter 0431\/901-8888 und www.literaturtelefon-online.de liest Stefan Schwarck aus seinen Gedichtzyklen \u201enyc revisited\u201c und \u201eSKIES\u201c. Stefan Schwarck (geb. 1967) liest seit 2010 regelm\u00e4\u00dfig bei Vernissagen, Lesungen, Poetry Slams und Spokenword-Veranstaltungen im In- und Ausland. Von nachdenklich-ernster Lyrik bis zu bissig-satirischen Texten reicht das Spektrum seiner Texte. Er lebt und arbeitet als Autor, K\u00fcnstler und [&hellip;]<\/p>\n","protected":false},"author":6,"featured_media":0,"parent":1785,"menu_order":1,"comment_status":"closed","ping_status":"open","template":"","meta":{"footnotes":""},"class_list":["post-1831","page","type-page","status-publish","hentry"],"_links":{"self":[{"href":"http:\/\/www.literaturtelefon-online.de\/index.php?rest_route=\/wp\/v2\/pages\/1831","targetHints":{"allow":["GET"]}}],"collection":[{"href":"http:\/\/www.literaturtelefon-online.de\/index.php?rest_route=\/wp\/v2\/pages"}],"about":[{"href":"http:\/\/www.literaturtelefon-online.de\/index.php?rest_route=\/wp\/v2\/types\/page"}],"author":[{"embeddable":true,"href":"http:\/\/www.literaturtelefon-online.de\/index.php?rest_route=\/wp\/v2\/users\/6"}],"replies":[{"embeddable":true,"href":"http:\/\/www.literaturtelefon-online.de\/index.php?rest_route=%2Fwp%2Fv2%2Fcomments&post=1831"}],"version-history":[{"count":7,"href":"http:\/\/www.literaturtelefon-online.de\/index.php?rest_route=\/wp\/v2\/pages\/1831\/revisions"}],"predecessor-version":[{"id":2570,"href":"http:\/\/www.literaturtelefon-online.de\/index.php?rest_route=\/wp\/v2\/pages\/1831\/revisions\/2570"}],"up":[{"embeddable":true,"href":"http:\/\/www.literaturtelefon-online.de\/index.php?rest_route=\/wp\/v2\/pages\/1785"}],"wp:attachment":[{"href":"http:\/\/www.literaturtelefon-online.de\/index.php?rest_route=%2Fwp%2Fv2%2Fmedia&parent=1831"}],"curies":[{"name":"wp","href":"https:\/\/api.w.org\/{rel}","templated":true}]}}