{"id":1664,"date":"2015-07-01T05:43:39","date_gmt":"2015-07-01T03:43:39","guid":{"rendered":"http:\/\/www.literaturtelefon-online.de\/?page_id=1664"},"modified":"2015-09-21T01:41:52","modified_gmt":"2015-09-20T23:41:52","slug":"elisabeth-melzer-geissler","status":"publish","type":"page","link":"http:\/\/www.literaturtelefon-online.de\/?page_id=1664","title":{"rendered":"Elisabeth Melzer-Geissler"},"content":{"rendered":"<div style=\"text-align: justify;\">\nAm Literaturtelefon unter der Rufnummer 0431\/901-8888 und auf www.literaturtelefon-online.de liest Elisabeth Melzer-Geissler sp\u00e4tsommerlich-herbstliche Gedichte.<\/p>\n<p><!--[if lt IE 9]><script>document.createElement('audio');<\/script><![endif]-->\n<audio class=\"wp-audio-shortcode\" id=\"audio-1664-1\" preload=\"none\" style=\"width: 100%;\" controls=\"controls\"><source type=\"audio\/mpeg\" src=\"http:\/\/www.schwungkunst.de\/literaturtelefon\/elisabeth_melzer-geissler_gedichte.mp3?_=1\" \/><a href=\"http:\/\/www.schwungkunst.de\/literaturtelefon\/elisabeth_melzer-geissler_gedichte.mp3\">http:\/\/www.schwungkunst.de\/literaturtelefon\/elisabeth_melzer-geissler_gedichte.mp3<\/a><\/audio><br \/>\n<br \/>\n\u201eAls ich mit 16 mein Elternhaus verlie\u00df, begann ich zu schreiben \u2013 Tagebuch\u201c, sagt die aus Sachsen stammende und seit Jahrzehnten in Schleswig-Holstein lebende Autorin und Musikp\u00e4dagogin \u00fcber sich. Seit den 80er wurden einzelne Kurztexte in Anthologien abgedruckt. Ihre erste eigenst\u00e4ndige Ver\u00f6ffentlichung, \u201eWenn der Wind unsere Seele streift\u201c, enth\u00e4lt Gedankensplitter in lyrischer Form aus ihren umfangreichen Tageb\u00fcchern.<\/p>\n<p>Seit vielen Jahren ist Elisabeth Melzer-Geissler zwischen Nord- und S\u00fcddeutschland als Autorin mit eigenen Texten und als Erz\u00e4hlerin mit Fremdtexten unterwegs, zu Lesungen und Seminaren.<\/p>\n<p><img loading=\"lazy\" decoding=\"async\" style=\"margin-left:40px;\" src=\"http:\/\/www.schwungkunst.de\/literaturtelefon\/elisabeth_melzer-geissler.jpg\" width=\"140\" height=\"190\" class=\"alignright\" \/><\/p>\n<p>Mit Nelly Sachs ruft sie in unsere Zeit hinein (poetisch wie kritisch): \u201eZerst\u00f6rt nicht das Weltall der Worte!\u201c Oder wie sie es zu den Literaturtagen in Elmshorn sagte: \u201eWir Schriftstellerinnen und Schriftsteller haben ein gemeinsames Anliegen, auch wenn jeder versucht, es in ganz eigener Weise nach au\u00dfen zu tragen: Worte und Gedanken voller Klarheit zu formulieren, aber mit unseren Emotionen, Zweifeln und Widerspr\u00fcchen, mit unserer Emp\u00f6rung und Trauer, mit all unserer Freude und Hoffnung und Vielfarbigkeit zu f\u00fcllen und zum Klingen zu bringen \u2013 und damit eine neue Welt zu erschaffen und zu (er-) finden.\u201c<\/p>\n<p>Autorin: <a href=\"http:\/\/www.elisabethmelzergeissler.de\" target=\"_blank\">www.elisabethmelzergeissler.de<\/a><\/p>\n<p>Foto: \u00f6gyr<\/p>\n<p>literaturtelefon-online.de | Telefon: 0431\/901-8888\n<\/p><\/div>\n","protected":false},"excerpt":{"rendered":"<p>Am Literaturtelefon unter der Rufnummer 0431\/901-8888 und auf www.literaturtelefon-online.de liest Elisabeth Melzer-Geissler sp\u00e4tsommerlich-herbstliche Gedichte. \u201eAls ich mit 16 mein Elternhaus verlie\u00df, begann ich zu schreiben \u2013 Tagebuch\u201c, sagt die aus Sachsen stammende und seit Jahrzehnten in Schleswig-Holstein lebende Autorin und Musikp\u00e4dagogin \u00fcber sich. Seit den 80er wurden einzelne Kurztexte in Anthologien abgedruckt. Ihre erste eigenst\u00e4ndige [&hellip;]<\/p>\n","protected":false},"author":6,"featured_media":0,"parent":1648,"menu_order":2,"comment_status":"open","ping_status":"open","template":"","meta":{"footnotes":""},"class_list":["post-1664","page","type-page","status-publish","hentry"],"_links":{"self":[{"href":"http:\/\/www.literaturtelefon-online.de\/index.php?rest_route=\/wp\/v2\/pages\/1664","targetHints":{"allow":["GET"]}}],"collection":[{"href":"http:\/\/www.literaturtelefon-online.de\/index.php?rest_route=\/wp\/v2\/pages"}],"about":[{"href":"http:\/\/www.literaturtelefon-online.de\/index.php?rest_route=\/wp\/v2\/types\/page"}],"author":[{"embeddable":true,"href":"http:\/\/www.literaturtelefon-online.de\/index.php?rest_route=\/wp\/v2\/users\/6"}],"replies":[{"embeddable":true,"href":"http:\/\/www.literaturtelefon-online.de\/index.php?rest_route=%2Fwp%2Fv2%2Fcomments&post=1664"}],"version-history":[{"count":5,"href":"http:\/\/www.literaturtelefon-online.de\/index.php?rest_route=\/wp\/v2\/pages\/1664\/revisions"}],"predecessor-version":[{"id":1669,"href":"http:\/\/www.literaturtelefon-online.de\/index.php?rest_route=\/wp\/v2\/pages\/1664\/revisions\/1669"}],"up":[{"embeddable":true,"href":"http:\/\/www.literaturtelefon-online.de\/index.php?rest_route=\/wp\/v2\/pages\/1648"}],"wp:attachment":[{"href":"http:\/\/www.literaturtelefon-online.de\/index.php?rest_route=%2Fwp%2Fv2%2Fmedia&parent=1664"}],"curies":[{"name":"wp","href":"https:\/\/api.w.org\/{rel}","templated":true}]}}

<div style="text-align: justify;">
Am Literaturtelefon unter der Rufnummer 0431/901-8888 und auf www.literaturtelefon-online.de liest Elisabeth Melzer-Geissler spätsommerlich-herbstliche Gedichte.</p>
<p><!--[if lt IE 9]><script>document.createElement('audio');</script><![endif]-->
<audio class="wp-audio-shortcode" id="audio-1664-1" preload="none" style="width: 100%;" controls="controls"><source type="audio/mpeg" src="http://www.schwungkunst.de/literaturtelefon/elisabeth_melzer-geissler_gedichte.mp3?_=1" /><a href="http://www.schwungkunst.de/literaturtelefon/elisabeth_melzer-geissler_gedichte.mp3">http://www.schwungkunst.de/literaturtelefon/elisabeth_melzer-geissler_gedichte.mp3</a></audio><br />
<br />
„Als ich mit 16 mein Elternhaus verließ, begann ich zu schreiben – Tagebuch“, sagt die aus Sachsen stammende und seit Jahrzehnten in Schleswig-Holstein lebende Autorin und Musikpädagogin über sich. Seit den 80er wurden einzelne Kurztexte in Anthologien abgedruckt. Ihre erste eigenständige Veröffentlichung, „Wenn der Wind unsere Seele streift“, enthält Gedankensplitter in lyrischer Form aus ihren umfangreichen Tagebüchern.</p>
<p>Seit vielen Jahren ist Elisabeth Melzer-Geissler zwischen Nord- und Süddeutschland als Autorin mit eigenen Texten und als Erzählerin mit Fremdtexten unterwegs, zu Lesungen und Seminaren.</p>
<p><img loading="lazy" decoding="async" style="margin-left:40px;" src="http://www.schwungkunst.de/literaturtelefon/elisabeth_melzer-geissler.jpg" width="140" height="190" class="alignright" /></p>
<p>Mit Nelly Sachs ruft sie in unsere Zeit hinein (poetisch wie kritisch): „Zerstört nicht das Weltall der Worte!“ Oder wie sie es zu den Literaturtagen in Elmshorn sagte: „Wir Schriftstellerinnen und Schriftsteller haben ein gemeinsames Anliegen, auch wenn jeder versucht, es in ganz eigener Weise nach außen zu tragen: Worte und Gedanken voller Klarheit zu formulieren, aber mit unseren Emotionen, Zweifeln und Widersprüchen, mit unserer Empörung und Trauer, mit all unserer Freude und Hoffnung und Vielfarbigkeit zu füllen und zum Klingen zu bringen – und damit eine neue Welt zu erschaffen und zu (er-) finden.“</p>
<p>Autorin: <a href="http://www.elisabethmelzergeissler.de" target="_blank">www.elisabethmelzergeissler.de</a></p>
<p>Foto: ögyr</p>
<p>literaturtelefon-online.de | Telefon: 0431/901-8888
</p></div>

<p>Am Literaturtelefon unter der Rufnummer 0431/901-8888 und auf www.literaturtelefon-online.de liest Elisabeth Melzer-Geissler spätsommerlich-herbstliche Gedichte. „Als ich mit 16 mein Elternhaus verließ, begann ich zu schreiben – Tagebuch“, sagt die aus Sachsen stammende und seit Jahrzehnten in Schleswig-Holstein lebende Autorin und Musikpädagogin über sich. Seit den 80er wurden einzelne Kurztexte in Anthologien abgedruckt. Ihre erste eigenständige [&hellip;]</p>
