{"id":1659,"date":"2015-07-01T04:12:21","date_gmt":"2015-07-01T02:12:21","guid":{"rendered":"http:\/\/www.literaturtelefon-online.de\/?page_id=1659"},"modified":"2015-09-06T23:52:01","modified_gmt":"2015-09-06T21:52:01","slug":"barbara-becker","status":"publish","type":"page","link":"http:\/\/www.literaturtelefon-online.de\/?page_id=1659","title":{"rendered":"Barbara Becker"},"content":{"rendered":"<div style=\"text-align: justify;\">\nAm Literaturtelefon unter der Rufnummer 0431\/901-8888 und auf www.literaturtelefon-online.de liest Barbara Becker aus ihrer Erz\u00e4hlung \u201eDas Weinglas\u201c. Die Aufnahme entstand im Rahmen einer Lesung von Mitgliedern der Textwerkstatt des Literaturhauses Schleswig-Holstein in selbigem am 6.5.2015.<\/p>\n<p><!--[if lt IE 9]><script>document.createElement('audio');<\/script><![endif]-->\n<audio class=\"wp-audio-shortcode\" id=\"audio-1659-1\" preload=\"none\" style=\"width: 100%;\" controls=\"controls\"><source type=\"audio\/mpeg\" src=\"http:\/\/www.schwungkunst.de\/literaturtelefon\/barbara_becker_das_weinglas.mp3?_=1\" \/><a href=\"http:\/\/www.schwungkunst.de\/literaturtelefon\/barbara_becker_das_weinglas.mp3\">http:\/\/www.schwungkunst.de\/literaturtelefon\/barbara_becker_das_weinglas.mp3<\/a><\/audio><br \/>\n<br \/>\nBarbara Beckers Text \u201eDas Weinglas\u201c entstand 2013 bei der Betrachtung des Bildes eines Rembrandt-Sch\u00fclers, wie es im Rijksmuseum in Amsterdam zu sehen ist.<\/p>\n<p><img loading=\"lazy\" decoding=\"async\" style=\"margin-left:40px;\" src=\"http:\/\/www.schwungkunst.de\/literaturtelefon\/barbara_becker.jpg\" width=\"140\" height=\"197\" class=\"alignright\" \/><\/p>\n<p>Eine junge Frau spiegelt sich und ihre Geschichte im Weinglas, das der Patron des Hauses im Weinkeller hebt, und in ihrer Erinnerung \u201ean das Wei\u00dfzeug\u201c, das droben in der Truhe der Gutb\u00fcrgerlichen ruht. Und dann ist da noch die reich best\u00fcckte Bibliothek, die das junge M\u00e4dchen viel magischer anzieht &#8230;<\/p>\n<p>Barbara Becker schreibt seit den 1980er Jahren Kurzprosa und Lyrik und ist an Lebensjahren das \u00e4lteste Mitglied der Textwerkstatt des Literaturhauses S.-H. Sie war als Entwicklungshelferin in S\u00fcdafrika t\u00e4tig und dokumentierte Interviews mit Menschen nach dem Ende der Apartheid in Namibia. Sie ist zudem Mitglied der Kieler Autorengruppe \u201eEuterpe\u201c. 2014 erschien ihre Erz\u00e4hlung \u201eBilder\u201c bei Octopus Books on Demand.<\/p>\n<p>Foto: \u00f6gyr<\/p>\n<p>literaturtelefon-online.de | Telefon: 0431\/901-8888\n<\/p><\/div>\n","protected":false},"excerpt":{"rendered":"<p>Am Literaturtelefon unter der Rufnummer 0431\/901-8888 und auf www.literaturtelefon-online.de liest Barbara Becker aus ihrer Erz\u00e4hlung \u201eDas Weinglas\u201c. Die Aufnahme entstand im Rahmen einer Lesung von Mitgliedern der Textwerkstatt des Literaturhauses Schleswig-Holstein in selbigem am 6.5.2015. Barbara Beckers Text \u201eDas Weinglas\u201c entstand 2013 bei der Betrachtung des Bildes eines Rembrandt-Sch\u00fclers, wie es im Rijksmuseum in Amsterdam [&hellip;]<\/p>\n","protected":false},"author":6,"featured_media":0,"parent":1648,"menu_order":1,"comment_status":"open","ping_status":"open","template":"","meta":{"footnotes":""},"class_list":["post-1659","page","type-page","status-publish","hentry"],"_links":{"self":[{"href":"http:\/\/www.literaturtelefon-online.de\/index.php?rest_route=\/wp\/v2\/pages\/1659","targetHints":{"allow":["GET"]}}],"collection":[{"href":"http:\/\/www.literaturtelefon-online.de\/index.php?rest_route=\/wp\/v2\/pages"}],"about":[{"href":"http:\/\/www.literaturtelefon-online.de\/index.php?rest_route=\/wp\/v2\/types\/page"}],"author":[{"embeddable":true,"href":"http:\/\/www.literaturtelefon-online.de\/index.php?rest_route=\/wp\/v2\/users\/6"}],"replies":[{"embeddable":true,"href":"http:\/\/www.literaturtelefon-online.de\/index.php?rest_route=%2Fwp%2Fv2%2Fcomments&post=1659"}],"version-history":[{"count":4,"href":"http:\/\/www.literaturtelefon-online.de\/index.php?rest_route=\/wp\/v2\/pages\/1659\/revisions"}],"predecessor-version":[{"id":1663,"href":"http:\/\/www.literaturtelefon-online.de\/index.php?rest_route=\/wp\/v2\/pages\/1659\/revisions\/1663"}],"up":[{"embeddable":true,"href":"http:\/\/www.literaturtelefon-online.de\/index.php?rest_route=\/wp\/v2\/pages\/1648"}],"wp:attachment":[{"href":"http:\/\/www.literaturtelefon-online.de\/index.php?rest_route=%2Fwp%2Fv2%2Fmedia&parent=1659"}],"curies":[{"name":"wp","href":"https:\/\/api.w.org\/{rel}","templated":true}]}}