{"id":1563,"date":"2015-02-25T22:55:38","date_gmt":"2015-02-25T20:55:38","guid":{"rendered":"http:\/\/www.literaturtelefon-online.de\/?page_id=1563"},"modified":"2015-05-18T13:03:19","modified_gmt":"2015-05-18T11:03:19","slug":"michael-kleeberg","status":"publish","type":"page","link":"http:\/\/www.literaturtelefon-online.de\/?page_id=1563","title":{"rendered":"Michael Kleeberg"},"content":{"rendered":"<div style=\"text-align: justify;\">\nAm Literaturtelefon unter der Rufnummer 0431\/901-8888 und auf www.literaturtelefon-online.de liest Michael Kleeberg aus seinem bei der Deutschen Verlagsanstalt (DVA) erschienenen Roman \u201eVaterjahre\u201c. Die Aufnahme entstand im Rahmen einer Lesung im Literaturhaus Schleswig-Holstein am 25.2.2015.<\/p>\n<p><!--[if lt IE 9]><script>document.createElement('audio');<\/script><![endif]-->\n<audio class=\"wp-audio-shortcode\" id=\"audio-1563-1\" preload=\"none\" style=\"width: 100%;\" controls=\"controls\"><source type=\"audio\/mpeg\" src=\"http:\/\/www.schwungkunst.de\/literaturtelefon\/michael_kleeberg_vaterjahre.mp3?_=1\" \/><a href=\"http:\/\/www.schwungkunst.de\/literaturtelefon\/michael_kleeberg_vaterjahre.mp3\">http:\/\/www.schwungkunst.de\/literaturtelefon\/michael_kleeberg_vaterjahre.mp3<\/a><\/audio><br \/>\n<br \/>\nCharly Renn, der Held in Michael Kleebergs gro\u00dfartigem Roman \u201eKarlmann\u201c (2007), ist \u00e4lter und reifer geworden und steht damit vor neuen Sorgen und neuem Gl\u00fcck in Liebe, Familie, Freundschaft und Beruf. Es ist die Geschichte des m\u00fchevollen Reifeprozesses und der Bew\u00e4hrungsproben f\u00fcr einen Mann, der sein Leben ohne die Tr\u00f6stungen der Religion, der Kunst und der Philosophie meistern muss. Kleeberg gestaltet die Welt seines modernen Jedermanns mit Komik und Tragik, Lakonie und Z\u00e4rtlichkeit und grenzenloser sprachsch\u00f6pferischer Lust und malt dabei ein zeitgen\u00f6ssisches Sittenbild und ein deutsches Jahrhundertpanorama.<\/p>\n<p><img loading=\"lazy\" decoding=\"async\" style=\"margin-left:40px;\" src=\"http:\/\/www.schwungkunst.de\/literaturtelefon\/michael_kleeberg.jpg\" width=\"140\" height=\"207\" class=\"alignright\" \/><\/p>\n<p>Michael Kleeberg (geb. 1959) studierte Politische Wissenschaften und Geschichte. Nach Aufenthalten in Rom und Amsterdam lebte er von 1986 bis 1999 in Paris. Heute arbeitet er als freier Schriftsteller und \u00dcbersetzer in Berlin. F\u00fcr sein literarisches Werk wurde er vielfach ausgezeichnet, u.a. 2008 als Mainzer Stadtschreiber. Zu seinen wichtigsten B\u00fcchern z\u00e4hlen: \u201eEin Garten im Norden\u201c (1998), \u201eDer K\u00f6nig von Korsika\u201c (2001) und \u201eKarlmann\u201c (2007). 2010 erschien der Roman \u201eDas amerikanische Hospital\u201c, der f\u00fcr den Deutschen Buchpreis nominiert wurde und f\u00fcr den Michael Kleeberg 2011 den Evangelischen Buchpreis erhielt. Sein neuer gro\u00dfer Roman \u201eVaterjahre\u201c ist auf der Shortlist f\u00fcr den Wilhelm Raabe-Literaturpreis 2014.<\/p>\n<p>Autor: <a href=\"http:\/\/www.michaelkleeberg.de\" target=\"_blank\">www.michaelkleeberg.de<\/a><\/p>\n<p>Verlag: <a href=\"http:\/\/www.randomhouse.de\/Buch\/Vaterjahre-Roman\/Michael-Kleeberg\/e270730.rhd\" target=\"_blank\">DVA<\/a><\/p>\n<p>Foto: Vivian J. Rheinheimer<\/p>\n<p>literaturtelefon-online.de | Telefon: 0431\/901-8888\n<\/p><\/div>\n","protected":false},"excerpt":{"rendered":"<p>Am Literaturtelefon unter der Rufnummer 0431\/901-8888 und auf www.literaturtelefon-online.de liest Michael Kleeberg aus seinem bei der Deutschen Verlagsanstalt (DVA) erschienenen Roman \u201eVaterjahre\u201c. Die Aufnahme entstand im Rahmen einer Lesung im Literaturhaus Schleswig-Holstein am 25.2.2015. Charly Renn, der Held in Michael Kleebergs gro\u00dfartigem Roman \u201eKarlmann\u201c (2007), ist \u00e4lter und reifer geworden und steht damit vor neuen [&hellip;]<\/p>\n","protected":false},"author":6,"featured_media":0,"parent":1567,"menu_order":2,"comment_status":"open","ping_status":"open","template":"","meta":{"footnotes":""},"class_list":["post-1563","page","type-page","status-publish","hentry"],"_links":{"self":[{"href":"http:\/\/www.literaturtelefon-online.de\/index.php?rest_route=\/wp\/v2\/pages\/1563","targetHints":{"allow":["GET"]}}],"collection":[{"href":"http:\/\/www.literaturtelefon-online.de\/index.php?rest_route=\/wp\/v2\/pages"}],"about":[{"href":"http:\/\/www.literaturtelefon-online.de\/index.php?rest_route=\/wp\/v2\/types\/page"}],"author":[{"embeddable":true,"href":"http:\/\/www.literaturtelefon-online.de\/index.php?rest_route=\/wp\/v2\/users\/6"}],"replies":[{"embeddable":true,"href":"http:\/\/www.literaturtelefon-online.de\/index.php?rest_route=%2Fwp%2Fv2%2Fcomments&post=1563"}],"version-history":[{"count":3,"href":"http:\/\/www.literaturtelefon-online.de\/index.php?rest_route=\/wp\/v2\/pages\/1563\/revisions"}],"predecessor-version":[{"id":1569,"href":"http:\/\/www.literaturtelefon-online.de\/index.php?rest_route=\/wp\/v2\/pages\/1563\/revisions\/1569"}],"up":[{"embeddable":true,"href":"http:\/\/www.literaturtelefon-online.de\/index.php?rest_route=\/wp\/v2\/pages\/1567"}],"wp:attachment":[{"href":"http:\/\/www.literaturtelefon-online.de\/index.php?rest_route=%2Fwp%2Fv2%2Fmedia&parent=1563"}],"curies":[{"name":"wp","href":"https:\/\/api.w.org\/{rel}","templated":true}]}}